Blahová 11/12/2019
 Last update: 17:08
Updated every 10 minutes
 Cold 
 Akt.temp: 8.7°C
 Max.temp: 10.1°C
 Min.temp: 6.1°C
 Devpoint: 5.3 °C
 Wind speed: 0.4m/s
 Wind direction: N-NE
 Max wind gust: 6.7m/s
 Precipitation: 10.9mm
 Pressure: 1005.1 hPa
 P.tendency: -2.1 hPa/3h
 Humidity: 79%
 Abs.humidity: 6.83 g/m3
Ground temperature
Min.temp 6.1°C /06:05
Akt.temp
9.2°C

2019: Jan | Feb | Mar | Apr | May | Jun | Jul | Aug | Sep | Oct | Nov | Dec 
2018: Jan | Feb | Mar | Apr | May | Jun | Jul | Aug | Sep | Oct | Nov | Dec 
2017: Jan | Feb | Mar | Apr | May | Jun | Jul | Aug | Sep | Oct | Nov | Dec 
2016: Jan | Feb | Mar | Apr | May | Jun | Jul | Aug | Sep | Oct | Nov | Dec 
2015: Jan | Feb | Mar | Apr | May | Jun | Jul | Aug | Sep | Oct | Nov | Dec 
2014: Jan | Feb | Mar | Apr | May | Jun | Jul | Aug | Sep | Oct | Nov | Dec 
2013: Jan | Feb | Mar | Apr | May | Jun | Jul | Aug | Sep | Oct | Nov | Dec 
2012: Jan | Feb | Mar | Apr | May | Jun | Jul | Aug | Sep | Oct | Nov | Dec 
2011: Jan | Feb | Mar | Apr | May | Jun | Jul | Aug | Sep | Oct | Nov | Dec 
2010: Jan | Feb | Mar | Apr | May | Jun | Jul | Aug | Sep | Oct | Nov | Dec 
2009: Jan | Feb | Mar | Apr | May | Jun | Jul | Aug | Sep | Oct | Nov | Dec 
2008: Jan | Feb | Mar | Apr | May | Jun | Jul | Aug | Sep | Oct | Nov | Dec 
2007: Jan | Feb | Mar | Apr | May | Jun | Jul | Aug | Sep | Oct | Nov | Dec 

Report for 2011 05
MONTHLY CLIMATOLOGICAL SUMMARY for May 2011 CITY: Blahová ELEV: 117 m LAT: 48° 5' 7" North LONG: 17° 32' 48" East TEMPERATURE (°C), BAROMETER (hPa), RAIN (mm), WIND SPEED (m/s) MEAN TEMPERATURE WIND DOM trans Ground DAY TEMP HIGH TIME LOW TIME HUM Baro Rain SPEED HIGH TIME DIR pirat min.temp time ------------------------------------------------------------------------------------------------------------------------------ 1 12.1 19.9 11:44 9.3 23:57 80 1007.5 4.9 2.1 5.9 14:13 N 1.534 -- - - 2 11.9 18.8 15:26 6.1 05:52 63 1009.5 0.0 1.1 6.8 10:53 N-NW 3.722 -- - - 3 7.6 20.0 12:14 3.6 23:16 80 1010.0 5.8 4.6 12.4 21:24 N-NW 0.612 -- - - 4 7.1 12.7 15:56 2.3 05:24 63 1019.2 0.0 2.7 12.2 11:25 N-NW 1.942 -- - - 5 7.3 14.4 15:31 0.9 04:39 62 1026.8 0.0 1.5 9.0 10:32 N-NW 2.609 -- - - 6 9.5 18.2 14:45 -1.1 05:12 61 1028.3 0.0 1.1 5.0 11:58 E-NE 3.539 -- - - 7 14.4 21.7 13:56 3.1 05:45 51 1023.2 0.0 2.8 9.8 17:23 N-NW 4.849 -- - - 8 10.7 14.4 16:24 7.9 23:55 71 1025.3 3.2 2.7 8.3 14:03 N-NW 0.983 -- - - 9 14.7 21.6 14:20 4.4 03:46 61 1028.8 0.0 0.9 5.4 17:13 N-NE 4.464 -- - - 10 17.7 25.7 15:30 7.1 04:39 59 1026.6 0.0 1.0 4.4 16:59 N-NW 5.606 -- - - 11 17.7 25.9 15:03 9.5 04:16 57 1020.8 0.0 1.2 5.7 13:38 N-NW 6.081 -- - - 12 19.7 27.2 14:37 8.5 04:38 50 1016.3 0.0 1.3 7.9 22:28 E-NE 6.645 -- - - 13 15.9 21.9 14:59 8.6 23:45 59 1021.0 1.1 2.9 11.4 15:42 W-NW 4.341 -- - - 14 15.9 23.2 14:33 7.7 00:36 73 1016.2 8.9 1.1 9.3 12:02 E 4.125 -- - - 15 11.3 12.9 06:55 9.5 23:40 81 1016.6 5.7 3.3 11.4 12:06 W-NW 0.709 -- - - 16 13.0 18.8 15:10 8.5 05:13 64 1022.1 0.0 2.8 9.8 13:58 N-NW 3.092 -- - - 17 14.8 21.6 15:42 6.4 03:13 70 1022.9 0.0 0.7 4.6 09:56 W-NW 3.463 -- - - 18 16.9 24.8 15:25 6.9 05:15 70 1021.9 0.0 0.5 7.9 16:06 E-NE 4.368 -- - - 19 20.2 27.5 14:51 10.0 03:41 62 1020.1 0.0 1.9 7.9 13:09 E-NE 6.070 -- - - 20 21.3 29.1 14:48 11.0 05:08 60 1020.1 0.0 1.3 5.5 20:16 E-NE 6.586 -- - - 21 19.8 28.8 14:52 12.5 05:12 68 1021.5 0.0 1.1 9.4 17:25 N 5.637 -- - - 22 20.1 28.8 14:11 12.1 04:01 67 1020.3 0.0 0.6 5.3 15:18 E 6.097 -- - - 23 20.3 27.8 15:34 12.8 02:33 66 1023.1 0.0 1.2 7.8 14:56 N-NW 5.497 -- - - 24 21.5 30.6 15:38 10.9 05:29 65 1020.1 0.0 0.6 3.7 14:13 N 7.058 -- - - 25 16.3 22.5 14:11 10.6 23:57 54 1023.7 0.0 2.4 10.9 08:15 N-NW 4.581 -- - - 26 18.9 25.9 15:17 7.3 04:36 55 1017.6 0.0 1.8 7.6 13:42 SE 5.964 -- - - 27 19.7 28.7 15:03 11.0 05:03 68 1011.3 0.5 3.0 13.6 21:05 E-SE 5.374 -- - - 28 12.8 15.0 18:01 9.7 23:32 81 1014.0 7.6 2.9 10.9 18:45 W-NW 0.624 -- - - 29 16.1 23.6 17:12 8.1 04:38 70 1018.7 0.0 1.0 7.3 13:55 W-NW 4.268 -- - - 30 20.0 26.9 14:33 9.4 04:20 65 1018.9 0.0 1.4 6.3 14:54 E-SE 5.521 -- - - 31 21.8 29.9 14:17 13.7 05:17 61 1013.9 0.0 2.3 8.7 12:20 E 7.136 -- - - ------------------------------------------------------------------------------------------------------------------------------ Avg: 15.7 30.6 24 -1.1 6 65 1019.6 37.7 1.8 13.6 27 N-NW 133.099 Wind Run 5944.7 km Calm Values 4756 Calm in % 10.7 % Sun 0 min. Distribution WD Values 39789 Distribution WD N-NO 7.6 % Distribution WD NO 2.7 % Distribution WD NO-O 7.1 % Distribution WD O 7.7 % Distribution WD O-SO 5.5 % Distribution WD SO 4.8 % Distribution WD SO-S 2.0 % Distribution WD S 2.6 % Distribution WD S-SW 2.2 % Distribution WD SW 1.4 % Distribution WD SW-W 2.2 % Distribution WD W 6.1 % Distribution WD W-NW 12.4 % Distribution WD NW 6.1 % Distribution WD NW-N 18.1 % Distribution WD N 11.5 % Rain days >0.0 mm Month 9 Rain days >2.0 mm Month 6 Rain days >20.0 mm Month 0 Ice days max < 0°C 0 Cold days min < 0°C 1 Cool days max < 10°C 0 Summer days max >=25°C 13 Hot days max >=30°C 1 Last year same Month: Ice days max < 0°C 0 Last year same Month: Cold days min < 0°C 0 Last year same Month: Cool days max < 10°C 2 Last year same Month: Summer days max >=25°C 5 Last year same Month: Hot days max >=30°C 0 © 1999-2011 Werner Krenn / Mischa Thurnherr - Weatherstation Operating- and Data Acquisition Software - V2.96.7


  ©UMa Astronomy

Creative Commons License
Meteo by UMa Astronomy is licensed under a Creative Commons Attribution-NonCommercial-NoDerivs 3.0 Unported License.