Blahová 10/18/2019
 Last update: 00:38
Updated every 10 minutes
 Cold 
 Akt.temp: 10.1°C
 Max.temp: 10.2°C
 Min.temp: 9.8°C
 Devpoint: 6.3 °C
 Wind speed: 0.0m/s
 Wind direction: 000
 Max wind gust: 0.0m/s
 Precipitation: 0.0mm
 Pressure: 1016.3 hPa
 P.tendency: -- hPa/3h
 Humidity: 77%
 Abs.humidity: 7.28 g/m3
Ground temperature
Min.temp 7.2°C /00:38
Akt.temp
7.2°C

2019: Jan | Feb | Mar | Apr | May | Jun | Jul | Aug | Sep | Oct | Nov | Dec 
2018: Jan | Feb | Mar | Apr | May | Jun | Jul | Aug | Sep | Oct | Nov | Dec 
2017: Jan | Feb | Mar | Apr | May | Jun | Jul | Aug | Sep | Oct | Nov | Dec 
2016: Jan | Feb | Mar | Apr | May | Jun | Jul | Aug | Sep | Oct | Nov | Dec 
2015: Jan | Feb | Mar | Apr | May | Jun | Jul | Aug | Sep | Oct | Nov | Dec 
2014: Jan | Feb | Mar | Apr | May | Jun | Jul | Aug | Sep | Oct | Nov | Dec 
2013: Jan | Feb | Mar | Apr | May | Jun | Jul | Aug | Sep | Oct | Nov | Dec 
2012: Jan | Feb | Mar | Apr | May | Jun | Jul | Aug | Sep | Oct | Nov | Dec 
2011: Jan | Feb | Mar | Apr | May | Jun | Jul | Aug | Sep | Oct | Nov | Dec 
2010: Jan | Feb | Mar | Apr | May | Jun | Jul | Aug | Sep | Oct | Nov | Dec 
2009: Jan | Feb | Mar | Apr | May | Jun | Jul | Aug | Sep | Oct | Nov | Dec 
2008: Jan | Feb | Mar | Apr | May | Jun | Jul | Aug | Sep | Oct | Nov | Dec 
2007: Jan | Feb | Mar | Apr | May | Jun | Jul | Aug | Sep | Oct | Nov | Dec 

Report for 2011 06
MONTHLY CLIMATOLOGICAL SUMMARY for June 2011 CITY: Blahová ELEV: 117 m LAT: 48° 5' 7" North LONG: 17° 32' 48" East TEMPERATURE (°C), BAROMETER (hPa), RAIN (mm), WIND SPEED (m/s) MEAN TEMPERATURE WIND DOM trans Ground DAY TEMP HIGH TIME LOW TIME HUM Baro Rain SPEED HIGH TIME DIR pirat min.temp time ------------------------------------------------------------------------------------------------------------------------------ 1 19.9 26.6 17:22 15.3 04:55 70 1017.3 0.6 1.4 6.3 18:34 N-NW 3.763 -- - - 2 20.0 25.3 14:08 15.5 05:12 70 1022.0 0.0 2.6 8.7 17:34 N-NW 3.597 -- - - 3 21.9 29.8 15:35 16.3 04:32 70 1022.1 0.6 1.6 10.1 15:54 N 6.466 -- - - 4 21.1 29.7 15:13 16.9 05:11 74 1017.4 1.6 1.0 6.9 18:44 N 5.435 -- - - 5 22.0 29.3 13:52 14.6 04:43 71 1012.3 0.0 1.5 6.3 15:37 E 4.909 -- - - 6 22.1 28.4 15:34 15.3 04:24 69 1009.1 0.0 2.7 8.4 16:14 E 4.981 -- - - 7 21.7 28.5 14:16 17.1 05:14 79 1007.7 16.2 1.8 7.9 16:14 E 4.422 -- - - 8 21.3 25.3 11:44 16.3 03:46 75 1004.9 4.9 2.4 9.6 21:33 E 2.878 -- - - 9 16.0 17.9 15:22 14.9 06:56 76 1010.5 0.8 2.9 12.2 12:03 W-NW 1.477 -- - - 10 16.5 21.9 14:54 12.6 23:54 66 1012.7 0.0 2.2 11.7 12:33 N-NW 3.409 -- - - 11 18.6 24.7 15:26 11.1 04:30 64 1013.3 0.0 2.3 9.3 09:23 N-NW 4.459 -- - - 12 19.0 25.8 13:55 10.8 05:16 66 1015.7 0.0 2.2 8.9 16:53 N-NW 4.765 -- - - 13 19.8 26.9 15:36 12.1 04:46 66 1015.0 0.0 0.7 4.2 14:33 N-NW 4.846 -- - - 14 20.3 26.5 15:06 15.1 03:56 66 1016.4 0.0 1.2 5.9 11:30 W-NW 4.840 -- - - 15 21.1 28.4 14:01 12.3 04:06 70 1017.2 0.0 0.5 4.7 14:33 N-NW 5.317 -- - - 16 22.5 30.4 15:40 12.3 04:48 67 1014.3 0.0 1.0 5.9 16:09 S 6.235 -- - - 17 21.0 27.2 15:14 17.5 02:10 73 1014.2 2.4 1.3 7.3 10:02 W-NW 4.169 -- - - 18 18.6 24.8 16:06 13.6 23:59 76 1009.0 5.4 2.0 8.7 09:29 E-SE 2.505 -- - - 19 14.9 20.5 16:14 11.3 05:04 70 1013.0 4.1 1.3 13.7 17:14 W 2.284 -- - - 20 16.5 22.5 17:11 10.7 03:02 61 1016.3 0.1 2.1 9.4 12:08 W 3.604 -- - - 21 22.6 28.5 17:16 12.5 05:29 64 1016.8 0.0 2.2 8.4 13:48 S-SW 5.483 -- - - 22 25.3 32.5 14:44 14.5 05:12 62 1014.6 0.0 2.0 7.6 17:58 SE 7.455 -- - - 23 20.0 28.3 14:59 15.8 23:54 75 1015.7 20.3 2.7 9.3 20:07 W-NW 5.064 -- - - 24 17.3 22.5 17:52 14.5 23:56 70 1018.1 0.8 1.9 8.9 12:16 W-NW 2.756 -- - - 25 15.0 20.5 16:49 9.3 05:05 70 1022.0 2.4 1.5 9.4 17:16 W-NW 2.169 -- - - 26 15.6 20.0 16:36 10.8 00:11 74 1022.4 0.0 0.7 6.2 18:08 W-NW 1.935 -- - - 27 18.9 24.8 14:30 10.1 04:38 65 1019.9 0.0 1.4 8.9 15:48 N-NW 4.421 -- - - 28 21.4 25.9 17:11 12.1 05:15 52 1015.2 0.0 3.3 11.7 11:45 N-NW 5.503 -- - - 29 22.0 29.4 15:51 17.7 02:23 66 1011.0 0.0 2.1 9.8 15:50 N-NW 5.514 -- - - 30 18.0 27.8 13:26 14.2 23:58 81 1010.8 4.9 2.9 11.4 16:41 W-NW 2.505 -- - - ------------------------------------------------------------------------------------------------------------------------------ Avg: 19.7 32.5 22 9.3 25 69 1014.9 65.1 1.9 13.7 19 N-NW 127.164 Wind Run 6323.8 km Calm Values 4028 Calm in % 9.5 % Sun 0 min. Distribution WD Values 38501 Distribution WD N-NO 5.6 % Distribution WD NO 2.0 % Distribution WD NO-O 4.7 % Distribution WD O 5.8 % Distribution WD O-SO 4.1 % Distribution WD SO 3.8 % Distribution WD SO-S 2.5 % Distribution WD S 3.0 % Distribution WD S-SW 3.4 % Distribution WD SW 2.8 % Distribution WD SW-W 4.1 % Distribution WD W 9.3 % Distribution WD W-NW 15.6 % Distribution WD NW 7.3 % Distribution WD NW-N 17.2 % Distribution WD N 8.8 % Rain days >0.0 mm Month 14 Rain days >2.0 mm Month 8 Rain days >20.0 mm Month 1 Ice days max < 0°C 0 Cold days min < 0°C 0 Cool days max < 10°C 0 Summer days max >=25°C 20 Hot days max >=30°C 2 Last year same Month: Ice days max < 0°C 0 Last year same Month: Cold days min < 0°C 0 Last year same Month: Cool days max < 10°C 0 Last year same Month: Summer days max >=25°C 17 Last year same Month: Hot days max >=30°C 9 © 1999-2011 Werner Krenn / Mischa Thurnherr - Weatherstation Operating- and Data Acquisition Software - V2.96.7


  ©UMa Astronomy

Creative Commons License
Meteo by UMa Astronomy is licensed under a Creative Commons Attribution-NonCommercial-NoDerivs 3.0 Unported License.