Blahová 11/12/2019
 Last update: 16:23
Updated every 10 minutes
 Cold 
 Akt.temp: 8.9°C
 Max.temp: 10.1°C
 Min.temp: 6.1°C
 Devpoint: 5.3 °C
 Wind speed: 0.5m/s
 Wind direction: SW
 Max wind gust: 6.7m/s
 Precipitation: 7.1mm
 Pressure: 1005.8 hPa
 P.tendency: -1.8 hPa/3h
 Humidity: 78%
 Abs.humidity: 6.83 g/m3
Ground temperature
Min.temp 6.1°C /06:05
Akt.temp
9.5°C

2019: Jan | Feb | Mar | Apr | May | Jun | Jul | Aug | Sep | Oct | Nov | Dec 
2018: Jan | Feb | Mar | Apr | May | Jun | Jul | Aug | Sep | Oct | Nov | Dec 
2017: Jan | Feb | Mar | Apr | May | Jun | Jul | Aug | Sep | Oct | Nov | Dec 
2016: Jan | Feb | Mar | Apr | May | Jun | Jul | Aug | Sep | Oct | Nov | Dec 
2015: Jan | Feb | Mar | Apr | May | Jun | Jul | Aug | Sep | Oct | Nov | Dec 
2014: Jan | Feb | Mar | Apr | May | Jun | Jul | Aug | Sep | Oct | Nov | Dec 
2013: Jan | Feb | Mar | Apr | May | Jun | Jul | Aug | Sep | Oct | Nov | Dec 
2012: Jan | Feb | Mar | Apr | May | Jun | Jul | Aug | Sep | Oct | Nov | Dec 
2011: Jan | Feb | Mar | Apr | May | Jun | Jul | Aug | Sep | Oct | Nov | Dec 
2010: Jan | Feb | Mar | Apr | May | Jun | Jul | Aug | Sep | Oct | Nov | Dec 
2009: Jan | Feb | Mar | Apr | May | Jun | Jul | Aug | Sep | Oct | Nov | Dec 
2008: Jan | Feb | Mar | Apr | May | Jun | Jul | Aug | Sep | Oct | Nov | Dec 
2007: Jan | Feb | Mar | Apr | May | Jun | Jul | Aug | Sep | Oct | Nov | Dec 

Report for 2011 07
MONTHLY CLIMATOLOGICAL SUMMARY for July 2011 CITY: Blahová ELEV: 117 m LAT: 48° 5' 7" North LONG: 17° 32' 48" East TEMPERATURE (°C), BAROMETER (hPa), RAIN (mm), WIND SPEED (m/s) MEAN TEMPERATURE WIND DOM trans Ground DAY TEMP HIGH TIME LOW TIME HUM Baro Rain SPEED HIGH TIME DIR pirat min.temp time ------------------------------------------------------------------------------------------------------------------------------ 1 14.2 18.8 16:15 11.8 05:53 70 1014.7 10.6 2.0 11.4 00:37 W-NW 2.299 -- - - 2 14.6 20.0 16:43 11.2 04:51 67 1011.3 0.0 2.0 11.8 13:49 W 1.439 -- - - 3 13.6 15.8 11:23 12.0 00:55 76 1007.5 5.7 2.8 13.8 11:38 W 1.215 -- - - 4 17.7 22.7 17:34 13.3 00:00 78 1010.8 7.3 1.2 8.2 01:24 W 2.009 -- - - 5 18.8 24.8 15:23 14.0 23:57 69 1011.1 0.0 1.1 7.7 15:07 N-NW 3.838 -- - - 6 20.5 27.8 18:25 10.9 05:47 67 1009.4 0.0 1.1 7.5 16:04 W-NW 5.076 -- - - 7 24.2 32.0 14:07 12.9 05:14 60 1010.8 0.0 1.7 5.2 14:32 E-SE 7.182 -- - - 8 23.3 28.9 15:19 17.7 05:38 65 1013.8 0.0 1.5 9.3 11:06 E 4.635 -- - - 9 25.9 33.8 17:47 16.5 05:20 65 1016.0 0.0 0.9 5.0 12:56 N 7.073 -- - - 10 25.6 33.5 15:29 18.1 05:24 64 1015.2 0.0 0.8 6.4 10:51 N-NW 6.973 -- - - 11 21.7 28.7 13:58 18.2 22:54 69 1017.2 1.0 1.7 8.8 14:04 W-NW 5.148 -- - - 12 22.7 29.9 15:37 15.3 04:17 62 1016.2 0.0 1.0 4.8 09:06 N-NW 6.120 -- - - 13 26.5 32.0 15:31 16.9 02:28 58 1010.4 0.0 3.0 9.5 17:06 E-SE 6.330 -- - - 14 23.1 29.0 12:51 18.1 23:54 66 1013.3 2.6 2.4 8.8 12:36 W-NW 3.249 -- - - 15 17.9 22.6 14:06 13.8 23:56 65 1017.4 0.6 2.1 10.1 14:39 W-NW 2.992 -- - - 16 20.9 27.7 17:34 11.7 05:34 58 1013.0 0.0 1.4 6.8 10:29 W-NW 5.823 -- - - 17 24.8 32.0 15:29 13.3 05:30 50 1004.4 0.0 2.7 9.9 14:59 SE 7.755 -- - - 18 19.9 25.2 13:56 16.1 23:10 65 1007.6 2.7 2.7 7.3 00:18 W-NW 3.979 -- - - 19 23.2 29.3 14:09 14.0 02:43 70 1004.9 0.1 1.8 6.2 21:26 SE 4.864 -- - - 20 17.3 20.4 18:02 14.0 11:34 75 1001.5 13.3 2.1 7.7 14:26 W 1.451 -- - - 21 14.4 16.3 05:16 13.8 21:29 86 1003.0 18.4 2.5 10.7 08:48 W 0.536 -- - - 22 15.7 20.1 10:55 14.2 00:00 84 1006.5 34.4 1.2 8.3 15:48 W 0.608 -- - - 23 16.9 20.1 16:34 12.6 01:23 82 1008.5 0.0 0.4 3.3 14:42 SE 1.467 -- - - 24 15.5 21.5 12:43 12.6 04:59 82 1006.3 10.1 1.1 7.0 22:56 N-NW 2.137 -- - - 25 14.6 16.1 16:43 12.7 04:04 80 1008.4 9.5 3.0 9.9 10:06 W-NW 0.894 -- - - 26 16.7 22.2 15:17 14.6 00:45 85 1012.3 15.7 0.8 4.1 17:42 N-NW 1.331 -- - - 27 17.7 24.3 18:26 14.5 05:24 83 1016.1 0.6 0.4 5.1 14:12 E-NE 1.434 -- - - 28 17.5 21.7 13:56 15.0 01:18 86 1015.1 2.6 0.4 5.1 18:02 N-NE 1.527 -- - - 29 19.4 25.0 15:17 15.1 04:40 78 1011.6 0.0 1.8 10.4 16:32 W-NW 3.024 -- - - 30 16.9 21.1 12:00 13.1 03:30 75 1010.3 0.0 2.6 9.6 12:28 W-NW 1.924 -- - - 31 15.9 18.1 18:08 13.7 06:00 81 1011.7 1.4 2.3 7.7 19:18 W 1.131 -- - - ------------------------------------------------------------------------------------------------------------------------------ Avg: 19.3 33.8 9 10.9 6 72 1010.9 136.6 1.7 13.8 3 W-NW 105.465 Wind Run 6123.2 km Calm Values 5837 Calm in % 13.1 % Sun 0 min. Distribution WD Values 38609 Distribution WD N-NO 3.6 % Distribution WD NO 1.5 % Distribution WD NO-O 3.7 % Distribution WD O 5.4 % Distribution WD O-SO 4.8 % Distribution WD SO 3.8 % Distribution WD SO-S 1.8 % Distribution WD S 2.6 % Distribution WD S-SW 3.4 % Distribution WD SW 4.4 % Distribution WD SW-W 7.2 % Distribution WD W 14.2 % Distribution WD W-NW 18.0 % Distribution WD NW 6.6 % Distribution WD NW-N 13.0 % Distribution WD N 5.8 % Rain days >0.0 mm Month 18 Rain days >2.0 mm Month 12 Rain days >20.0 mm Month 1 Ice days max < 0°C 0 Cold days min < 0°C 0 Cool days max < 10°C 0 Summer days max >=25°C 14 Hot days max >=30°C 5 Last year same Month: Ice days max < 0°C 0 Last year same Month: Cold days min < 0°C 0 Last year same Month: Cool days max < 10°C 0 Last year same Month: Summer days max >=25°C 25 Last year same Month: Hot days max >=30°C 17 © 1999-2011 Werner Krenn / Mischa Thurnherr - Weatherstation Operating- and Data Acquisition Software - V2.96.7


  ©UMa Astronomy

Creative Commons License
Meteo by UMa Astronomy is licensed under a Creative Commons Attribution-NonCommercial-NoDerivs 3.0 Unported License.