Blahová 09/20/2019
 Last update: 08:38
Updated every 10 minutes
 Cold 
 Akt.temp: 10.9°C
 Max.temp: 10.9°C
 Min.temp: 3.3°C
 Devpoint: 6.3 °C
 Wind speed: 1.4m/s
 Wind direction: N
 Max wind gust: 2.9m/s
 Precipitation: 0.0mm
 Pressure: 1028.1 hPa
 P.tendency: +1.2 hPa/3h
 Humidity: 73%
 Abs.humidity: 7.26 g/m3
Ground temperature
Min.temp 2.5°C /05:08
Akt.temp
12.3°C

2019: Jan | Feb | Mar | Apr | May | Jun | Jul | Aug | Sep | Oct | Nov | Dec 
2018: Jan | Feb | Mar | Apr | May | Jun | Jul | Aug | Sep | Oct | Nov | Dec 
2017: Jan | Feb | Mar | Apr | May | Jun | Jul | Aug | Sep | Oct | Nov | Dec 
2016: Jan | Feb | Mar | Apr | May | Jun | Jul | Aug | Sep | Oct | Nov | Dec 
2015: Jan | Feb | Mar | Apr | May | Jun | Jul | Aug | Sep | Oct | Nov | Dec 
2014: Jan | Feb | Mar | Apr | May | Jun | Jul | Aug | Sep | Oct | Nov | Dec 
2013: Jan | Feb | Mar | Apr | May | Jun | Jul | Aug | Sep | Oct | Nov | Dec 
2012: Jan | Feb | Mar | Apr | May | Jun | Jul | Aug | Sep | Oct | Nov | Dec 
2011: Jan | Feb | Mar | Apr | May | Jun | Jul | Aug | Sep | Oct | Nov | Dec 
2010: Jan | Feb | Mar | Apr | May | Jun | Jul | Aug | Sep | Oct | Nov | Dec 
2009: Jan | Feb | Mar | Apr | May | Jun | Jul | Aug | Sep | Oct | Nov | Dec 
2008: Jan | Feb | Mar | Apr | May | Jun | Jul | Aug | Sep | Oct | Nov | Dec 
2007: Jan | Feb | Mar | Apr | May | Jun | Jul | Aug | Sep | Oct | Nov | Dec 

Report for 2011 08
MONTHLY CLIMATOLOGICAL SUMMARY for August 2011 CITY: Blahová ELEV: 117 m LAT: 48° 5' 7" North LONG: 17° 32' 48" East TEMPERATURE (°C), BAROMETER (hPa), RAIN (mm), WIND SPEED (m/s) MEAN TEMPERATURE WIND DOM trans Ground DAY TEMP HIGH TIME LOW TIME HUM Baro Rain SPEED HIGH TIME DIR pirat min.temp time ------------------------------------------------------------------------------------------------------------------------------ 1 17.2 21.1 18:08 14.7 02:18 83 1014.2 2.7 2.2 7.4 18:38 W-NW 0.853 -- - - 2 21.0 26.9 14:35 15.2 01:22 71 1017.0 0.0 1.4 6.4 14:55 N-NW 3.893 -- - - 3 20.9 29.2 14:54 13.5 05:46 74 1016.8 0.0 0.5 3.9 11:20 E-NE 4.667 -- - - 4 18.4 21.5 12:33 16.2 23:58 85 1015.6 4.2 0.7 4.4 15:38 S 1.206 -- - - 5 20.8 28.1 14:22 13.3 04:01 76 1015.0 0.0 0.5 4.0 17:01 SE 3.662 -- - - 6 22.3 28.8 15:04 15.3 05:54 76 1010.7 0.0 1.3 7.0 17:48 E 3.662 -- - - 7 22.3 30.9 14:13 17.9 23:47 74 1007.8 1.3 2.4 11.3 18:28 E-SE 5.017 -- - - 8 17.3 20.2 11:47 15.7 23:45 86 1010.8 5.0 1.2 6.3 23:00 W-NW 1.059 -- - - 9 16.7 23.4 15:31 14.0 05:56 69 1016.4 0.0 1.2 9.2 18:10 W 2.886 -- - - 10 14.1 19.8 13:36 9.7 23:58 71 1021.6 0.0 1.7 9.9 14:00 W-NW 2.171 -- - - 11 17.6 24.8 15:44 6.2 05:42 67 1017.7 0.0 1.0 6.8 12:59 S-SW 3.790 -- - - 12 18.3 25.9 15:45 12.3 05:31 74 1013.0 0.0 0.6 5.8 14:46 SE 3.422 -- - - 13 19.4 24.9 17:28 12.9 05:30 75 1011.1 0.0 1.2 6.4 14:36 W 2.388 -- - - 14 22.1 28.7 14:40 12.6 05:40 71 1011.7 0.0 1.3 4.6 14:40 E 4.560 -- - - 15 21.7 30.1 14:35 15.0 05:40 78 1013.1 6.0 1.2 10.3 20:49 E 4.793 -- - - 16 19.9 25.4 15:38 15.5 06:04 71 1017.7 0.0 1.6 9.2 09:17 W-NW 3.458 -- - - 17 19.9 28.6 15:20 12.3 04:35 69 1017.7 0.0 0.4 3.7 13:59 N-NW 4.924 -- - - 18 23.3 30.3 15:25 14.5 02:04 67 1016.8 0.0 1.4 6.4 16:28 E 5.521 -- - - 19 23.6 29.7 15:41 17.5 05:44 70 1017.3 0.2 1.1 5.3 12:37 E 4.657 -- - - 20 20.0 26.4 15:36 14.9 23:57 68 1021.4 0.1 1.4 8.4 12:49 N-NW 4.126 -- - - 21 20.8 29.7 15:34 12.3 06:19 70 1020.7 0.0 1.0 4.0 15:11 E 5.093 -- - - 22 25.3 33.3 15:15 16.2 05:59 71 1017.8 0.0 0.9 4.3 13:29 E-SE 5.805 -- - - 23 26.9 34.0 14:42 19.9 05:41 61 1016.7 0.0 2.3 9.2 13:18 E-NE 7.836 -- - - 24 26.0 34.9 15:33 18.1 06:29 65 1014.5 0.0 0.5 5.3 14:08 E 7.831 -- - - 25 25.4 34.7 15:05 19.5 05:59 69 1014.3 0.0 0.4 4.3 17:01 N 7.437 -- - - 26 27.7 35.5 15:34 18.5 03:30 59 1012.2 0.0 2.1 8.2 14:59 E-SE 8.467 -- - - 27 21.4 31.7 15:06 12.9 23:47 57 1014.3 9.5 4.6 13.6 19:59 E-SE 5.922 -- - - 28 17.8 23.4 15:37 12.6 06:02 68 1019.5 0.6 1.3 7.3 00:19 N-NW 3.291 -- - - 29 18.9 27.5 14:46 11.1 06:16 70 1013.8 0.0 0.5 3.5 13:48 N-NW 4.900 -- - - 30 19.2 25.9 14:44 13.5 02:17 57 1013.1 0.0 1.7 7.9 15:28 N-NW 4.783 -- - - 31 18.0 25.4 15:52 10.0 06:21 64 1013.8 0.0 1.2 4.9 16:23 N-NW 4.430 -- - - ------------------------------------------------------------------------------------------------------------------------------ Avg: 20.8 35.5 26 6.2 11 70 1015.3 29.7 1.3 13.6 27 W-NW 136.511 Wind Run 4690.2 km Calm Values 8345 Calm in % 18.7 % Sun 225:24 h Distribution WD Values 36178 Distribution WD N-NO 3.8 % Distribution WD NO 2.1 % Distribution WD NO-O 6.9 % Distribution WD O 10.4 % Distribution WD O-SO 8.6 % Distribution WD SO 8.2 % Distribution WD SO-S 4.2 % Distribution WD S 4.8 % Distribution WD S-SW 4.0 % Distribution WD SW 2.4 % Distribution WD SW-W 3.4 % Distribution WD W 7.4 % Distribution WD W-NW 12.0 % Distribution WD NW 5.0 % Distribution WD NW-N 11.3 % Distribution WD N 5.5 % Rain days >0.0 mm Month 10 Rain days >2.0 mm Month 5 Rain days >20.0 mm Month 0 Ice days max < 0°C 0 Cold days min < 0°C 0 Cool days max < 10°C 0 Summer days max >=25°C 23 Hot days max >=30°C 9 Last year same Month: Ice days max < 0°C 0 Last year same Month: Cold days min < 0°C 0 Last year same Month: Cool days max < 10°C 0 Last year same Month: Summer days max >=25°C 22 Last year same Month: Hot days max >=30°C 8 © 1999-2011 Werner Krenn / Mischa Thurnherr - Weatherstation Operating- and Data Acquisition Software - V2.96.7


  ©UMa Astronomy

Creative Commons License
Meteo by UMa Astronomy is licensed under a Creative Commons Attribution-NonCommercial-NoDerivs 3.0 Unported License.