Blahová 11/13/2019
 Last update: 20:53
Updated every 10 minutes
 Cold 
 Akt.temp: 5.3°C
 Max.temp: 9.9°C
 Min.temp: 4.8°C
 Devpoint: 1.8 °C
 Wind speed: 1.8m/s
 Wind direction: SW
 Max wind gust: 7.7m/s
 Precipitation: 11.8mm
 Pressure: 1005.9 hPa
 P.tendency: +3.4 hPa/3h
 Humidity: 78%
 Abs.humidity: 5.41 g/m3
Ground temperature
Min.temp 5.8°C /18:24
Akt.temp
6.5°C

2019: Jan | Feb | Mar | Apr | May | Jun | Jul | Aug | Sep | Oct | Nov | Dec 
2018: Jan | Feb | Mar | Apr | May | Jun | Jul | Aug | Sep | Oct | Nov | Dec 
2017: Jan | Feb | Mar | Apr | May | Jun | Jul | Aug | Sep | Oct | Nov | Dec 
2016: Jan | Feb | Mar | Apr | May | Jun | Jul | Aug | Sep | Oct | Nov | Dec 
2015: Jan | Feb | Mar | Apr | May | Jun | Jul | Aug | Sep | Oct | Nov | Dec 
2014: Jan | Feb | Mar | Apr | May | Jun | Jul | Aug | Sep | Oct | Nov | Dec 
2013: Jan | Feb | Mar | Apr | May | Jun | Jul | Aug | Sep | Oct | Nov | Dec 
2012: Jan | Feb | Mar | Apr | May | Jun | Jul | Aug | Sep | Oct | Nov | Dec 
2011: Jan | Feb | Mar | Apr | May | Jun | Jul | Aug | Sep | Oct | Nov | Dec 
2010: Jan | Feb | Mar | Apr | May | Jun | Jul | Aug | Sep | Oct | Nov | Dec 
2009: Jan | Feb | Mar | Apr | May | Jun | Jul | Aug | Sep | Oct | Nov | Dec 
2008: Jan | Feb | Mar | Apr | May | Jun | Jul | Aug | Sep | Oct | Nov | Dec 
2007: Jan | Feb | Mar | Apr | May | Jun | Jul | Aug | Sep | Oct | Nov | Dec 

Report for 2011 09
MONTHLY CLIMATOLOGICAL SUMMARY for September 2011 CITY: Blahová ELEV: 117 m LAT: 48° 5' 7" North LONG: 17° 32' 48" East TEMPERATURE (°C), BAROMETER (hPa), RAIN (mm), WIND SPEED (m/s) MEAN TEMPERATURE WIND DOM trans Ground DAY TEMP HIGH TIME LOW TIME HUM Baro Rain SPEED HIGH TIME DIR pirat min.temp time ------------------------------------------------------------------------------------------------------------------------------ 1 19.5 25.1 15:21 12.0 06:07 67 1013.7 0.0 1.3 4.2 21:23 N 3.282 -- - - 2 19.5 27.7 15:03 12.2 06:27 68 1014.3 0.0 0.4 5.8 16:53 W 4.882 -- - - 3 20.6 29.8 15:37 12.9 06:03 67 1015.7 0.0 0.6 3.8 13:53 E 5.389 -- - - 4 23.8 31.5 15:44 14.3 06:11 56 1013.2 0.0 2.3 8.6 13:52 E-SE 6.288 -- - - 5 22.8 31.0 14:33 16.9 23:55 63 1014.4 0.0 3.1 11.6 17:32 E 5.906 -- - - 6 16.4 24.2 15:14 10.6 23:30 63 1021.2 0.0 1.4 9.8 01:23 W-NW 4.104 -- - - 7 19.1 26.4 14:36 7.9 06:34 57 1013.5 0.0 2.1 11.0 14:55 W 5.177 -- - - 8 15.5 19.0 15:41 13.1 23:56 70 1011.3 0.8 1.2 11.4 16:05 W 2.089 -- - - 9 18.1 21.7 14:43 13.1 00:00 72 1014.5 0.0 2.6 7.3 12:18 W 2.466 -- - - 10 20.6 28.6 15:57 13.0 04:58 69 1015.5 0.0 0.9 5.7 13:32 E-NE 4.481 -- - - 11 21.9 30.4 15:33 15.5 03:53 69 1013.2 0.0 1.2 4.4 13:05 E 4.973 -- - - 12 21.1 27.8 14:37 15.0 05:40 64 1014.3 0.0 1.5 9.3 10:06 W-NW 4.429 -- - - 13 20.5 30.1 14:38 13.1 05:52 64 1014.3 0.0 0.7 6.4 15:08 W 6.032 -- - - 14 18.1 29.1 12:56 13.9 05:38 72 1016.3 0.2 1.1 9.7 16:41 W-NW 3.867 -- - - 15 15.1 23.2 12:50 9.7 06:25 68 1019.7 0.0 0.7 6.4 13:01 W-NW 3.374 -- - - 16 13.9 23.3 15:30 7.4 05:29 70 1018.3 0.0 0.5 3.5 16:00 N 3.541 -- - - 17 18.1 24.6 16:12 10.7 00:00 65 1015.6 0.0 1.2 4.2 13:01 N-NE 3.413 -- - - 18 20.8 28.7 14:32 13.5 23:49 59 1007.0 0.4 2.7 10.8 11:37 E 5.538 -- - - 19 14.4 20.5 14:22 11.7 04:30 80 1009.0 9.7 2.1 11.3 19:11 W-NW 1.911 -- - - 20 12.5 13.8 16:35 10.6 05:00 88 1019.4 6.0 2.7 8.4 23:07 W-NW 0.377 -- - - 21 16.0 22.9 14:01 11.1 06:51 80 1018.4 0.0 0.6 5.9 00:09 W-NW 2.319 -- - - 22 15.6 23.0 13:37 10.0 05:49 80 1017.6 0.0 1.0 6.1 14:19 W 2.326 -- - - 23 14.1 22.1 14:25 10.3 06:47 72 1017.5 0.0 0.7 7.2 13:44 N-NW 3.251 -- - - 24 13.3 22.8 15:21 7.7 04:31 71 1018.8 0.0 0.3 5.0 13:47 N 3.333 -- - - 25 14.9 23.9 15:14 7.3 01:52 69 1021.9 0.0 0.7 5.7 14:12 E 3.582 -- - - 26 14.5 25.4 15:19 7.8 07:15 72 1025.3 0.0 0.3 3.4 15:32 N 4.237 -- - - 27 15.3 25.9 15:42 7.7 05:41 70 1027.2 0.0 0.5 4.3 15:20 N-NW 4.264 -- - - 28 17.5 25.0 14:11 9.7 03:09 58 1027.9 0.0 2.7 7.4 13:40 N-NW 3.799 -- - - 29 16.6 25.1 15:08 8.5 07:17 55 1027.0 0.0 0.9 6.9 16:54 N-NW 4.377 -- - - 30 16.4 25.4 15:14 11.1 06:42 68 1026.6 0.0 0.5 6.2 01:19 N-NW 4.140 -- - - ------------------------------------------------------------------------------------------------------------------------------ Avg: 17.5 31.5 4 7.3 25 68 1017.4 17.2 1.3 11.6 5 W-NW 117.145 Wind Run 4735.6 km Calm Values 8039 Calm in % 18.7 % Sun 249:53 h Distribution WD Values 34997 Distribution WD N-NO 4.9 % Distribution WD NO 2.2 % Distribution WD NO-O 6.3 % Distribution WD O 7.0 % Distribution WD O-SO 5.3 % Distribution WD SO 4.7 % Distribution WD SO-S 2.2 % Distribution WD S 2.9 % Distribution WD S-SW 3.6 % Distribution WD SW 3.4 % Distribution WD SW-W 5.6 % Distribution WD W 10.7 % Distribution WD W-NW 13.7 % Distribution WD NW 5.7 % Distribution WD NW-N 13.4 % Distribution WD N 8.3 % Rain days >0.0 mm Month 6 Rain days >2.0 mm Month 2 Rain days >20.0 mm Month 0 Ice days max < 0°C 0 Cold days min < 0°C 0 Cool days max < 10°C 0 Summer days max >=25°C 17 Hot days max >=30°C 4 Last year same Month: Ice days max < 0°C 0 Last year same Month: Cold days min < 0°C 0 Last year same Month: Cool days max < 10°C 0 Last year same Month: Summer days max >=25°C 0 Last year same Month: Hot days max >=30°C 0 © 1999-2011 Werner Krenn / Mischa Thurnherr - Weatherstation Operating- and Data Acquisition Software - V2.96.7


  ©UMa Astronomy

Creative Commons License
Meteo by UMa Astronomy is licensed under a Creative Commons Attribution-NonCommercial-NoDerivs 3.0 Unported License.