Blahová 09/20/2019
 Last update: 08:53
Updated every 10 minutes
 Cold 
 Akt.temp: 10.9°C
 Max.temp: 10.9°C
 Min.temp: 3.3°C
 Devpoint: 6.3 °C
 Wind speed: 1.2m/s
 Wind direction: SW
 Max wind gust: 2.9m/s
 Precipitation: 0.0mm
 Pressure: 1028.3 hPa
 P.tendency: +1.5 hPa/3h
 Humidity: 73%
 Abs.humidity: 7.26 g/m3
Ground temperature
Min.temp 2.5°C /05:08
Akt.temp
13.3°C

2019: Jan | Feb | Mar | Apr | May | Jun | Jul | Aug | Sep | Oct | Nov | Dec 
2018: Jan | Feb | Mar | Apr | May | Jun | Jul | Aug | Sep | Oct | Nov | Dec 
2017: Jan | Feb | Mar | Apr | May | Jun | Jul | Aug | Sep | Oct | Nov | Dec 
2016: Jan | Feb | Mar | Apr | May | Jun | Jul | Aug | Sep | Oct | Nov | Dec 
2015: Jan | Feb | Mar | Apr | May | Jun | Jul | Aug | Sep | Oct | Nov | Dec 
2014: Jan | Feb | Mar | Apr | May | Jun | Jul | Aug | Sep | Oct | Nov | Dec 
2013: Jan | Feb | Mar | Apr | May | Jun | Jul | Aug | Sep | Oct | Nov | Dec 
2012: Jan | Feb | Mar | Apr | May | Jun | Jul | Aug | Sep | Oct | Nov | Dec 
2011: Jan | Feb | Mar | Apr | May | Jun | Jul | Aug | Sep | Oct | Nov | Dec 
2010: Jan | Feb | Mar | Apr | May | Jun | Jul | Aug | Sep | Oct | Nov | Dec 
2009: Jan | Feb | Mar | Apr | May | Jun | Jul | Aug | Sep | Oct | Nov | Dec 
2008: Jan | Feb | Mar | Apr | May | Jun | Jul | Aug | Sep | Oct | Nov | Dec 
2007: Jan | Feb | Mar | Apr | May | Jun | Jul | Aug | Sep | Oct | Nov | Dec 

Report for 2011 11
MONTHLY CLIMATOLOGICAL SUMMARY for November 2011 CITY: Blahová ELEV: 117 m LAT: 48° 5' 7" North LONG: 17° 32' 48" East TEMPERATURE (°C), BAROMETER (hPa), RAIN (mm), WIND SPEED (m/s) MEAN TEMPERATURE WIND DOM trans Ground DAY TEMP HIGH TIME LOW TIME HUM Baro Rain SPEED HIGH TIME DIR pirat min.temp time ------------------------------------------------------------------------------------------------------------------------------ 1 3.9 12.2 12:35 0.5 23:28 84 1021.6 0.0 0.2 3.9 12:47 S 0.718 0.8 05:46 2 6.0 12.0 14:43 0.9 00:00 86 1020.7 0.1 0.9 3.4 12:22 E-NE 0.592 1.1 23:59 3 5.8 10.6 14:43 2.0 00:33 86 1016.0 0.0 2.1 8.3 15:24 E-SE 0.536 0.5 00:40 4 9.2 13.2 12:55 4.9 00:00 75 1012.8 0.1 3.7 9.2 08:52 E 0.925 5.8 00:14 5 11.8 18.5 13:45 8.1 06:26 67 1014.3 0.0 3.2 10.1 15:54 E-NE 1.839 7.6 06:35 6 9.3 15.2 12:59 5.9 06:44 65 1020.1 0.0 2.5 8.8 13:24 E-NE 1.579 4.8 23:07 7 9.4 12.4 14:03 6.1 05:54 71 1024.4 0.0 2.1 8.3 11:52 E-NE 1.001 5.1 05:48 8 8.0 13.2 14:07 4.9 23:44 77 1024.9 0.0 2.2 8.8 11:12 E-NE 1.074 3.4 22:56 9 6.9 14.9 14:20 2.5 06:47 80 1022.8 0.0 1.2 3.7 01:34 NE 1.370 0.8 06:53 10 5.0 6.3 11:37 2.9 02:14 90 1022.8 0.1 0.3 3.5 13:58 NE 0.175 3.7 02:08 11 2.2 6.7 11:47 -0.8 19:23 70 1032.2 0.0 2.3 7.2 09:48 E-NE 0.739 -2.1 19:30 12 -0.1 8.6 14:03 -3.9 22:57 72 1036.6 0.0 0.4 3.4 02:21 NE 1.048 -4.7 22:57 13 -0.6 9.2 13:45 -6.4 07:04 76 1034.3 0.0 0.3 3.5 13:21 S 1.014 -6.5 06:42 14 0.2 7.0 13:07 -5.5 04:08 79 1024.9 0.0 0.7 2.1 13:01 NE 0.729 -6.7 06:56 15 -1.1 7.2 14:05 -5.6 23:57 80 1023.1 0.0 0.3 2.0 14:11 NW 0.695 -5.6 23:57 16 -3.6 -1.0 14:04 -8.0 07:13 88 1025.5 0.0 0.1 1.7 01:01 E-SE 0.137 -7.8 07:06 17 -1.7 -0.7 22:05 -4.2 04:23 90 1026.9 0.0 0.1 2.1 18:41 S 0.113 -2.8 04:07 18 1.6 3.7 13:44 -0.8 00:00 90 1025.4 0.2 1.1 4.4 20:40 S 0.160 0.4 00:00 19 0.7 1.3 00:00 -0.6 08:13 90 1025.8 0.0 0.9 2.9 10:57 S 0.132 0.6 06:19 20 -0.3 1.1 00:00 -1.2 23:23 88 1026.8 0.0 1.0 3.0 10:10 S 0.147 -0.4 23:31 21 -1.9 -1.2 00:00 -2.4 04:28 89 1025.2 0.0 1.1 4.2 00:50 S-SE 0.123 -1.3 04:09 22 -1.7 -1.1 21:21 -2.7 06:49 88 1025.9 0.0 1.5 4.3 12:50 E 0.141 -1.6 06:18 23 -1.3 -0.4 14:47 -1.8 05:36 87 1031.3 0.0 0.6 3.2 03:20 E-SE 0.166 -0.8 05:33 24 -0.7 -0.4 14:34 -1.6 00:00 89 1035.8 0.0 0.7 2.9 14:25 NW 0.131 -0.6 00:00 25 -1.2 -0.2 19:34 -2.8 11:03 89 1031.6 0.0 2.1 5.0 21:20 E 0.112 -1.3 06:43 26 1.8 5.5 14:02 -0.7 00:00 87 1029.8 0.0 2.3 6.5 15:18 S 0.326 -0.9 18:22 27 0.5 1.2 18:16 -0.8 00:16 89 1023.8 0.1 0.9 6.2 01:17 S 0.146 -0.9 03:02 28 2.5 10.7 12:42 -3.5 23:02 77 1028.6 0.0 1.8 8.7 10:41 W 1.110 -4.7 23:01 29 -0.2 1.4 13:07 -3.4 00:52 89 1028.0 0.0 2.6 8.1 14:08 E 0.158 -4.5 00:31 30 0.5 1.4 14:30 -0.8 04:45 88 1029.5 0.1 0.9 6.3 00:19 E-SE 0.191 -0.1 22:58 ------------------------------------------------------------------------------------------------------------------------------ Avg: 2.4 18.5 5 -8.0 16 82 1025.7 0.8 1.3 10.1 5 E-NE 17.327 Wind Run 4255.6 km Calm Values 10642 Calm in % 24.7 % Sun 96:37 h Distribution WD Values 32484 Distribution WD N-NO 1.4 % Distribution WD NO 9.1 % Distribution WD NO-O 18.1 % Distribution WD O 15.0 % Distribution WD O-SO 11.8 % Distribution WD SO 5.3 % Distribution WD SO-S 8.3 % Distribution WD S 10.9 % Distribution WD S-SW 3.4 % Distribution WD SW 3.1 % Distribution WD SW-W 3.4 % Distribution WD W 2.5 % Distribution WD W-NW 1.1 % Distribution WD NW 2.4 % Distribution WD NW-N 1.9 % Distribution WD N 2.3 % Rain days >0.0 mm Month 8 Rain days >2.0 mm Month 0 Rain days >20.0 mm Month 0 Ice days max < 0°C 7 Cold days min < 0°C 20 Cool days max < 10°C 20 Summer days max >=25°C 0 Hot days max >=30°C 0 Last year same Month: Ice days max < 0°C - - Last year same Month: Cold days min < 0°C - - Last year same Month: Cool days max < 10°C - - Last year same Month: Summer days max >=25°C - - Last year same Month: Hot days max >=30°C - - © 1999-2011 Werner Krenn / Mischa Thurnherr - Weatherstation Operating- and Data Acquisition Software - V2.96.7


  ©UMa Astronomy

Creative Commons License
Meteo by UMa Astronomy is licensed under a Creative Commons Attribution-NonCommercial-NoDerivs 3.0 Unported License.