Blahová 11/12/2019
 Last update: 17:43
Updated every 10 minutes
 Cold 
 Akt.temp: 8.7°C
 Max.temp: 10.1°C
 Min.temp: 6.1°C
 Devpoint: 5.1 °C
 Wind speed: 0.9m/s
 Wind direction: N
 Max wind gust: 6.7m/s
 Precipitation: 12.5mm
 Pressure: 1004.7 hPa
 P.tendency: -1.2 hPa/3h
 Humidity: 78%
 Abs.humidity: 6.75 g/m3
Ground temperature
Min.temp 6.1°C /06:05
Akt.temp
9.2°C

2019: Jan | Feb | Mar | Apr | May | Jun | Jul | Aug | Sep | Oct | Nov | Dec 
2018: Jan | Feb | Mar | Apr | May | Jun | Jul | Aug | Sep | Oct | Nov | Dec 
2017: Jan | Feb | Mar | Apr | May | Jun | Jul | Aug | Sep | Oct | Nov | Dec 
2016: Jan | Feb | Mar | Apr | May | Jun | Jul | Aug | Sep | Oct | Nov | Dec 
2015: Jan | Feb | Mar | Apr | May | Jun | Jul | Aug | Sep | Oct | Nov | Dec 
2014: Jan | Feb | Mar | Apr | May | Jun | Jul | Aug | Sep | Oct | Nov | Dec 
2013: Jan | Feb | Mar | Apr | May | Jun | Jul | Aug | Sep | Oct | Nov | Dec 
2012: Jan | Feb | Mar | Apr | May | Jun | Jul | Aug | Sep | Oct | Nov | Dec 
2011: Jan | Feb | Mar | Apr | May | Jun | Jul | Aug | Sep | Oct | Nov | Dec 
2010: Jan | Feb | Mar | Apr | May | Jun | Jul | Aug | Sep | Oct | Nov | Dec 
2009: Jan | Feb | Mar | Apr | May | Jun | Jul | Aug | Sep | Oct | Nov | Dec 
2008: Jan | Feb | Mar | Apr | May | Jun | Jul | Aug | Sep | Oct | Nov | Dec 
2007: Jan | Feb | Mar | Apr | May | Jun | Jul | Aug | Sep | Oct | Nov | Dec 

Report for 2011 12
MONTHLY CLIMATOLOGICAL SUMMARY for December 2011 CITY: Blahová ELEV: 117 m LAT: 48° 5' 7" North LONG: 17° 32' 48" East TEMPERATURE (°C), BAROMETER (hPa), RAIN (mm), WIND SPEED (m/s) MEAN TEMPERATURE WIND DOM trans Ground DAY TEMP HIGH TIME LOW TIME HUM Baro Rain SPEED HIGH TIME DIR pirat min.temp time ------------------------------------------------------------------------------------------------------------------------------ 1 0.6 2.2 14:52 -0.8 00:36 90 1028.1 0.0 1.7 7.4 22:05 E 0.144 -0.6 00:32 2 -1.0 0.1 00:02 -1.6 07:08 91 1020.1 0.3 2.4 7.3 09:35 E-NE 0.118 -0.5 07:25 3 -0.1 1.1 23:55 -1.1 03:46 91 1016.8 4.6 0.5 2.9 09:35 E-NE 0.128 -0.1 00:00 4 2.9 4.6 16:31 1.0 00:01 91 1008.4 1.0 0.8 3.3 12:55 E-NE 0.150 1.6 02:21 5 6.2 10.5 08:52 -0.2 23:28 82 1001.9 0.0 2.4 10.7 11:44 W-SW 0.528 -1.9 23:08 6 2.6 6.4 14:20 -0.8 00:59 79 1010.6 0.6 1.5 4.9 23:58 S 0.544 -2.4 00:52 7 2.8 5.3 23:05 0.5 05:37 82 1009.5 1.9 2.7 11.7 19:31 S 0.429 -0.9 05:37 8 4.2 7.0 11:11 -1.9 23:40 71 1016.7 0.0 3.7 13.1 09:25 W-SW 0.637 -2.9 23:33 9 1.6 3.5 14:30 -1.5 00:00 79 1016.0 0.0 1.1 4.4 02:54 E-NE 0.365 -2.5 00:00 10 3.8 6.5 13:52 2.3 03:57 85 1014.2 0.4 0.8 3.9 22:08 S 0.345 2.8 01:06 11 2.8 4.7 12:41 0.3 02:52 81 1020.1 0.0 1.1 4.4 22:06 E-NE 0.426 -0.9 02:48 12 4.0 5.7 15:02 2.8 06:05 84 1014.0 0.5 2.5 6.1 05:04 E-NE 0.256 3.5 06:17 13 4.8 8.9 11:55 2.0 23:58 83 1014.5 1.2 1.8 5.4 14:54 W 0.675 0.7 23:57 14 2.9 6.0 14:24 0.2 05:16 89 1013.1 0.0 1.8 6.1 10:33 E-NE 0.207 -0.5 00:50 15 4.2 7.1 12:12 2.4 06:04 88 1012.5 1.1 0.9 4.2 01:12 W 0.280 2.5 23:34 16 5.1 10.1 21:09 -0.4 06:48 83 997.1 4.8 4.4 15.3 22:14 S-SE 0.476 -1.1 06:42 17 4.3 8.3 00:05 0.5 21:49 75 993.0 0.3 3.5 12.4 05:12 W 0.566 -0.1 21:47 18 2.3 6.4 14:02 -1.8 22:27 76 1009.8 0.2 1.8 7.1 05:04 W-SW 0.743 -2.9 22:04 19 -0.3 1.8 11:56 -2.3 04:28 83 1016.9 0.0 1.3 6.3 23:53 NW 0.229 -3.3 01:29 20 -1.5 3.6 13:21 -7.7 23:58 73 1013.2 0.0 2.0 6.9 02:23 W 0.628 -8.5 23:58 21 -1.7 2.0 16:07 -8.0 01:17 86 1012.9 2.7 1.2 6.2 14:29 W-SW 0.176 -8.6 00:07 22 -0.7 3.7 13:13 -4.6 23:03 85 1020.7 0.1 0.9 4.2 09:56 W 0.324 -5.6 23:03 23 -2.7 -0.1 23:39 -5.7 04:53 89 1022.8 0.6 0.5 2.1 10:08 N-NE 0.112 -5.9 04:29 24 0.7 4.5 22:43 -0.3 19:25 90 1018.7 1.8 1.6 12.2 23:52 E-NE 0.120 -0.1 17:23 25 3.6 6.5 13:03 1.3 07:35 77 1030.5 0.0 2.8 12.2 00:16 W 0.620 1.0 08:14 26 4.3 6.0 12:23 3.2 00:43 84 1035.8 0.2 1.2 3.8 16:59 S 0.276 3.5 01:31 27 3.8 6.6 14:30 0.7 19:26 86 1036.4 0.0 0.8 3.5 00:42 S 0.355 -0.8 19:04 28 2.9 3.7 14:27 1.6 23:54 87 1031.1 0.0 1.6 6.3 23:38 E-SE 0.193 2.3 23:46 29 1.1 2.4 20:40 -0.8 23:35 85 1021.9 0.0 1.7 6.8 02:32 S 0.187 -2.1 23:53 30 1.3 4.2 14:15 -1.1 06:42 85 1010.6 0.1 2.5 8.5 08:02 S 0.298 -2.9 01:02 31 1.1 6.3 13:37 -3.6 23:46 79 1015.3 0.0 1.3 6.7 12:39 W 0.643 -5.1 23:52 ------------------------------------------------------------------------------------------------------------------------------ Avg: 2.1 10.5 5 -8.0 21 84 1016.2 22.7 1.8 15.3 16 E-NE 11.178 Wind Run 5796.0 km Calm Values 5118 Calm in % 11.5 % Sun 47:36 h Distribution WD Values 39293 Distribution WD N-NO 3.3 % Distribution WD NO 5.2 % Distribution WD NO-O 13.0 % Distribution WD O 6.3 % Distribution WD O-SO 6.7 % Distribution WD SO 5.0 % Distribution WD SO-S 7.5 % Distribution WD S 9.9 % Distribution WD S-SW 5.4 % Distribution WD SW 6.6 % Distribution WD SW-W 9.1 % Distribution WD W 10.0 % Distribution WD W-NW 3.2 % Distribution WD NW 5.4 % Distribution WD NW-N 2.0 % Distribution WD N 1.4 % Rain days >0.0 mm Month 20 Rain days >2.0 mm Month 3 Rain days >20.0 mm Month 0 Ice days max < 0°C 1 Cold days min < 0°C 18 Cool days max < 10°C 29 Summer days max >=25°C 0 Hot days max >=30°C 0 Last year same Month: Ice days max < 0°C 14 Last year same Month: Cold days min < 0°C 27 Last year same Month: Cool days max < 10°C 30 Last year same Month: Summer days max >=25°C 0 Last year same Month: Hot days max >=30°C 0 © 1999-2011 Werner Krenn / Mischa Thurnherr - Weatherstation Operating- and Data Acquisition Software - V2.96.7


  ©UMa Astronomy

Creative Commons License
Meteo by UMa Astronomy is licensed under a Creative Commons Attribution-NonCommercial-NoDerivs 3.0 Unported License.