Blahová 12/15/2019
 Last update: 16:03
Updated every 10 minutes
 Cold 
 Akt.temp: 5.6°C
 Max.temp: 6.9°C
 Min.temp: 1.0°C
 Devpoint: 2.6 °C
 Wind speed: 1.1m/s
 Wind direction: NE
 Max wind gust: 5.0m/s
 Precipitation: 0.0mm
 Pressure: 1011.1 hPa
 P.tendency: +0.6 hPa/3h
 Humidity: 81%
 Abs.humidity: 5.73 g/m3
Ground temperature
Min.temp 1.1°C /07:46
Akt.temp
4.3°C

2019: Jan | Feb | Mar | Apr | May | Jun | Jul | Aug | Sep | Oct | Nov | Dec 
2018: Jan | Feb | Mar | Apr | May | Jun | Jul | Aug | Sep | Oct | Nov | Dec 
2017: Jan | Feb | Mar | Apr | May | Jun | Jul | Aug | Sep | Oct | Nov | Dec 
2016: Jan | Feb | Mar | Apr | May | Jun | Jul | Aug | Sep | Oct | Nov | Dec 
2015: Jan | Feb | Mar | Apr | May | Jun | Jul | Aug | Sep | Oct | Nov | Dec 
2014: Jan | Feb | Mar | Apr | May | Jun | Jul | Aug | Sep | Oct | Nov | Dec 
2013: Jan | Feb | Mar | Apr | May | Jun | Jul | Aug | Sep | Oct | Nov | Dec 
2012: Jan | Feb | Mar | Apr | May | Jun | Jul | Aug | Sep | Oct | Nov | Dec 
2011: Jan | Feb | Mar | Apr | May | Jun | Jul | Aug | Sep | Oct | Nov | Dec 
2010: Jan | Feb | Mar | Apr | May | Jun | Jul | Aug | Sep | Oct | Nov | Dec 
2009: Jan | Feb | Mar | Apr | May | Jun | Jul | Aug | Sep | Oct | Nov | Dec 
2008: Jan | Feb | Mar | Apr | May | Jun | Jul | Aug | Sep | Oct | Nov | Dec 
2007: Jan | Feb | Mar | Apr | May | Jun | Jul | Aug | Sep | Oct | Nov | Dec 

Report for 2012 01
MONTHLY CLIMATOLOGICAL SUMMARY for January 2012 CITY: Blahová ELEV: 117 m LAT: 48° 5' 7" North LONG: 17° 32' 48" East TEMPERATURE (°C), BAROMETER (hPa), RAIN (mm), WIND SPEED (m/s) MEAN TEMPERATURE WIND DOM trans Ground DAY TEMP HIGH TIME LOW TIME HUM Baro Rain SPEED HIGH TIME DIR pirat min.temp time ------------------------------------------------------------------------------------------------------------------------------ 1 -0.2 0.5 22:08 -3.6 00:00 90 1020.2 1.7 1.3 3.4 15:49 E-NE 0.122 -5.1 00:00 2 1.8 4.3 13:37 -0.7 07:59 87 1015.5 0.0 2.0 7.6 15:51 NE 0.248 -0.7 07:46 3 5.7 9.3 14:06 2.2 01:54 84 1021.5 1.1 2.2 6.5 19:32 W-SW 0.599 2.7 03:09 4 3.5 5.7 15:49 1.6 01:54 86 1015.4 1.4 1.4 7.3 23:49 W-SW 0.178 1.3 01:14 5 4.2 4.9 18:43 2.4 05:27 79 994.6 1.4 4.0 15.6 10:01 S 0.350 2.2 01:39 6 3.5 6.3 11:23 1.7 23:57 68 1006.1 0.1 6.4 17.3 10:11 W 0.667 1.8 03:08 7 2.3 5.4 13:25 -1.3 06:53 80 1013.5 1.2 2.7 9.3 02:27 NW 0.537 -3.0 06:55 8 3.2 6.3 10:31 0.6 20:00 83 1014.3 0.3 2.7 10.0 09:35 W 0.448 -0.5 20:05 9 3.0 6.3 13:47 1.3 00:00 80 1022.7 0.0 2.7 8.6 13:58 W 0.468 0.5 20:43 10 4.7 7.8 13:46 1.3 04:21 78 1026.5 5.1 4.1 10.1 08:31 W 0.483 2.0 04:30 11 5.3 6.7 13:00 1.7 01:56 76 1029.8 0.0 3.1 8.1 21:29 W 0.548 1.7 02:03 12 5.8 10.3 13:07 3.7 22:47 70 1021.0 0.3 2.0 6.4 14:04 S 1.075 3.4 21:29 13 1.8 6.5 11:55 0.5 20:29 81 1015.0 1.8 2.8 14.9 12:43 W-SW 0.197 0.7 20:28 14 1.9 3.8 11:33 -0.4 22:48 69 1016.3 0.0 4.3 13.6 16:04 W 0.596 -0.3 22:47 15 -0.9 2.8 12:41 -2.2 07:15 72 1020.0 0.0 2.6 11.6 12:38 W 0.320 -2.9 07:11 16 -1.3 0.9 12:35 -4.1 06:23 71 1023.8 0.0 2.3 7.4 00:59 W 0.420 -5.3 05:59 17 0.4 1.2 12:46 -2.7 01:26 84 1023.8 0.0 2.7 12.2 10:24 W-SW 0.209 -2.7 01:17 18 0.9 4.7 14:39 -2.3 20:51 74 1028.1 0.0 2.3 9.2 12:28 W-SW 0.613 -4.4 20:47 19 2.9 4.2 15:10 -3.8 03:15 87 1015.0 14.2 2.6 9.1 06:29 S 0.199 -4.5 02:58 20 2.8 6.6 01:50 0.5 23:51 79 1010.5 2.0 2.0 12.9 13:41 W-SW 0.389 -0.1 23:46 21 1.0 5.3 12:02 -1.5 08:11 82 1009.5 15.2 2.5 10.4 18:23 S 0.553 -2.6 08:05 22 4.5 7.7 13:07 1.3 00:00 81 1006.1 6.7 3.7 11.3 12:50 W-SW 0.644 0.8 00:00 23 4.6 9.0 11:54 3.4 21:19 75 1013.0 0.0 2.0 12.6 06:03 W-SW 0.678 3.1 07:56 24 2.1 5.8 13:21 0.3 20:08 82 1016.3 0.0 2.3 7.8 12:23 NW 0.473 -1.3 20:12 25 -0.2 3.6 13:11 -2.1 23:26 74 1020.6 0.0 4.2 10.9 06:14 NW 0.575 -3.0 23:55 26 -2.5 1.9 12:59 -5.0 23:37 75 1022.2 0.0 1.6 8.8 10:50 NW 0.448 -5.7 23:26 27 -4.0 1.9 13:05 -7.6 05:57 78 1028.2 0.0 1.1 2.7 09:48 NE 0.482 -8.1 05:55 28 -3.2 1.5 13:59 -6.8 06:39 80 1030.2 0.0 1.5 5.8 14:17 E-NE 0.461 -7.9 02:41 29 -3.0 1.3 12:27 -6.8 23:55 78 1031.8 0.0 1.2 3.7 15:32 E-NE 0.372 -8.5 23:52 30 -4.1 1.7 14:38 -9.4 03:42 65 1031.1 0.0 1.4 3.9 13:51 N-NW 0.716 -10.1 04:02 31 -5.5 -0.3 14:04 -9.6 06:32 65 1028.9 0.0 1.4 5.6 10:00 E-NE 0.576 -11.3 07:02 ------------------------------------------------------------------------------------------------------------------------------ Avg: 1.3 10.3 12 -9.6 31 78 1019.1 52.6 2.6 17.3 6 W 14.643 Wind Run 8244.2 km Calm Values 1354 Calm in % 3.1 % Sun 92:05 h Distribution WD Values 42718 Distribution WD N-NO 1.0 % Distribution WD NO 7.0 % Distribution WD NO-O 8.7 % Distribution WD O 3.0 % Distribution WD O-SO 1.4 % Distribution WD SO 1.1 % Distribution WD SO-S 3.4 % Distribution WD S 6.9 % Distribution WD S-SW 5.0 % Distribution WD SW 8.1 % Distribution WD SW-W 14.5 % Distribution WD W 17.8 % Distribution WD W-NW 6.4 % Distribution WD NW 10.7 % Distribution WD NW-N 3.7 % Distribution WD N 1.4 % Rain days >0.0 mm Month 14 Rain days >2.0 mm Month 5 Rain days >20.0 mm Month 0 Ice days max < 0°C 1 Cold days min < 0°C 17 Cool days max < 10°C 30 Summer days max >=25°C 0 Hot days max >=30°C 0 Last year same Month: Ice days max < 0°C 6 Last year same Month: Cold days min < 0°C 22 Last year same Month: Cool days max < 10°C 29 Last year same Month: Summer days max >=25°C 0 Last year same Month: Hot days max >=30°C 0 © 1999-2011 Werner Krenn / Mischa Thurnherr - Weatherstation Operating- and Data Acquisition Software - V2.96.7


  ©UMa Astronomy

Creative Commons License
Meteo by UMa Astronomy is licensed under a Creative Commons Attribution-NonCommercial-NoDerivs 3.0 Unported License.