Blahová 11/18/2019
 Last update: 19:48
Updated every 10 minutes
 Cold 
 Akt.temp: 6.6°C
 Max.temp: 14.1°C
 Min.temp: 6.6°C
 Devpoint: 3 °C
 Wind speed: 1.7m/s
 Wind direction: E-SE
 Max wind gust: 8.4m/s
 Precipitation: 0.3mm
 Pressure: 1015.7 hPa
 P.tendency: +2.8 hPa/3h
 Humidity: 78%
 Abs.humidity: 5.89 g/m3
Ground temperature
Min.temp 4.0°C /19:48
Akt.temp
4.0°C

2019: Jan | Feb | Mar | Apr | May | Jun | Jul | Aug | Sep | Oct | Nov | Dec 
2018: Jan | Feb | Mar | Apr | May | Jun | Jul | Aug | Sep | Oct | Nov | Dec 
2017: Jan | Feb | Mar | Apr | May | Jun | Jul | Aug | Sep | Oct | Nov | Dec 
2016: Jan | Feb | Mar | Apr | May | Jun | Jul | Aug | Sep | Oct | Nov | Dec 
2015: Jan | Feb | Mar | Apr | May | Jun | Jul | Aug | Sep | Oct | Nov | Dec 
2014: Jan | Feb | Mar | Apr | May | Jun | Jul | Aug | Sep | Oct | Nov | Dec 
2013: Jan | Feb | Mar | Apr | May | Jun | Jul | Aug | Sep | Oct | Nov | Dec 
2012: Jan | Feb | Mar | Apr | May | Jun | Jul | Aug | Sep | Oct | Nov | Dec 
2011: Jan | Feb | Mar | Apr | May | Jun | Jul | Aug | Sep | Oct | Nov | Dec 
2010: Jan | Feb | Mar | Apr | May | Jun | Jul | Aug | Sep | Oct | Nov | Dec 
2009: Jan | Feb | Mar | Apr | May | Jun | Jul | Aug | Sep | Oct | Nov | Dec 
2008: Jan | Feb | Mar | Apr | May | Jun | Jul | Aug | Sep | Oct | Nov | Dec 
2007: Jan | Feb | Mar | Apr | May | Jun | Jul | Aug | Sep | Oct | Nov | Dec 

Report for 2012 02
MONTHLY CLIMATOLOGICAL SUMMARY for February 2012 CITY: Blahová ELEV: 117 m LAT: 48° 5' 7" North LONG: 17° 32' 48" East TEMPERATURE (°C), BAROMETER (hPa), RAIN (mm), WIND SPEED (m/s) MEAN TEMPERATURE WIND DOM trans Ground DAY TEMP HIGH TIME LOW TIME HUM Baro Rain SPEED HIGH TIME DIR pirat min.temp time ------------------------------------------------------------------------------------------------------------------------------ 1 -7.0 -0.9 13:28 -11.1 07:33 62 1026.1 0.0 1.9 5.9 20:29 N 0.586 -11.5 03:46 2 -9.4 -3.5 14:27 -12.7 07:33 54 1029.2 0.0 2.1 7.6 20:20 N-NW 0.568 -12.6 07:08 3 -10.3 -6.9 15:00 -15.2 07:45 53 1030.3 0.0 2.9 7.4 23:44 N-NW 0.400 -15.0 07:11 4 -10.1 -7.8 13:16 -11.0 23:22 47 1028.9 0.0 5.6 12.9 18:00 NW 0.394 -10.5 06:05 5 -10.6 -6.5 14:43 -12.7 23:57 65 1030.7 0.0 2.9 9.7 01:14 NW 0.314 -12.8 23:56 6 -11.1 -9.1 14:43 -13.6 01:22 67 1028.0 0.5 4.2 9.8 20:13 NW 0.263 -13.5 01:03 7 -9.4 -6.4 14:01 -11.9 23:04 72 1027.1 0.2 3.1 9.3 08:49 W 0.253 -11.8 22:49 8 -8.6 -0.9 13:34 -14.6 06:34 71 1032.8 0.0 0.7 4.3 14:58 W 0.446 -14.6 06:40 9 -7.5 -3.6 13:50 -10.4 07:22 72 1028.0 0.0 1.2 5.3 12:14 NW 0.385 -10.5 06:42 10 -9.5 -3.4 14:39 -12.6 07:34 68 1033.3 0.0 1.0 7.3 03:57 NW 0.417 -12.7 07:13 11 -8.4 -3.8 12:45 -14.2 04:29 64 1029.6 0.0 1.4 5.9 13:31 N-NW 0.344 -14.9 04:36 12 -8.9 -1.9 14:19 -15.0 07:24 63 1026.3 0.0 0.7 5.6 15:09 W 0.555 -14.9 06:55 13 -5.1 -0.8 13:35 -10.6 04:55 64 1018.5 0.0 2.7 8.4 14:48 W 0.636 -10.4 04:49 14 -3.8 1.3 13:49 -6.9 01:36 71 1013.6 0.0 2.1 7.3 13:27 W 0.507 -8.9 19:46 15 0.6 3.3 14:39 -5.3 00:00 81 998.4 6.5 5.3 16.7 16:08 S 0.243 -4.5 00:00 16 -1.1 1.5 13:14 -2.9 22:35 74 1017.3 0.3 3.7 14.9 04:17 W 0.272 -3.7 22:33 17 1.2 3.0 15:30 -3.4 02:46 84 1017.6 4.5 2.4 9.0 16:58 W 0.257 -3.5 02:48 18 3.0 7.8 14:58 0.9 23:53 82 1019.6 0.0 1.3 7.1 04:18 W 0.466 0.1 19:03 19 1.5 5.8 14:28 -0.7 07:08 84 1019.5 1.2 1.6 5.6 10:18 E-NE 0.485 -1.3 06:29 20 0.6 6.1 14:51 -1.9 23:56 78 1032.4 0.0 1.8 7.7 11:14 NW 0.635 -3.5 20:05 21 -1.1 6.3 15:32 -6.0 05:39 75 1031.8 0.0 0.7 3.7 12:43 E-SE 0.785 -6.8 05:48 22 1.4 8.6 14:33 -3.6 01:14 79 1029.9 0.0 0.4 2.7 13:38 W 0.797 -4.3 00:50 23 3.0 5.7 17:05 -3.0 07:02 82 1021.5 0.1 1.3 7.4 17:55 E-NE 0.403 -3.7 06:33 24 8.9 13.7 14:34 4.1 00:00 78 1019.3 0.0 3.7 9.6 18:57 W-SW 0.907 4.5 00:00 25 8.1 12.4 14:03 5.3 20:41 63 1016.3 0.0 3.5 10.8 14:29 W 1.399 3.6 20:34 26 2.8 6.8 09:50 0.4 23:50 73 1016.5 0.7 3.4 12.7 17:01 NW 0.500 -0.4 23:57 27 1.1 5.7 15:23 -3.0 02:34 61 1022.5 0.0 2.4 9.3 13:52 NW 0.925 -4.4 02:41 28 2.9 6.9 23:54 -1.3 00:00 88 1015.9 4.9 2.5 10.5 23:39 S 0.170 -1.7 00:00 29 9.3 14.6 14:29 6.5 21:31 75 1018.7 0.0 4.1 12.3 11:47 NW 1.310 5.8 21:22 ------------------------------------------------------------------------------------------------------------------------------ Avg: -2.7 14.6 29 -15.2 3 71 1023.4 19.0 2.4 16.7 15 NW 15.622 Wind Run 7385.4 km Calm Values 2559 Calm in % 6.1 % Sun 141:44 h Distribution WD Values 39146 Distribution WD N-NO 1.2 % Distribution WD NO 1.5 % Distribution WD NO-O 2.9 % Distribution WD O 1.8 % Distribution WD O-SO 1.5 % Distribution WD SO 1.2 % Distribution WD SO-S 2.0 % Distribution WD S 4.4 % Distribution WD S-SW 2.9 % Distribution WD SW 4.4 % Distribution WD SW-W 10.2 % Distribution WD W 20.2 % Distribution WD W-NW 9.3 % Distribution WD NW 20.6 % Distribution WD NW-N 10.4 % Distribution WD N 5.5 % Rain days >0.0 mm Month 9 Rain days >2.0 mm Month 3 Rain days >20.0 mm Month 0 Ice days max < 0°C 13 Cold days min < 0°C 24 Cool days max < 10°C 26 Summer days max >=25°C 0 Hot days max >=30°C 0 Last year same Month: Ice days max < 0°C 5 Last year same Month: Cold days min < 0°C 26 Last year same Month: Cool days max < 10°C 24 Last year same Month: Summer days max >=25°C 0 Last year same Month: Hot days max >=30°C 0 © 1999-2011 Werner Krenn / Mischa Thurnherr - Weatherstation Operating- and Data Acquisition Software - V2.96.7


  ©UMa Astronomy

Creative Commons License
Meteo by UMa Astronomy is licensed under a Creative Commons Attribution-NonCommercial-NoDerivs 3.0 Unported License.