Blahová 12/15/2019
 Last update: 17:03
Updated every 10 minutes
 Cold 
 Akt.temp: 4.6°C
 Max.temp: 6.9°C
 Min.temp: 1.0°C
 Devpoint: 1.6 °C
 Wind speed: 0.9m/s
 Wind direction: NE
 Max wind gust: 5.0m/s
 Precipitation: 0.0mm
 Pressure: 1011.4 hPa
 P.tendency: +1.1 hPa/3h
 Humidity: 81%
 Abs.humidity: 5.36 g/m3
Ground temperature
Min.temp 1.1°C /07:46
Akt.temp
3.4°C

2019: Jan | Feb | Mar | Apr | May | Jun | Jul | Aug | Sep | Oct | Nov | Dec 
2018: Jan | Feb | Mar | Apr | May | Jun | Jul | Aug | Sep | Oct | Nov | Dec 
2017: Jan | Feb | Mar | Apr | May | Jun | Jul | Aug | Sep | Oct | Nov | Dec 
2016: Jan | Feb | Mar | Apr | May | Jun | Jul | Aug | Sep | Oct | Nov | Dec 
2015: Jan | Feb | Mar | Apr | May | Jun | Jul | Aug | Sep | Oct | Nov | Dec 
2014: Jan | Feb | Mar | Apr | May | Jun | Jul | Aug | Sep | Oct | Nov | Dec 
2013: Jan | Feb | Mar | Apr | May | Jun | Jul | Aug | Sep | Oct | Nov | Dec 
2012: Jan | Feb | Mar | Apr | May | Jun | Jul | Aug | Sep | Oct | Nov | Dec 
2011: Jan | Feb | Mar | Apr | May | Jun | Jul | Aug | Sep | Oct | Nov | Dec 
2010: Jan | Feb | Mar | Apr | May | Jun | Jul | Aug | Sep | Oct | Nov | Dec 
2009: Jan | Feb | Mar | Apr | May | Jun | Jul | Aug | Sep | Oct | Nov | Dec 
2008: Jan | Feb | Mar | Apr | May | Jun | Jul | Aug | Sep | Oct | Nov | Dec 
2007: Jan | Feb | Mar | Apr | May | Jun | Jul | Aug | Sep | Oct | Nov | Dec 

Report for 2012 03
MONTHLY CLIMATOLOGICAL SUMMARY for March 2012 CITY: Blahová ELEV: 117 m LAT: 48° 5' 7" North LONG: 17° 32' 48" East TEMPERATURE (°C), BAROMETER (hPa), RAIN (mm), WIND SPEED (m/s) MEAN TEMPERATURE WIND DOM trans Ground DAY TEMP HIGH TIME LOW TIME HUM Baro Rain SPEED HIGH TIME DIR pirat min.temp time ------------------------------------------------------------------------------------------------------------------------------ 1 9.7 13.7 12:38 3.3 06:10 79 1023.0 0.0 1.1 4.8 11:52 NW 1.031 1.9 03:21 2 8.7 13.9 14:28 5.4 23:57 75 1023.3 0.0 3.7 8.6 18:01 NW 1.265 4.0 02:20 3 3.7 10.0 14:03 0.3 23:17 62 1025.2 0.0 3.1 9.1 12:36 NW 1.432 -1.2 23:42 4 2.6 9.0 14:11 -2.6 06:44 61 1022.3 0.0 0.7 5.7 03:06 N-NW 1.425 -4.0 06:44 5 2.2 9.2 14:09 -2.5 06:28 68 1020.9 0.0 1.4 4.4 08:06 NE 1.243 -3.5 06:08 6 0.4 6.4 13:09 -4.2 06:43 56 1026.3 0.0 2.7 7.3 14:25 NW 1.233 -5.7 23:47 7 -0.5 5.5 15:30 -6.9 06:28 60 1025.8 0.0 1.9 6.1 13:27 E-SE 1.036 -8.3 06:20 8 -0.5 1.3 11:33 -1.8 00:53 75 1025.0 0.8 1.0 5.6 10:13 E 0.313 -2.0 00:01 9 1.3 7.9 14:26 -2.4 22:54 76 1035.6 0.0 1.3 7.8 12:19 NW 0.910 -3.7 22:55 10 2.7 11.8 14:42 -5.2 04:47 68 1031.6 0.0 1.2 5.5 15:24 W-SW 1.557 -5.7 04:45 11 6.6 9.4 12:36 2.7 23:45 69 1021.4 0.0 3.6 13.5 15:56 W 0.802 1.5 23:27 12 6.8 8.6 15:34 2.5 00:06 78 1022.4 0.2 1.9 8.1 15:18 NW 0.447 2.2 00:00 13 8.8 12.1 12:22 6.4 04:59 70 1025.9 0.0 3.5 9.5 20:28 NW 1.031 6.8 04:51 14 7.4 10.2 13:31 6.1 23:47 68 1026.8 0.0 4.1 9.7 17:27 W 0.884 6.5 23:40 15 6.3 13.8 14:51 1.3 23:13 65 1028.8 0.0 2.4 9.4 10:36 NW 1.729 -0.9 22:55 16 8.2 17.9 15:11 -2.2 04:46 63 1025.2 0.0 0.9 3.2 11:38 NE 2.303 -3.5 05:21 17 11.2 20.7 15:10 1.3 05:57 54 1018.5 0.0 1.7 5.9 14:47 NE 3.215 -0.3 06:13 18 12.5 21.1 13:29 0.9 06:03 58 1015.2 0.0 2.7 12.7 16:00 S-SE 3.140 0.3 05:59 19 9.8 15.5 14:39 3.9 23:41 57 1026.3 0.0 2.2 7.9 05:06 NW 1.823 3.2 23:10 20 7.2 16.1 14:43 0.1 06:10 51 1033.8 0.0 0.7 4.8 15:02 NW 2.592 -1.3 05:22 21 9.5 19.9 14:48 -1.8 05:26 52 1032.9 0.0 0.7 4.8 12:01 NW 3.367 -3.2 05:49 22 10.9 20.7 15:04 3.4 02:28 62 1029.5 0.0 0.7 3.7 07:38 N-NW 2.846 2.2 02:23 23 12.3 21.1 14:10 4.7 04:55 54 1024.3 0.0 0.9 4.9 14:07 N 3.398 2.9 02:55 24 12.6 22.3 14:06 4.4 04:28 56 1023.0 0.0 1.2 6.7 16:03 NW 3.623 3.2 04:25 25 13.4 21.3 15:19 3.9 05:32 49 1023.7 0.0 2.4 9.9 17:22 NW 3.056 2.5 06:39 26 10.2 15.7 14:44 4.6 23:52 34 1029.4 0.0 3.9 11.0 09:22 NW 2.658 2.2 23:43 27 11.5 18.4 17:02 -1.4 06:14 48 1024.2 0.0 3.0 13.2 18:18 W 2.815 -2.9 06:13 28 14.6 21.0 15:57 8.2 06:51 52 1020.7 0.0 2.2 9.3 11:57 W 2.842 7.3 06:41 29 11.5 18.6 14:41 8.4 22:02 54 1010.6 0.0 4.6 14.1 18:27 W 2.821 8.6 06:52 30 8.9 12.3 14:37 6.5 03:53 70 1007.8 1.8 4.3 13.8 15:42 W 1.391 6.4 03:52 31 8.0 13.3 12:48 4.1 23:58 66 1003.3 0.9 4.3 16.5 19:18 W 1.367 3.9 23:38 ------------------------------------------------------------------------------------------------------------------------------ Avg: 7.7 22.3 24 -6.9 7 61 1023.6 3.7 2.3 16.5 31 NW 59.595 Wind Run 7452.5 km Calm Values 2912 Calm in % 6.6 % Sun 210:49 h Distribution WD Values 41353 Distribution WD N-NO 2.4 % Distribution WD NO 4.6 % Distribution WD NO-O 3.0 % Distribution WD O 2.8 % Distribution WD O-SO 3.3 % Distribution WD SO 1.8 % Distribution WD SO-S 2.3 % Distribution WD S 2.8 % Distribution WD S-SW 2.4 % Distribution WD SW 3.8 % Distribution WD SW-W 8.4 % Distribution WD W 17.5 % Distribution WD W-NW 9.5 % Distribution WD NW 20.6 % Distribution WD NW-N 9.2 % Distribution WD N 5.8 % Rain days >0.0 mm Month 4 Rain days >2.0 mm Month 0 Rain days >20.0 mm Month 0 Ice days max < 0°C 0 Cold days min < 0°C 10 Cool days max < 10°C 8 Summer days max >=25°C 0 Hot days max >=30°C 0 Last year same Month: Ice days max < 0°C 0 Last year same Month: Cold days min < 0°C 15 Last year same Month: Cool days max < 10°C 14 Last year same Month: Summer days max >=25°C 0 Last year same Month: Hot days max >=30°C 0 © 1999-2011 Werner Krenn / Mischa Thurnherr - Weatherstation Operating- and Data Acquisition Software - V2.96.7


  ©UMa Astronomy

Creative Commons License
Meteo by UMa Astronomy is licensed under a Creative Commons Attribution-NonCommercial-NoDerivs 3.0 Unported License.