Blahová 09/20/2019
 Last update: 09:13
Updated every 10 minutes
 Cold 
 Akt.temp: 10.9°C
 Max.temp: 10.9°C
 Min.temp: 3.3°C
 Devpoint: 6.3 °C
 Wind speed: 1.3m/s
 Wind direction: N-NW
 Max wind gust: 2.9m/s
 Precipitation: 0.0mm
 Pressure: 1028.4 hPa
 P.tendency: +1.5 hPa/3h
 Humidity: 73%
 Abs.humidity: 7.26 g/m3
Ground temperature
Min.temp 2.5°C /05:08
Akt.temp
13.6°C

2019: Jan | Feb | Mar | Apr | May | Jun | Jul | Aug | Sep | Oct | Nov | Dec 
2018: Jan | Feb | Mar | Apr | May | Jun | Jul | Aug | Sep | Oct | Nov | Dec 
2017: Jan | Feb | Mar | Apr | May | Jun | Jul | Aug | Sep | Oct | Nov | Dec 
2016: Jan | Feb | Mar | Apr | May | Jun | Jul | Aug | Sep | Oct | Nov | Dec 
2015: Jan | Feb | Mar | Apr | May | Jun | Jul | Aug | Sep | Oct | Nov | Dec 
2014: Jan | Feb | Mar | Apr | May | Jun | Jul | Aug | Sep | Oct | Nov | Dec 
2013: Jan | Feb | Mar | Apr | May | Jun | Jul | Aug | Sep | Oct | Nov | Dec 
2012: Jan | Feb | Mar | Apr | May | Jun | Jul | Aug | Sep | Oct | Nov | Dec 
2011: Jan | Feb | Mar | Apr | May | Jun | Jul | Aug | Sep | Oct | Nov | Dec 
2010: Jan | Feb | Mar | Apr | May | Jun | Jul | Aug | Sep | Oct | Nov | Dec 
2009: Jan | Feb | Mar | Apr | May | Jun | Jul | Aug | Sep | Oct | Nov | Dec 
2008: Jan | Feb | Mar | Apr | May | Jun | Jul | Aug | Sep | Oct | Nov | Dec 
2007: Jan | Feb | Mar | Apr | May | Jun | Jul | Aug | Sep | Oct | Nov | Dec 

Report for 2012 04
MONTHLY CLIMATOLOGICAL SUMMARY for April 2012 CITY: Blahová ELEV: 117 m LAT: 48° 5' 7" North LONG: 17° 32' 48" East TEMPERATURE (°C), BAROMETER (hPa), RAIN (mm), WIND SPEED (m/s) MEAN TEMPERATURE WIND DOM trans Ground DAY TEMP HIGH TIME LOW TIME HUM Baro Rain SPEED HIGH TIME DIR pirat min.temp time ------------------------------------------------------------------------------------------------------------------------------ 1 4.0 9.0 16:21 0.9 03:40 56 1013.5 0.0 2.7 12.6 08:46 W 1.483 -1.9 23:01 2 8.8 17.1 15:47 1.3 00:00 45 1008.3 0.0 1.9 9.1 11:47 S-SW 3.450 -0.5 00:05 3 10.9 20.3 15:30 -0.3 06:38 55 1006.4 0.0 1.3 4.2 13:21 N 3.793 -1.0 06:15 4 14.6 23.6 14:54 7.5 03:50 56 1006.1 0.0 1.8 9.0 09:26 S 5.197 5.2 00:53 5 14.2 22.3 14:52 6.0 06:25 69 1008.3 1.7 1.0 7.9 18:46 N 4.016 4.4 06:24 6 9.5 13.5 14:23 7.9 22:14 82 1006.3 5.6 1.3 6.0 00:26 W 1.160 7.5 22:14 7 7.8 13.4 11:43 3.1 05:24 77 1002.0 2.8 3.3 9.3 20:56 S 0.876 1.6 05:26 8 2.6 7.3 13:29 0.1 23:50 66 1008.2 0.0 4.0 12.9 14:42 NW 1.128 -0.2 23:51 9 3.3 10.2 14:50 -2.4 06:02 50 1011.3 0.0 1.8 8.8 11:00 NW 2.367 -3.3 06:10 10 8.0 14.2 15:48 -3.0 04:43 48 1007.8 0.0 3.6 10.7 18:12 E-SE 2.694 -4.1 04:28 11 12.5 18.3 14:49 5.7 05:06 53 999.0 0.0 3.2 9.6 05:32 E-SE 3.213 4.8 05:07 12 7.0 10.7 00:30 2.9 23:58 81 1002.1 2.7 2.1 8.6 14:25 W-SW 0.623 1.7 23:43 13 10.3 17.1 15:33 -0.2 03:11 69 1002.1 0.1 1.5 5.9 12:55 E-NE 2.327 -0.3 04:18 14 11.4 14.8 16:40 7.7 05:06 69 996.6 0.1 1.8 8.9 12:23 N-NW 1.706 6.6 05:16 15 11.4 16.6 14:03 8.7 06:40 73 996.9 0.1 1.7 7.3 17:35 NW 2.084 9.0 05:44 16 7.4 10.5 10:18 4.8 22:17 83 1007.1 1.8 4.4 9.9 22:05 W 0.763 5.1 22:15 17 7.9 12.8 15:20 3.7 23:58 55 1009.0 0.0 3.8 12.1 02:55 NW 2.278 2.0 23:58 18 8.7 15.1 15:13 -1.4 05:58 59 999.6 0.0 0.9 3.9 13:45 W 2.748 -2.3 06:01 19 11.6 17.9 15:19 3.3 02:49 60 994.8 0.0 1.8 9.8 12:34 E 3.111 2.2 02:59 20 12.6 20.5 15:05 3.4 05:47 65 997.3 0.0 1.9 7.8 15:34 E-SE 3.592 1.8 05:43 21 12.2 17.7 16:20 6.6 23:27 64 1004.9 0.8 1.8 7.2 16:14 W-SW 2.647 5.5 23:45 22 9.6 16.8 11:52 4.0 05:55 77 1007.9 2.0 1.4 9.3 15:44 W 2.340 2.7 04:13 23 11.2 16.1 14:15 4.5 05:55 66 1008.5 0.1 2.1 6.3 15:44 W-SW 2.708 3.6 05:57 24 12.1 18.8 14:36 5.9 05:28 75 1001.4 3.6 3.5 15.7 12:45 S-SE 3.357 5.3 05:29 25 12.4 19.5 15:12 3.4 04:27 61 1008.8 0.1 1.5 7.0 11:30 W-SW 3.561 3.4 04:15 26 16.3 22.1 17:15 8.0 01:49 57 1013.1 0.0 2.4 9.2 14:14 E-NE 4.017 6.6 01:47 27 16.7 24.7 15:27 9.1 04:40 59 1018.8 0.0 1.1 7.3 13:20 NE 5.163 6.9 04:50 28 21.0 28.7 15:30 11.5 01:54 47 1019.8 0.0 2.9 10.8 14:48 E-SE 7.520 9.0 04:15 29 22.0 29.6 15:19 12.4 04:03 43 1015.1 0.0 2.5 12.5 11:14 E-SE 8.181 9.6 05:02 30 21.5 30.7 14:59 11.2 05:35 46 1014.6 0.0 1.4 7.9 15:08 E-SE 9.119 9.5 05:11 ------------------------------------------------------------------------------------------------------------------------------ Avg: 11.3 30.7 30 -3.0 10 62 1006.5 21.5 2.2 15.7 24 E-SE 97.224 Wind Run 7442.9 km Calm Values 1411 Calm in % 3.3 % Sun 235:44 h Distribution WD Values 41553 Distribution WD N-NO 1.6 % Distribution WD NO 4.1 % Distribution WD NO-O 6.9 % Distribution WD O 9.8 % Distribution WD O-SO 10.9 % Distribution WD SO 5.2 % Distribution WD SO-S 5.9 % Distribution WD S 6.5 % Distribution WD S-SW 3.9 % Distribution WD SW 4.3 % Distribution WD SW-W 7.9 % Distribution WD W 9.9 % Distribution WD W-NW 4.7 % Distribution WD NW 9.8 % Distribution WD NW-N 4.8 % Distribution WD N 3.9 % Rain days >0.0 mm Month 13 Rain days >2.0 mm Month 5 Rain days >20.0 mm Month 0 Ice days max < 0°C 0 Cold days min < 0°C 5 Cool days max < 10°C 2 Summer days max >=25°C 3 Hot days max >=30°C 1 Last year same Month: Ice days max < 0°C 0 Last year same Month: Cold days min < 0°C 0 Last year same Month: Cool days max < 10°C 1 Last year same Month: Summer days max >=25°C 4 Last year same Month: Hot days max >=30°C 0 © 1999-2011 Werner Krenn / Mischa Thurnherr - Weatherstation Operating- and Data Acquisition Software - V2.96.7


  ©UMa Astronomy

Creative Commons License
Meteo by UMa Astronomy is licensed under a Creative Commons Attribution-NonCommercial-NoDerivs 3.0 Unported License.