Blahová 10/17/2019
 Last update: 23:43
Updated every 10 minutes
 Cold 
 Akt.temp: 9.7°C
 Max.temp: 20.1°C
 Min.temp: 5.3°C
 Devpoint: 6.1 °C
 Wind speed: 0.0m/s
 Wind direction: E
 Max wind gust: 3.4m/s
 Precipitation: 0.2mm
 Pressure: 1016.1 hPa
 P.tendency: -0.3 hPa/3h
 Humidity: 78%
 Abs.humidity: 7.19 g/m3
Ground temperature
Min.temp 5.3°C /01:51
Akt.temp
7.3°C

2019: Jan | Feb | Mar | Apr | May | Jun | Jul | Aug | Sep | Oct | Nov | Dec 
2018: Jan | Feb | Mar | Apr | May | Jun | Jul | Aug | Sep | Oct | Nov | Dec 
2017: Jan | Feb | Mar | Apr | May | Jun | Jul | Aug | Sep | Oct | Nov | Dec 
2016: Jan | Feb | Mar | Apr | May | Jun | Jul | Aug | Sep | Oct | Nov | Dec 
2015: Jan | Feb | Mar | Apr | May | Jun | Jul | Aug | Sep | Oct | Nov | Dec 
2014: Jan | Feb | Mar | Apr | May | Jun | Jul | Aug | Sep | Oct | Nov | Dec 
2013: Jan | Feb | Mar | Apr | May | Jun | Jul | Aug | Sep | Oct | Nov | Dec 
2012: Jan | Feb | Mar | Apr | May | Jun | Jul | Aug | Sep | Oct | Nov | Dec 
2011: Jan | Feb | Mar | Apr | May | Jun | Jul | Aug | Sep | Oct | Nov | Dec 
2010: Jan | Feb | Mar | Apr | May | Jun | Jul | Aug | Sep | Oct | Nov | Dec 
2009: Jan | Feb | Mar | Apr | May | Jun | Jul | Aug | Sep | Oct | Nov | Dec 
2008: Jan | Feb | Mar | Apr | May | Jun | Jul | Aug | Sep | Oct | Nov | Dec 
2007: Jan | Feb | Mar | Apr | May | Jun | Jul | Aug | Sep | Oct | Nov | Dec 

Report for 2012 05
MONTHLY CLIMATOLOGICAL SUMMARY for May 2012 CITY: Blahová ELEV: 117 m LAT: 48° 5' 7" North LONG: 17° 32' 48" East TEMPERATURE (°C), BAROMETER (hPa), RAIN (mm), WIND SPEED (m/s) MEAN TEMPERATURE WIND DOM trans Ground DAY TEMP HIGH TIME LOW TIME HUM Baro Rain SPEED HIGH TIME DIR pirat min.temp time ------------------------------------------------------------------------------------------------------------------------------ 1 21.5 31.2 15:10 11.0 05:43 51 1014.6 0.0 1.3 9.7 16:16 E-NE 8.456 10.1 04:44 2 22.2 31.4 14:43 11.0 05:41 50 1011.1 0.0 1.2 7.1 18:08 N 8.883 10.4 04:57 3 17.2 23.5 16:09 14.0 04:02 71 1007.6 15.3 2.0 9.7 07:27 W-SW 3.302 14.4 22:23 4 12.7 17.1 12:42 9.7 23:53 85 1005.9 13.9 1.2 7.3 15:51 W-SW 0.965 9.1 23:45 5 17.0 23.2 15:26 7.2 05:45 69 1005.4 0.1 2.4 9.2 17:14 S-SE 3.795 6.9 04:53 6 17.9 23.3 15:12 7.7 05:05 64 1008.8 0.0 1.5 7.9 21:48 S 4.107 7.4 05:05 7 14.6 19.2 14:39 10.7 23:55 68 1015.2 0.0 2.8 8.9 16:04 NW 2.644 10.2 23:54 8 14.7 22.7 18:04 7.9 03:44 59 1017.3 0.0 1.2 5.9 07:39 NW 4.981 7.5 03:50 9 17.2 25.1 14:41 7.9 01:36 61 1019.0 0.0 1.9 8.2 16:01 E-SE 5.358 7.2 01:08 10 18.9 27.1 14:29 10.1 02:44 58 1023.9 0.0 0.8 5.6 10:43 S 6.555 9.2 02:52 11 20.8 28.9 15:14 10.1 04:39 57 1023.5 0.0 1.5 6.8 11:33 S-SE 7.154 9.1 04:44 12 16.2 25.8 12:38 10.4 22:37 68 1022.4 1.3 3.2 12.6 16:53 NW 3.218 10.4 22:16 13 10.8 15.3 14:14 8.2 23:59 54 1023.7 0.0 4.0 10.6 13:13 NW 2.938 8.1 22:48 14 11.2 14.9 17:45 7.3 01:16 65 1016.1 0.1 2.1 7.1 01:26 N-NW 2.270 7.1 01:15 15 12.6 19.4 17:25 7.2 23:41 58 1008.3 0.0 0.6 7.8 15:34 W 3.349 6.0 22:44 16 12.3 15.7 13:44 6.1 01:34 56 1011.8 0.0 5.0 12.8 13:23 NW 2.588 5.1 01:28 17 10.4 15.0 13:43 5.6 23:27 47 1018.0 0.0 3.8 14.2 12:13 NW 3.018 4.7 23:33 18 12.2 18.6 15:45 0.5 05:29 50 1017.0 0.0 1.3 8.6 15:33 E-SE 3.548 -1.8 05:23 19 16.7 23.0 15:34 4.7 03:10 54 1015.4 0.0 1.5 6.8 11:38 E 4.853 3.2 03:05 20 19.8 26.5 15:21 8.9 05:24 53 1010.8 0.0 2.0 10.4 17:35 E 6.082 7.2 03:37 21 20.4 26.7 15:13 13.4 05:21 66 1006.0 0.3 1.9 10.8 14:12 E 5.658 11.6 05:09 22 17.0 21.9 16:25 14.0 23:03 83 1005.2 8.8 1.6 10.8 17:12 E-NE 1.330 13.8 22:10 23 19.4 28.0 11:58 11.6 05:34 74 1012.3 15.1 1.7 7.9 12:24 N-NW 1.611 11.3 05:29 24 21.4 26.5 12:43 17.5 02:27 53 1016.7 0.0 3.9 15.2 15:32 N-NW 5.063 16.0 02:17 25 18.8 23.7 15:00 13.3 05:54 46 1018.8 0.0 2.8 9.8 12:19 N-NW 5.053 12.8 05:36 26 18.0 23.9 17:06 11.1 05:36 45 1018.0 0.0 1.6 7.0 18:44 N-NW 5.298 10.5 05:30 27 18.6 24.4 17:30 11.7 23:57 45 1016.3 0.0 0.9 5.4 12:02 N 5.444 9.9 23:58 28 16.1 22.6 14:26 8.3 05:22 71 1012.0 15.7 0.4 7.9 15:20 E-NE 4.376 7.5 05:02 29 18.1 25.9 17:55 9.0 04:33 65 1010.6 0.0 0.7 5.1 14:46 NW 4.731 8.8 04:13 30 19.6 26.2 15:19 14.7 05:32 61 1014.0 0.0 2.4 9.3 15:34 W 5.653 11.7 20:49 31 18.3 24.9 13:38 13.5 04:37 64 1016.3 0.0 0.9 6.0 18:31 W-SW 4.452 10.1 00:00 ------------------------------------------------------------------------------------------------------------------------------ Avg: 16.8 31.4 2 0.5 18 60 1014.3 70.8 1.9 15.2 24 NW 136.732 Wind Run 6803.9 km Calm Values 3638 Calm in % 8.3 % Sun 275:06 h Distribution WD Values 40344 Distribution WD N-NO 1.7 % Distribution WD NO 4.2 % Distribution WD NO-O 6.8 % Distribution WD O 6.4 % Distribution WD O-SO 6.9 % Distribution WD SO 4.7 % Distribution WD SO-S 5.2 % Distribution WD S 4.7 % Distribution WD S-SW 2.4 % Distribution WD SW 3.3 % Distribution WD SW-W 7.0 % Distribution WD W 9.1 % Distribution WD W-NW 4.9 % Distribution WD NW 14.1 % Distribution WD NW-N 10.8 % Distribution WD N 7.8 % Rain days >0.0 mm Month 9 Rain days >2.0 mm Month 5 Rain days >20.0 mm Month 0 Ice days max < 0°C 0 Cold days min < 0°C 0 Cool days max < 10°C 0 Summer days max >=25°C 12 Hot days max >=30°C 2 Last year same Month: Ice days max < 0°C 0 Last year same Month: Cold days min < 0°C 1 Last year same Month: Cool days max < 10°C 0 Last year same Month: Summer days max >=25°C 13 Last year same Month: Hot days max >=30°C 1 © 1999-2012 Werner Krenn / Mischa Thurnherr - Weatherstation Operating- and Data Acquisition Software - V2.96.10


  ©UMa Astronomy

Creative Commons License
Meteo by UMa Astronomy is licensed under a Creative Commons Attribution-NonCommercial-NoDerivs 3.0 Unported License.