Blahová 10/17/2019
 Last update: 23:48
Updated every 10 minutes
 Cold 
 Akt.temp: 9.7°C
 Max.temp: 20.1°C
 Min.temp: 5.3°C
 Devpoint: 6.1 °C
 Wind speed: 0.0m/s
 Wind direction: E-SE
 Max wind gust: 3.4m/s
 Precipitation: 0.2mm
 Pressure: 1016.1 hPa
 P.tendency: -0.3 hPa/3h
 Humidity: 78%
 Abs.humidity: 7.19 g/m3
Ground temperature
Min.temp 5.3°C /01:51
Akt.temp
7.2°C

2019: Jan | Feb | Mar | Apr | May | Jun | Jul | Aug | Sep | Oct | Nov | Dec 
2018: Jan | Feb | Mar | Apr | May | Jun | Jul | Aug | Sep | Oct | Nov | Dec 
2017: Jan | Feb | Mar | Apr | May | Jun | Jul | Aug | Sep | Oct | Nov | Dec 
2016: Jan | Feb | Mar | Apr | May | Jun | Jul | Aug | Sep | Oct | Nov | Dec 
2015: Jan | Feb | Mar | Apr | May | Jun | Jul | Aug | Sep | Oct | Nov | Dec 
2014: Jan | Feb | Mar | Apr | May | Jun | Jul | Aug | Sep | Oct | Nov | Dec 
2013: Jan | Feb | Mar | Apr | May | Jun | Jul | Aug | Sep | Oct | Nov | Dec 
2012: Jan | Feb | Mar | Apr | May | Jun | Jul | Aug | Sep | Oct | Nov | Dec 
2011: Jan | Feb | Mar | Apr | May | Jun | Jul | Aug | Sep | Oct | Nov | Dec 
2010: Jan | Feb | Mar | Apr | May | Jun | Jul | Aug | Sep | Oct | Nov | Dec 
2009: Jan | Feb | Mar | Apr | May | Jun | Jul | Aug | Sep | Oct | Nov | Dec 
2008: Jan | Feb | Mar | Apr | May | Jun | Jul | Aug | Sep | Oct | Nov | Dec 
2007: Jan | Feb | Mar | Apr | May | Jun | Jul | Aug | Sep | Oct | Nov | Dec 

Report for 2012 06
MONTHLY CLIMATOLOGICAL SUMMARY for June 2012 CITY: Blahová ELEV: 117 m LAT: 48° 5' 7" North LONG: 17° 32' 48" East TEMPERATURE (°C), BAROMETER (hPa), RAIN (mm), WIND SPEED (m/s) MEAN TEMPERATURE WIND DOM trans Ground DAY TEMP HIGH TIME LOW TIME HUM Baro Rain SPEED HIGH TIME DIR pirat min.temp time ------------------------------------------------------------------------------------------------------------------------------ 1 15.0 20.7 16:59 12.3 23:21 81 1012.7 8.6 2.1 9.8 09:44 W-SW 1.652 10.3 --:-- 2 14.9 18.8 18:08 10.4 03:26 82 1014.8 0.6 1.5 7.1 16:53 S 1.074 8.3 --:-- 3 21.8 27.6 15:45 10.8 02:13 69 1007.5 0.0 2.8 7.4 21:04 E-NE 3.472 9.0 --:-- 4 16.8 20.9 13:04 14.1 23:36 77 1009.1 0.0 1.8 7.8 17:24 W 1.695 13.3 --:-- 5 13.6 19.3 13:49 11.0 23:56 69 1013.3 1.6 4.8 14.1 14:34 W 2.872 10.4 --:-- 6 16.3 21.5 17:32 6.5 05:05 66 1011.5 0.0 0.8 6.3 00:01 S 3.388 5.5 --:-- 7 21.2 26.1 17:27 13.5 05:09 64 1008.7 0.0 1.5 6.1 13:53 E-SE 4.527 12.1 --:-- 8 24.1 29.4 15:00 14.5 05:20 61 1008.9 0.0 1.4 10.8 22:51 E-NE 5.777 12.7 --:-- 9 18.0 22.6 09:04 14.7 23:38 77 1014.3 5.0 1.3 8.3 13:43 NW 2.396 14.1 --:-- 10 16.7 23.9 17:44 12.7 04:52 82 1008.6 2.7 1.3 8.1 19:50 W 1.813 11.4 --:-- 11 15.9 21.6 15:15 13.2 05:57 79 1004.7 3.6 0.7 3.8 12:33 W-SW 1.802 11.7 --:-- 12 16.9 21.4 14:16 13.6 03:49 81 1001.3 0.0 2.3 9.0 15:02 S-SE 1.986 12.8 --:-- 13 15.9 20.0 14:41 11.5 23:55 78 1010.4 1.9 1.8 8.9 15:53 W-SW 2.124 9.6 --:-- 14 17.5 24.3 17:10 11.3 00:04 66 1017.2 0.0 1.1 7.5 11:36 W-SW 4.009 9.5 --:-- 15 19.6 25.7 17:41 11.9 02:41 70 1020.2 4.4 0.8 4.8 04:46 E-NE 4.447 10.4 --:-- 16 23.9 30.6 15:09 13.7 05:03 58 1019.8 0.0 2.1 8.1 16:32 E-SE 6.971 12.3 --:-- 17 24.6 32.1 15:24 15.9 04:28 60 1020.2 0.0 0.9 5.6 11:02 E-NE 7.590 13.6 --:-- 18 25.9 32.6 15:36 16.3 04:56 57 1017.5 0.0 1.6 8.3 15:48 E-SE 7.987 15.1 --:-- 19 27.0 33.7 15:09 16.6 04:24 53 1016.5 0.0 1.6 5.0 14:00 E-NE 9.011 14.9 --:-- 20 27.5 34.2 15:36 17.8 05:06 52 1011.5 0.0 1.7 8.7 11:56 E 9.370 16.1 --:-- 21 26.3 32.4 15:07 20.0 05:57 64 1009.3 5.0 0.9 7.3 22:58 NW 7.028 20.1 06:02 22 21.5 27.2 17:32 17.5 23:49 76 1016.5 17.2 1.6 8.7 14:18 W 3.102 17.5 23:45 23 21.0 26.9 17:51 15.8 04:22 66 1021.7 0.0 0.6 5.1 17:38 NW 3.576 15.3 23:56 24 23.1 29.3 16:09 12.7 04:40 61 1015.5 0.0 1.7 8.6 23:58 S-SE 5.998 12.8 04:57 25 17.6 23.0 --:-- 14.7 23:49 74 1013.8 5.7 1.7 8.1 09:26 W-SW 0.729 14.6 23:44 26 18.4 24.6 17:22 12.8 23:48 59 1018.4 0.0 1.3 9.9 11:13 W 4.490 12.3 23:48 27 20.2 26.5 17:04 11.5 04:32 53 1018.2 0.0 1.8 7.7 16:18 NW 5.470 11.3 04:31 28 22.2 28.9 17:25 14.3 01:28 65 1013.6 0.4 0.8 4.8 13:57 E-NE 5.112 14.1 00:48 29 25.5 31.9 15:16 16.3 04:11 63 1012.9 0.0 1.8 6.9 15:43 E-NE 6.308 16.1 04:13 30 28.7 34.7 14:30 19.4 04:54 57 1013.7 0.0 1.8 6.5 13:14 E-NE 8.114 18.8 04:11 ------------------------------------------------------------------------------------------------------------------------------ Avg: 20.6 34.7 30 6.5 6 67 1013.4 56.8 1.6 14.1 5 W 133.894 Wind Run 5397.0 km Calm Values 4740 Calm in % 11.0 % Sun 222:00 h Distribution WD Values 38426 Distribution WD N-NO 1.2 % Distribution WD NO 4.5 % Distribution WD NO-O 8.9 % Distribution WD O 6.9 % Distribution WD O-SO 7.9 % Distribution WD SO 5.0 % Distribution WD SO-S 6.7 % Distribution WD S 7.7 % Distribution WD S-SW 4.5 % Distribution WD SW 5.0 % Distribution WD SW-W 10.1 % Distribution WD W 10.7 % Distribution WD W-NW 5.1 % Distribution WD NW 8.5 % Distribution WD NW-N 4.3 % Distribution WD N 3.1 % Rain days >0.0 mm Month 12 Rain days >2.0 mm Month 8 Rain days >20.0 mm Month 0 Ice days max < 0°C 0 Cold days min < 0°C 0 Cool days max < 10°C 0 Summer days max >=25°C 17 Hot days max >=30°C 8 Last year same Month: Ice days max < 0°C 0 Last year same Month: Cold days min < 0°C 0 Last year same Month: Cool days max < 10°C 0 Last year same Month: Summer days max >=25°C 20 Last year same Month: Hot days max >=30°C 2 © 1999-2012 Werner Krenn / Mischa Thurnherr - Weatherstation Operating- and Data Acquisition Software - V2.96.10


  ©UMa Astronomy

Creative Commons License
Meteo by UMa Astronomy is licensed under a Creative Commons Attribution-NonCommercial-NoDerivs 3.0 Unported License.