Blahová 11/13/2019
 Last update: 20:58
Updated every 10 minutes
 Cold 
 Akt.temp: 5.3°C
 Max.temp: 9.9°C
 Min.temp: 4.8°C
 Devpoint: 1.8 °C
 Wind speed: 1.8m/s
 Wind direction: W
 Max wind gust: 7.7m/s
 Precipitation: 11.8mm
 Pressure: 1005.9 hPa
 P.tendency: +3.4 hPa/3h
 Humidity: 78%
 Abs.humidity: 5.41 g/m3
Ground temperature
Min.temp 5.8°C /18:24
Akt.temp
6.5°C

2019: Jan | Feb | Mar | Apr | May | Jun | Jul | Aug | Sep | Oct | Nov | Dec 
2018: Jan | Feb | Mar | Apr | May | Jun | Jul | Aug | Sep | Oct | Nov | Dec 
2017: Jan | Feb | Mar | Apr | May | Jun | Jul | Aug | Sep | Oct | Nov | Dec 
2016: Jan | Feb | Mar | Apr | May | Jun | Jul | Aug | Sep | Oct | Nov | Dec 
2015: Jan | Feb | Mar | Apr | May | Jun | Jul | Aug | Sep | Oct | Nov | Dec 
2014: Jan | Feb | Mar | Apr | May | Jun | Jul | Aug | Sep | Oct | Nov | Dec 
2013: Jan | Feb | Mar | Apr | May | Jun | Jul | Aug | Sep | Oct | Nov | Dec 
2012: Jan | Feb | Mar | Apr | May | Jun | Jul | Aug | Sep | Oct | Nov | Dec 
2011: Jan | Feb | Mar | Apr | May | Jun | Jul | Aug | Sep | Oct | Nov | Dec 
2010: Jan | Feb | Mar | Apr | May | Jun | Jul | Aug | Sep | Oct | Nov | Dec 
2009: Jan | Feb | Mar | Apr | May | Jun | Jul | Aug | Sep | Oct | Nov | Dec 
2008: Jan | Feb | Mar | Apr | May | Jun | Jul | Aug | Sep | Oct | Nov | Dec 
2007: Jan | Feb | Mar | Apr | May | Jun | Jul | Aug | Sep | Oct | Nov | Dec 

Report for 2012 07
MONTHLY CLIMATOLOGICAL SUMMARY for July 2012 CITY: Blahová ELEV: 117 m LAT: 48° 5' 7" North LONG: 17° 32' 48" East TEMPERATURE (°C), BAROMETER (hPa), RAIN (mm), WIND SPEED (m/s) MEAN TEMPERATURE WIND DOM trans Ground DAY TEMP HIGH TIME LOW TIME HUM Baro Rain SPEED HIGH TIME DIR pirat min.temp time ------------------------------------------------------------------------------------------------------------------------------ 1 29.2 35.7 15:56 21.3 05:29 52 1013.8 0.0 1.8 7.8 14:38 E-NE 8.730 20.4 04:29 2 28.5 35.1 15:49 20.0 05:20 55 1016.3 0.0 1.3 7.5 17:43 E-SE 7.757 20.0 05:22 3 27.6 35.3 15:15 20.7 05:39 51 1013.6 0.0 1.2 9.4 21:51 E 9.900 19.8 05:25 4 25.8 34.1 15:01 20.7 05:09 61 1012.4 0.0 0.8 7.7 15:48 N 8.037 20.6 23:58 5 24.7 35.0 14:02 18.6 05:09 64 1011.7 1.5 1.9 13.6 20:34 N 8.398 18.5 04:49 6 25.0 34.5 14:21 16.2 05:09 68 1010.3 3.8 1.2 8.2 19:57 E-SE 8.260 16.5 05:08 7 27.1 33.3 17:11 17.9 05:20 59 1011.3 0.0 1.6 7.5 00:27 E-NE 7.213 17.9 05:24 8 27.2 33.4 17:15 21.1 04:54 54 1009.5 0.0 1.8 6.8 16:56 NW 6.926 20.7 04:54 9 26.4 31.4 15:41 19.9 02:41 48 1012.4 0.0 2.8 7.1 07:26 NW 7.015 19.6 02:35 10 24.1 31.5 14:15 18.7 05:35 57 1014.1 0.4 1.6 7.9 21:00 NW 7.359 18.4 05:38 11 25.3 31.6 14:04 17.4 05:10 53 1012.7 0.3 1.4 11.9 15:16 S 6.863 17.6 05:08 12 21.7 25.8 14:29 18.0 23:50 53 1015.5 0.9 2.5 9.7 12:16 W-SW 5.394 17.6 23:49 13 13.9 18.0 00:00 11.1 23:59 80 1013.5 14.0 0.9 3.9 10:20 N-NW 0.616 11.8 23:30 14 16.6 22.2 15:42 10.5 00:42 84 1011.5 1.9 0.7 10.7 16:53 E-NE 1.837 11.4 00:36 15 16.0 20.1 18:07 13.9 23:55 82 1014.3 4.0 1.1 5.3 13:23 W-SW 0.654 14.1 23:49 16 16.2 20.7 15:33 11.8 23:59 71 1021.8 2.6 2.0 9.9 12:23 W 1.749 11.6 23:55 17 17.3 22.1 17:59 10.2 05:23 71 1020.4 0.6 1.4 10.1 13:45 W-SW 2.992 10.2 05:37 18 20.6 25.9 15:48 15.5 00:00 61 1017.4 0.0 2.1 7.9 10:18 W-SW 4.454 15.3 00:00 19 21.0 31.3 14:29 14.6 05:16 71 1010.8 3.5 2.4 13.4 19:32 S 7.061 14.0 05:13 20 18.1 20.5 15:55 15.5 23:56 78 1014.7 10.2 0.6 7.5 22:52 W 1.864 16.2 23:04 21 16.4 20.8 14:01 14.0 08:17 81 1016.6 14.0 1.6 5.7 13:44 NW 2.162 14.8 23:55 22 17.8 22.2 16:00 13.7 05:18 64 1021.6 0.0 3.4 9.7 17:26 NW 3.042 13.8 05:21 23 20.4 26.7 15:21 12.5 05:20 62 1023.4 0.0 1.3 6.8 12:17 N-NW 5.198 12.1 05:38 24 21.9 29.8 15:05 15.0 05:15 69 1018.8 0.6 1.3 8.2 20:00 N-NW 5.444 14.6 04:32 25 20.5 24.7 13:27 18.6 05:01 81 1013.8 9.6 1.4 6.3 14:32 N-NW 1.643 18.9 04:53 26 22.4 28.7 15:37 17.3 05:38 73 1014.6 0.0 1.0 4.9 16:52 N-NW 3.751 17.6 05:53 27 24.5 30.9 14:45 17.3 05:15 67 1013.2 0.0 0.5 5.4 14:34 NW 5.427 17.1 05:30 28 26.1 32.1 15:34 18.9 05:23 61 1010.9 12.9 2.4 12.3 23:21 E-SE 5.965 18.3 05:16 29 21.5 27.1 15:33 17.3 04:42 75 1012.0 5.8 0.7 7.4 01:11 NW 3.011 17.8 04:32 30 20.3 25.0 11:37 15.7 23:54 66 1017.4 0.0 1.6 7.7 14:31 NW 3.574 15.8 23:45 31 21.2 28.9 15:29 15.9 00:00 62 1017.5 0.0 0.7 4.4 13:17 NW 5.609 16.0 00:00 ------------------------------------------------------------------------------------------------------------------------------ Avg: 22.1 35.7 1 10.2 17 66 1014.8 86.6 1.5 13.6 5 NW 157.901 Wind Run 5484.6 km Calm Values 4882 Calm in % 11.0 % Sun 213:40 h Distribution WD Values 39573 Distribution WD N-NO 2.1 % Distribution WD NO 3.8 % Distribution WD NO-O 5.6 % Distribution WD O 4.6 % Distribution WD O-SO 5.2 % Distribution WD SO 3.1 % Distribution WD SO-S 4.0 % Distribution WD S 5.4 % Distribution WD S-SW 3.7 % Distribution WD SW 4.8 % Distribution WD SW-W 9.4 % Distribution WD W 11.4 % Distribution WD W-NW 6.1 % Distribution WD NW 13.8 % Distribution WD NW-N 9.8 % Distribution WD N 7.2 % Rain days >0.0 mm Month 17 Rain days >2.0 mm Month 10 Rain days >20.0 mm Month 0 Ice days max < 0°C 0 Cold days min < 0°C 0 Cool days max < 10°C 0 Summer days max >=25°C 22 Hot days max >=30°C 14 Last year same Month: Ice days max < 0°C 0 Last year same Month: Cold days min < 0°C 0 Last year same Month: Cool days max < 10°C 0 Last year same Month: Summer days max >=25°C 14 Last year same Month: Hot days max >=30°C 5 © 1999-2012 Werner Krenn / Mischa Thurnherr - Weatherstation Operating- and Data Acquisition Software - V2.96.10


  ©UMa Astronomy

Creative Commons License
Meteo by UMa Astronomy is licensed under a Creative Commons Attribution-NonCommercial-NoDerivs 3.0 Unported License.