Blahová 12/15/2019
 Last update: 17:18
Updated every 10 minutes
 Cold 
 Akt.temp: 4.5°C
 Max.temp: 6.9°C
 Min.temp: 1.0°C
 Devpoint: 1.5 °C
 Wind speed: 1.1m/s
 Wind direction: N-NE
 Max wind gust: 5.0m/s
 Precipitation: 0.0mm
 Pressure: 1011.4 hPa
 P.tendency: +1.1 hPa/3h
 Humidity: 81%
 Abs.humidity: 5.32 g/m3
Ground temperature
Min.temp 1.1°C /07:46
Akt.temp
3.1°C

2019: Jan | Feb | Mar | Apr | May | Jun | Jul | Aug | Sep | Oct | Nov | Dec 
2018: Jan | Feb | Mar | Apr | May | Jun | Jul | Aug | Sep | Oct | Nov | Dec 
2017: Jan | Feb | Mar | Apr | May | Jun | Jul | Aug | Sep | Oct | Nov | Dec 
2016: Jan | Feb | Mar | Apr | May | Jun | Jul | Aug | Sep | Oct | Nov | Dec 
2015: Jan | Feb | Mar | Apr | May | Jun | Jul | Aug | Sep | Oct | Nov | Dec 
2014: Jan | Feb | Mar | Apr | May | Jun | Jul | Aug | Sep | Oct | Nov | Dec 
2013: Jan | Feb | Mar | Apr | May | Jun | Jul | Aug | Sep | Oct | Nov | Dec 
2012: Jan | Feb | Mar | Apr | May | Jun | Jul | Aug | Sep | Oct | Nov | Dec 
2011: Jan | Feb | Mar | Apr | May | Jun | Jul | Aug | Sep | Oct | Nov | Dec 
2010: Jan | Feb | Mar | Apr | May | Jun | Jul | Aug | Sep | Oct | Nov | Dec 
2009: Jan | Feb | Mar | Apr | May | Jun | Jul | Aug | Sep | Oct | Nov | Dec 
2008: Jan | Feb | Mar | Apr | May | Jun | Jul | Aug | Sep | Oct | Nov | Dec 
2007: Jan | Feb | Mar | Apr | May | Jun | Jul | Aug | Sep | Oct | Nov | Dec 

Report for 2012 08
MONTHLY CLIMATOLOGICAL SUMMARY for August 2012 CITY: Blahová ELEV: 117 m LAT: 48° 5' 7" North LONG: 17° 32' 48" East TEMPERATURE (°C), BAROMETER (hPa), RAIN (mm), WIND SPEED (m/s) MEAN TEMPERATURE WIND DOM trans Ground DAY TEMP HIGH TIME LOW TIME HUM Baro Rain SPEED HIGH TIME DIR pirat min.temp time ------------------------------------------------------------------------------------------------------------------------------ 1 22.6 31.0 15:15 14.7 05:52 59 1016.0 0.0 0.7 5.7 11:51 NW 6.821 14.6 05:50 2 24.4 31.8 14:59 15.2 05:40 63 1014.7 0.0 1.1 5.7 14:51 E-NE 6.319 15.2 05:44 3 23.1 29.1 12:37 17.3 04:55 68 1014.7 0.0 1.4 6.6 13:48 W 4.421 17.0 04:54 4 23.9 31.9 15:35 18.1 02:42 66 1014.0 0.0 0.4 4.6 10:13 NW 6.619 18.0 02:37 5 25.1 32.9 18:15 17.5 05:22 72 1011.4 14.4 1.5 9.2 03:02 S 5.195 17.8 04:13 6 28.6 34.9 15:27 18.5 05:11 55 1009.4 0.0 1.5 12.0 23:30 S 7.427 18.3 05:15 7 20.6 27.0 15:28 15.7 23:49 63 1020.8 0.0 1.8 14.2 01:10 W 4.760 15.5 23:52 8 20.5 25.7 15:38 15.3 01:32 63 1021.8 0.0 1.1 6.3 14:34 W-SW 3.827 14.8 01:31 9 20.5 26.8 15:01 12.9 04:39 56 1020.9 0.0 1.4 6.3 11:08 NW 4.704 12.8 05:01 10 18.9 24.8 15:03 12.5 04:13 55 1020.4 0.0 2.3 9.4 15:53 NW 4.328 12.6 03:53 11 15.6 19.5 11:41 11.6 04:55 67 1018.2 0.0 1.9 8.4 15:36 NW 1.925 11.9 04:34 12 17.6 23.9 14:12 9.5 06:02 61 1015.6 0.0 1.5 6.3 15:32 N-NW 3.932 9.7 06:01 13 17.9 24.9 15:16 9.6 05:52 55 1015.0 0.0 1.6 5.9 14:16 N-NW 4.448 9.5 06:03 14 17.3 25.1 15:27 8.9 05:17 58 1014.9 0.0 0.9 9.8 10:55 NW 4.632 8.6 06:03 15 19.1 28.3 15:20 8.7 05:13 57 1013.5 0.0 0.6 6.2 13:55 NW 6.088 8.9 05:10 16 22.2 29.2 15:11 11.4 05:11 55 1015.9 0.0 1.0 6.3 22:56 N-NW 5.627 10.4 05:09 17 22.3 28.3 15:06 18.3 06:52 62 1019.6 0.0 1.0 6.2 02:15 N 5.070 17.3 23:59 18 20.8 29.4 15:11 14.2 06:06 60 1022.1 0.0 0.6 4.8 13:58 N 6.195 14.2 05:49 19 21.8 31.3 14:50 13.5 06:07 53 1022.7 0.0 0.3 3.7 14:15 N 7.007 12.8 06:18 20 24.4 34.7 15:32 12.8 05:06 54 1019.2 0.0 0.7 6.6 12:25 E-SE 8.995 12.6 05:20 21 23.9 32.2 14:36 15.2 05:11 60 1017.0 0.0 0.7 6.4 10:25 W-SW 6.925 14.5 05:06 22 25.5 34.1 15:48 15.0 05:49 60 1014.9 0.0 0.8 7.7 18:35 W-SW 7.025 15.0 05:47 23 24.8 32.0 15:03 20.3 23:57 64 1013.9 0.0 0.7 7.0 03:44 E-SE 5.769 19.2 23:50 24 25.8 34.1 15:47 17.3 06:06 59 1009.5 0.0 0.9 7.4 23:56 W-SW 7.663 17.0 06:12 25 24.7 31.1 13:59 17.7 06:18 56 1011.5 0.0 1.0 8.2 00:21 NW 6.289 17.2 06:18 26 18.1 22.8 09:30 16.7 17:31 77 1013.3 2.2 3.0 10.3 07:04 W-SW 1.078 16.6 22:08 27 18.0 24.2 15:43 11.7 23:57 59 1019.8 0.0 2.4 10.1 10:34 W-SW 3.813 11.2 23:42 28 19.3 26.4 15:19 7.6 04:38 58 1019.5 0.0 1.0 6.5 16:54 E-NE 4.758 8.0 06:13 29 20.0 29.9 14:56 13.6 02:45 60 1019.4 0.0 0.3 3.9 16:56 NW 6.376 13.1 02:45 30 22.7 30.8 15:22 11.9 06:13 54 1016.3 0.0 1.1 6.8 15:34 E-NE 6.753 11.7 06:06 31 16.8 22.2 11:06 14.5 22:17 76 1014.4 1.9 1.8 8.4 16:54 W-SW 1.539 14.8 22:27 ------------------------------------------------------------------------------------------------------------------------------ Avg: 21.5 34.9 6 7.6 28 61 1016.5 18.6 1.2 14.2 7 NW 166.326 Wind Run 4672.7 km Calm Values 9230 Calm in % 20.8 % Sun 319:28 h Distribution WD Values 35066 Distribution WD N-NO 2.0 % Distribution WD NO 4.4 % Distribution WD NO-O 5.2 % Distribution WD O 3.7 % Distribution WD O-SO 3.9 % Distribution WD SO 2.2 % Distribution WD SO-S 3.3 % Distribution WD S 4.2 % Distribution WD S-SW 3.1 % Distribution WD SW 4.3 % Distribution WD SW-W 10.6 % Distribution WD W 13.0 % Distribution WD W-NW 5.9 % Distribution WD NW 14.2 % Distribution WD NW-N 11.8 % Distribution WD N 8.1 % Rain days >0.0 mm Month 3 Rain days >2.0 mm Month 2 Rain days >20.0 mm Month 0 Ice days max < 0°C 0 Cold days min < 0°C 0 Cool days max < 10°C 0 Summer days max >=25°C 24 Hot days max >=30°C 13 Last year same Month: Ice days max < 0°C 0 Last year same Month: Cold days min < 0°C 0 Last year same Month: Cool days max < 10°C 0 Last year same Month: Summer days max >=25°C 23 Last year same Month: Hot days max >=30°C 9 © 1999-2012 Werner Krenn / Mischa Thurnherr - Weatherstation Operating- and Data Acquisition Software - V2.96.10


  ©UMa Astronomy

Creative Commons License
Meteo by UMa Astronomy is licensed under a Creative Commons Attribution-NonCommercial-NoDerivs 3.0 Unported License.