Blahová 09/20/2019
 Last update: 09:23
Updated every 10 minutes
 Cold 
 Akt.temp: 13.5°C
 Max.temp: 13.5°C
 Min.temp: 3.3°C
 Devpoint: 7.3 °C
 Wind speed: 1.5m/s
 Wind direction: N
 Max wind gust: 3.2m/s
 Precipitation: 0.0mm
 Pressure: 1028.4 hPa
 P.tendency: +1.2 hPa/3h
 Humidity: 66%
 Abs.humidity: 7.72 g/m3
Ground temperature
Min.temp 2.5°C /05:08
Akt.temp
14.4°C

2019: Jan | Feb | Mar | Apr | May | Jun | Jul | Aug | Sep | Oct | Nov | Dec 
2018: Jan | Feb | Mar | Apr | May | Jun | Jul | Aug | Sep | Oct | Nov | Dec 
2017: Jan | Feb | Mar | Apr | May | Jun | Jul | Aug | Sep | Oct | Nov | Dec 
2016: Jan | Feb | Mar | Apr | May | Jun | Jul | Aug | Sep | Oct | Nov | Dec 
2015: Jan | Feb | Mar | Apr | May | Jun | Jul | Aug | Sep | Oct | Nov | Dec 
2014: Jan | Feb | Mar | Apr | May | Jun | Jul | Aug | Sep | Oct | Nov | Dec 
2013: Jan | Feb | Mar | Apr | May | Jun | Jul | Aug | Sep | Oct | Nov | Dec 
2012: Jan | Feb | Mar | Apr | May | Jun | Jul | Aug | Sep | Oct | Nov | Dec 
2011: Jan | Feb | Mar | Apr | May | Jun | Jul | Aug | Sep | Oct | Nov | Dec 
2010: Jan | Feb | Mar | Apr | May | Jun | Jul | Aug | Sep | Oct | Nov | Dec 
2009: Jan | Feb | Mar | Apr | May | Jun | Jul | Aug | Sep | Oct | Nov | Dec 
2008: Jan | Feb | Mar | Apr | May | Jun | Jul | Aug | Sep | Oct | Nov | Dec 
2007: Jan | Feb | Mar | Apr | May | Jun | Jul | Aug | Sep | Oct | Nov | Dec 

Report for 2012 09
MONTHLY CLIMATOLOGICAL SUMMARY for September 2012 CITY: Blahová ELEV: 117 m LAT: 48° 5' 7" North LONG: 17° 32' 48" East TEMPERATURE (°C), BAROMETER (hPa), RAIN (mm), WIND SPEED (m/s) MEAN TEMPERATURE WIND DOM trans Ground DAY TEMP HIGH TIME LOW TIME HUM Baro Rain SPEED HIGH TIME DIR pirat min.temp time ------------------------------------------------------------------------------------------------------------------------------ 1 16.6 19.1 16:55 14.1 01:38 83 1018.9 1.5 2.0 6.8 01:51 W-SW 0.873 14.4 06:22 2 19.5 26.5 15:50 14.3 02:11 75 1020.5 0.9 1.0 5.1 04:14 W-SW 3.237 14.4 02:07 3 21.3 28.9 15:06 14.2 06:29 68 1018.7 0.0 1.1 5.3 11:44 W 4.423 14.5 05:54 4 21.7 28.4 14:04 16.3 06:24 68 1016.6 0.0 1.2 5.3 13:28 W-SW 4.185 16.6 06:07 5 22.6 30.5 14:56 14.8 06:24 59 1015.1 0.0 1.6 4.5 20:23 W 5.386 14.6 06:20 6 18.1 23.7 13:51 13.5 23:57 55 1020.9 0.0 4.1 12.6 14:13 W 3.541 13.1 23:57 7 16.6 24.4 15:17 6.0 06:08 59 1022.2 0.0 0.7 6.2 14:13 W-SW 4.030 6.2 06:24 8 20.1 27.8 15:48 12.9 06:37 60 1019.7 0.0 0.4 6.5 10:41 W-SW 4.853 11.7 06:31 9 18.9 28.8 15:25 11.7 06:25 62 1019.2 0.0 0.3 4.7 12:43 N 5.261 11.3 06:34 10 21.1 29.5 15:09 12.6 03:16 51 1018.7 0.0 1.6 6.9 10:26 E-NE 5.629 11.7 03:18 11 22.6 31.3 14:37 12.3 06:29 48 1014.6 0.0 1.5 7.8 14:03 E 6.941 11.2 06:29 12 17.1 27.2 14:41 11.7 06:18 69 1008.8 9.1 2.2 10.1 19:53 W-SW 4.549 11.5 06:28 13 11.0 13.1 00:03 10.2 06:14 80 1010.5 6.7 5.2 11.8 21:23 W 0.564 10.5 06:57 14 14.3 17.1 16:09 11.5 00:00 74 1013.0 0.0 2.0 10.3 01:13 W 1.300 11.9 00:00 15 15.6 21.9 15:17 9.5 06:44 62 1015.1 0.0 2.7 10.4 14:43 W 2.979 9.0 06:45 16 13.6 22.7 14:39 8.7 06:27 69 1017.9 0.0 0.3 5.5 02:32 NW 3.415 8.2 06:27 17 15.8 23.5 14:53 8.1 05:17 70 1016.3 0.0 1.7 7.5 15:02 E-NE 3.082 7.5 05:16 18 17.6 26.1 15:35 10.3 06:58 69 1013.3 0.0 1.1 7.3 12:41 E 3.613 9.8 06:08 19 13.1 21.3 12:35 11.3 22:34 78 1014.4 1.3 2.8 11.4 13:07 W 1.640 11.3 22:54 20 12.0 17.8 15:49 7.0 23:43 61 1021.5 0.0 2.5 10.3 15:52 W 2.265 6.0 23:51 21 10.9 18.7 14:33 2.1 06:51 62 1020.4 0.0 1.1 4.3 15:32 E-NE 2.835 2.6 06:53 22 13.9 18.3 13:43 7.4 01:55 72 1014.6 2.6 1.3 6.7 07:12 E-NE 2.068 6.8 00:33 23 12.4 18.2 15:39 8.9 06:00 66 1016.6 0.0 0.0 5.5 02:02 NE 2.089 9.2 23:38 24 18.4 25.3 17:34 10.2 00:00 67 1003.6 0.0 2.3 9.8 17:52 NE 3.413 9.2 00:00 25 18.2 24.0 14:46 14.1 07:45 66 1007.6 6.9 1.8 9.3 01:01 W-SW 3.650 13.9 07:40 26 21.8 26.5 14:52 13.9 02:00 61 1007.0 0.0 4.8 16.5 15:44 S-SE 3.844 12.5 02:02 27 16.6 23.1 10:14 12.7 23:39 73 1011.5 1.2 1.8 10.6 10:24 E-SE 1.832 12.6 23:08 28 14.4 22.9 15:22 9.4 07:10 68 1019.7 0.0 0.8 6.0 11:11 W-SW 3.436 8.6 07:08 29 17.1 21.7 16:04 10.4 01:07 77 1015.9 7.2 1.4 7.9 14:06 E 1.893 9.8 00:50 30 14.6 20.5 15:23 11.7 22:24 76 1020.0 0.2 0.6 6.1 03:22 W 2.037 11.4 22:22 ------------------------------------------------------------------------------------------------------------------------------ Avg: 16.9 31.3 11 2.1 21 67 1015.8 37.6 1.7 16.5 26 W-SW 98.863 Wind Run 5924.1 km Calm Values 7074 Calm in % 16.4 % Sun 245:08 h Distribution WD Values 36094 Distribution WD N-NO 1.5 % Distribution WD NO 5.2 % Distribution WD NO-O 7.8 % Distribution WD O 7.0 % Distribution WD O-SO 6.9 % Distribution WD SO 3.9 % Distribution WD SO-S 5.0 % Distribution WD S 3.4 % Distribution WD S-SW 3.7 % Distribution WD SW 5.1 % Distribution WD SW-W 15.9 % Distribution WD W 15.8 % Distribution WD W-NW 4.9 % Distribution WD NW 8.4 % Distribution WD NW-N 3.0 % Distribution WD N 2.4 % Rain days >0.0 mm Month 10 Rain days >2.0 mm Month 5 Rain days >20.0 mm Month 0 Ice days max < 0°C 0 Cold days min < 0°C 0 Cool days max < 10°C 0 Summer days max >=25°C 12 Hot days max >=30°C 2 Last year same Month: Ice days max < 0°C 0 Last year same Month: Cold days min < 0°C 0 Last year same Month: Cool days max < 10°C 0 Last year same Month: Summer days max >=25°C 17 Last year same Month: Hot days max >=30°C 4 © 1999-2012 Werner Krenn / Mischa Thurnherr - Weatherstation Operating- and Data Acquisition Software - V2.96.10


  ©UMa Astronomy

Creative Commons License
Meteo by UMa Astronomy is licensed under a Creative Commons Attribution-NonCommercial-NoDerivs 3.0 Unported License.