Blahová 09/20/2019
 Last update: 08:38
Updated every 10 minutes
 Cold 
 Akt.temp: 10.9°C
 Max.temp: 10.9°C
 Min.temp: 3.3°C
 Devpoint: 6.3 °C
 Wind speed: 1.4m/s
 Wind direction: N
 Max wind gust: 2.9m/s
 Precipitation: 0.0mm
 Pressure: 1028.1 hPa
 P.tendency: +1.2 hPa/3h
 Humidity: 73%
 Abs.humidity: 7.26 g/m3
Ground temperature
Min.temp 2.5°C /05:08
Akt.temp
12.3°C

2019: Jan | Feb | Mar | Apr | May | Jun | Jul | Aug | Sep | Oct | Nov | Dec 
2018: Jan | Feb | Mar | Apr | May | Jun | Jul | Aug | Sep | Oct | Nov | Dec 
2017: Jan | Feb | Mar | Apr | May | Jun | Jul | Aug | Sep | Oct | Nov | Dec 
2016: Jan | Feb | Mar | Apr | May | Jun | Jul | Aug | Sep | Oct | Nov | Dec 
2015: Jan | Feb | Mar | Apr | May | Jun | Jul | Aug | Sep | Oct | Nov | Dec 
2014: Jan | Feb | Mar | Apr | May | Jun | Jul | Aug | Sep | Oct | Nov | Dec 
2013: Jan | Feb | Mar | Apr | May | Jun | Jul | Aug | Sep | Oct | Nov | Dec 
2012: Jan | Feb | Mar | Apr | May | Jun | Jul | Aug | Sep | Oct | Nov | Dec 
2011: Jan | Feb | Mar | Apr | May | Jun | Jul | Aug | Sep | Oct | Nov | Dec 
2010: Jan | Feb | Mar | Apr | May | Jun | Jul | Aug | Sep | Oct | Nov | Dec 
2009: Jan | Feb | Mar | Apr | May | Jun | Jul | Aug | Sep | Oct | Nov | Dec 
2008: Jan | Feb | Mar | Apr | May | Jun | Jul | Aug | Sep | Oct | Nov | Dec 
2007: Jan | Feb | Mar | Apr | May | Jun | Jul | Aug | Sep | Oct | Nov | Dec 

Report for 2012 11
MONTHLY CLIMATOLOGICAL SUMMARY for November 2012 CITY: Blahová ELEV: 118 m LAT: 48° 5' 7" North LONG: 17° 32' 48" East TEMPERATURE (°C), BAROMETER (hPa), RAIN (mm), WIND SPEED (m/s) MEAN TEMPERATURE WIND DOM trans Ground DAY TEMP HIGH TIME LOW TIME HUM Baro Rain SPEED HIGH TIME DIR pirat min.temp time ------------------------------------------------------------------------------------------------------------------------------ 1 6.6 8.3 19:56 3.4 02:41 84 997.5 7.2 2.5 9.3 01:48 NE 0.296 3.3 02:49 2 4.9 8.2 12:50 1.9 19:57 87 1007.8 0.2 1.0 5.9 08:28 E-NE 0.304 1.5 19:56 3 7.4 12.5 14:49 2.3 05:26 86 1010.0 0.1 2.0 6.4 19:20 NE 0.492 2.5 05:08 4 13.3 17.3 14:33 7.2 00:39 77 1005.0 0.1 2.6 10.3 23:09 E 1.150 6.2 00:42 5 7.4 15.7 00:49 4.1 23:58 84 1003.3 17.4 2.9 12.1 00:28 W-SW 0.346 3.1 23:59 6 6.1 11.0 11:45 2.3 23:13 74 1015.8 0.0 1.7 9.9 12:07 S-SW 0.753 1.8 21:58 7 6.8 9.1 12:23 2.6 05:18 76 1023.2 0.0 2.5 10.3 11:28 W-SW 0.660 1.6 05:18 8 7.7 13.2 13:01 2.1 05:04 76 1019.7 0.0 1.5 4.2 12:15 E-SE 1.166 1.3 05:11 9 5.6 12.7 13:06 -0.2 23:58 79 1019.4 0.0 0.7 7.3 11:10 W-SW 1.084 -0.1 23:44 10 5.4 8.9 13:34 -0.3 00:05 84 1015.9 0.2 3.7 12.3 13:27 E-NE 0.456 -0.2 00:15 11 8.4 11.2 15:03 5.6 07:20 78 1016.2 0.0 3.5 10.1 16:24 E-NE 0.802 5.2 07:19 12 8.3 10.1 12:39 7.4 04:50 85 1024.2 0.7 0.6 2.6 12:58 W-SW 0.392 7.6 04:49 13 7.7 14.0 13:14 3.1 23:58 79 1030.7 0.9 2.2 7.0 15:34 W 0.982 2.4 23:54 14 1.0 7.2 14:02 -2.0 23:38 86 1030.9 0.1 0.3 2.9 03:37 NW 0.302 -1.2 23:20 15 2.9 7.7 13:53 -1.5 00:00 86 1026.1 0.2 2.0 5.3 13:22 E-NE 0.335 -0.3 00:18 16 6.5 8.1 14:07 2.8 00:00 84 1023.8 0.1 2.3 4.8 21:26 E-NE 0.415 3.6 00:00 17 6.4 7.8 13:43 5.0 06:35 85 1017.7 0.0 3.0 7.1 10:34 E-NE 0.359 5.0 23:14 18 6.9 7.6 14:40 5.4 00:00 86 1016.7 0.1 1.9 5.8 07:25 E-NE 0.335 6.2 00:07 19 6.7 9.0 15:09 5.2 21:18 87 1020.2 0.2 1.2 2.9 14:24 NE 0.323 3.8 20:37 20 3.7 6.6 14:25 0.4 05:52 89 1022.8 0.2 0.4 2.7 12:06 NW 0.217 1.3 04:20 21 7.0 9.6 14:41 2.6 04:49 89 1022.1 0.1 0.9 4.9 19:09 E-NE 0.238 4.2 00:00 22 7.2 8.3 12:05 6.2 17:37 88 1024.6 0.0 0.3 4.4 00:38 E-NE 0.310 5.9 17:28 23 7.1 7.8 14:43 6.3 06:52 89 1023.6 0.9 0.9 4.2 05:06 E-NE 0.234 7.2 06:57 24 8.4 9.5 13:34 6.9 00:00 87 1022.4 0.0 1.3 3.8 11:46 E-SE 0.334 7.6 01:15 25 7.4 9.3 12:25 6.7 20:51 86 1020.1 0.0 1.7 6.7 06:43 E-NE 0.400 7.3 07:05 26 6.9 8.1 14:12 6.2 20:45 88 1013.2 0.0 2.6 7.2 17:41 E-NE 0.262 5.8 20:43 27 9.8 14.2 13:09 6.0 04:35 80 1006.0 0.1 1.4 5.4 10:57 E 0.703 5.2 04:15 28 9.6 13.5 13:14 8.3 20:55 83 999.0 0.7 3.2 8.1 11:09 E-NE 0.685 7.9 01:43 29 7.0 13.3 11:14 3.8 23:56 78 994.2 5.3 1.8 9.5 02:27 E-NE 0.646 4.2 23:45 30 3.6 5.5 13:18 2.1 23:58 76 1006.3 0.0 1.7 7.9 00:51 W-SW 0.522 2.7 23:58 ------------------------------------------------------------------------------------------------------------------------------ Avg: 6.8 17.3 4 -2.0 14 83 1015.9 34.8 1.8 12.3 10 E-NE 15.501 Wind Run 5887.8 km Calm Values 4177 Calm in % 9.8 % Sun 27:29 h Distribution WD Values 38657 Distribution WD N-NO 2.8 % Distribution WD NO 13.6 % Distribution WD NO-O 23.4 % Distribution WD O 14.8 % Distribution WD O-SO 7.2 % Distribution WD SO 2.1 % Distribution WD SO-S 3.1 % Distribution WD S 2.9 % Distribution WD S-SW 3.1 % Distribution WD SW 3.1 % Distribution WD SW-W 7.2 % Distribution WD W 5.8 % Distribution WD W-NW 1.7 % Distribution WD NW 3.9 % Distribution WD NW-N 2.4 % Distribution WD N 2.9 % Rain days >0.0 mm Month 19 Rain days >2.0 mm Month 3 Rain days >20.0 mm Month 0 Ice days max < 0°C 0 Cold days min < 0°C 4 Cool days max < 10°C 18 Summer days max >=25°C 0 Hot days max >=30°C 0 Last year same Month: Ice days max < 0°C 7 Last year same Month: Cold days min < 0°C 20 Last year same Month: Cool days max < 10°C 20 Last year same Month: Summer days max >=25°C 0 Last year same Month: Hot days max >=30°C 0 © 1999-2012 Werner Krenn / Mischa Thurnherr - Weatherstation Operating- and Data Acquisition Software - V2.96.10


  ©UMa Astronomy

Creative Commons License
Meteo by UMa Astronomy is licensed under a Creative Commons Attribution-NonCommercial-NoDerivs 3.0 Unported License.