Blahová 11/13/2019
 Last update: 20:38
Updated every 10 minutes
 Cold 
 Akt.temp: 5.3°C
 Max.temp: 9.9°C
 Min.temp: 4.8°C
 Devpoint: 1.8 °C
 Wind speed: 1.7m/s
 Wind direction: W
 Max wind gust: 7.7m/s
 Precipitation: 11.8mm
 Pressure: 1005.5 hPa
 P.tendency: +3.9 hPa/3h
 Humidity: 78%
 Abs.humidity: 5.41 g/m3
Ground temperature
Min.temp 5.8°C /18:24
Akt.temp
6.5°C

2019: Jan | Feb | Mar | Apr | May | Jun | Jul | Aug | Sep | Oct | Nov | Dec 
2018: Jan | Feb | Mar | Apr | May | Jun | Jul | Aug | Sep | Oct | Nov | Dec 
2017: Jan | Feb | Mar | Apr | May | Jun | Jul | Aug | Sep | Oct | Nov | Dec 
2016: Jan | Feb | Mar | Apr | May | Jun | Jul | Aug | Sep | Oct | Nov | Dec 
2015: Jan | Feb | Mar | Apr | May | Jun | Jul | Aug | Sep | Oct | Nov | Dec 
2014: Jan | Feb | Mar | Apr | May | Jun | Jul | Aug | Sep | Oct | Nov | Dec 
2013: Jan | Feb | Mar | Apr | May | Jun | Jul | Aug | Sep | Oct | Nov | Dec 
2012: Jan | Feb | Mar | Apr | May | Jun | Jul | Aug | Sep | Oct | Nov | Dec 
2011: Jan | Feb | Mar | Apr | May | Jun | Jul | Aug | Sep | Oct | Nov | Dec 
2010: Jan | Feb | Mar | Apr | May | Jun | Jul | Aug | Sep | Oct | Nov | Dec 
2009: Jan | Feb | Mar | Apr | May | Jun | Jul | Aug | Sep | Oct | Nov | Dec 
2008: Jan | Feb | Mar | Apr | May | Jun | Jul | Aug | Sep | Oct | Nov | Dec 
2007: Jan | Feb | Mar | Apr | May | Jun | Jul | Aug | Sep | Oct | Nov | Dec 

Report for 2012 12
MONTHLY CLIMATOLOGICAL SUMMARY for December 2012 CITY: Blahová ELEV: 118 m LAT: 48° 5' 7" North LONG: 17° 32' 48" East TEMPERATURE (°C), BAROMETER (hPa), RAIN (mm), WIND SPEED (m/s) MEAN TEMPERATURE WIND DOM trans Ground DAY TEMP HIGH TIME LOW TIME HUM Baro Rain SPEED HIGH TIME DIR pirat min.temp time ------------------------------------------------------------------------------------------------------------------------------ 1 1.2 6.5 12:35 -2.6 21:36 79 1012.9 0.0 1.1 5.4 11:47 W-SW 0.617 -2.9 21:29 2 0.9 2.6 12:36 -0.5 00:00 85 1011.1 0.2 1.4 8.4 21:37 W 0.211 0.8 00:03 3 0.8 3.5 13:14 -2.3 22:09 77 1009.9 0.0 3.5 11.2 12:47 W 0.453 -2.8 22:14 4 -0.5 1.3 12:03 -3.5 01:11 85 1003.2 1.1 1.6 5.3 12:17 E-NE 0.202 -3.5 00:26 5 -0.9 1.5 14:41 -2.5 07:14 89 1001.5 0.0 0.4 2.8 14:57 N-NW 0.149 -2.5 07:08 6 -3.0 -0.3 16:04 -4.9 23:38 88 1009.5 0.4 0.9 6.1 19:29 W-SW 0.121 -4.7 06:29 7 -3.9 -0.4 10:55 -7.8 06:43 82 1013.4 0.0 1.5 8.9 00:09 NE 0.249 -7.5 06:41 8 -5.0 -3.5 14:53 -7.3 08:00 77 1015.7 0.0 3.2 10.6 23:53 NW 0.246 -6.2 07:40 9 -5.0 -0.9 13:52 -8.3 19:04 75 1017.2 0.0 3.0 11.4 02:16 W 0.368 -8.3 18:59 10 -3.7 -2.2 11:32 -6.4 23:57 85 1008.5 2.7 0.8 3.6 12:06 NE 0.143 -5.7 23:33 11 -3.1 -1.3 11:34 -6.4 00:00 86 1012.9 0.6 1.6 7.4 23:54 W 0.149 -5.3 00:00 12 -5.2 -2.9 00:00 -9.9 21:01 79 1019.8 0.0 3.4 9.6 09:26 W-SW 0.244 -10.8 21:04 13 -6.9 -3.9 12:13 -10.5 04:18 80 1020.3 0.0 1.6 5.8 23:17 NE 0.220 -10.5 07:51 14 -2.8 0.5 23:55 -6.9 00:12 79 1016.2 0.0 4.0 8.7 23:56 NE 0.256 -6.9 00:12 15 1.5 2.1 08:25 0.5 00:00 85 1009.7 10.1 2.8 11.0 01:16 E-NE 0.186 0.4 00:30 16 0.9 1.7 13:44 -0.3 07:30 89 1013.1 0.0 0.5 2.9 11:13 N 0.154 0.6 07:11 17 1.3 1.9 11:00 0.5 02:44 90 1011.9 0.0 1.8 7.3 12:46 NE 0.141 1.6 00:27 18 1.3 1.8 13:00 0.1 23:31 91 1013.4 0.0 0.7 2.7 07:46 NE 0.127 0.7 22:54 19 2.2 3.7 12:29 0.3 00:00 91 1019.5 3.7 1.8 5.7 14:33 W 0.143 1.3 00:00 20 -0.8 1.8 11:07 -2.2 19:17 90 1018.7 0.0 1.1 4.3 00:36 NE 0.114 -2.9 07:36 21 -1.4 -0.9 00:10 -4.4 23:57 90 1015.5 0.0 1.5 4.1 09:25 NE 0.112 -3.3 23:34 22 -3.4 -1.6 23:46 -5.2 02:51 89 1021.2 0.0 1.0 3.3 20:42 E-NE 0.115 -3.5 00:48 23 -1.2 -0.4 02:42 -2.0 10:24 90 1018.0 14.0 2.8 8.4 09:25 NE 0.119 -0.5 09:59 24 -0.6 -0.4 10:41 -1.0 19:34 90 1016.6 4.0 1.0 5.0 23:31 NE 0.120 0.4 17:11 25 0.3 2.3 13:55 -0.6 00:00 91 1012.3 0.0 2.2 7.6 11:55 NE 0.139 0.5 00:02 26 0.7 1.8 23:24 -0.1 22:35 91 1014.7 3.6 0.7 4.6 22:47 S 0.119 0.4 22:36 27 1.4 4.3 15:05 -0.8 06:27 91 1013.2 0.0 1.3 5.1 06:53 S-SE 0.134 -0.6 02:34 28 1.0 4.7 12:20 -2.8 23:58 86 1020.6 0.6 2.1 11.0 14:06 NW 0.225 -3.2 23:59 29 -2.9 0.9 14:21 -7.3 07:19 82 1029.8 0.0 0.8 5.7 23:39 E-SE 0.301 -7.0 07:19 30 -1.1 2.5 13:25 -4.0 07:55 79 1025.0 0.0 1.3 6.3 05:16 E-SE 0.510 -4.2 07:57 31 -1.6 2.1 14:14 -6.2 07:57 86 1024.6 0.0 0.8 4.5 22:40 E-SE 0.287 -5.8 07:53 ------------------------------------------------------------------------------------------------------------------------------ Avg: -1.3 6.5 1 -10.5 13 85 1015.2 41.0 1.7 11.4 9 NE 6.673 Wind Run 5380.3 km Calm Values 7133 Calm in % 16.0 % Sun 30:56 h Distribution WD Values 37387 Distribution WD N-NO 6.0 % Distribution WD NO 19.5 % Distribution WD NO-O 13.1 % Distribution WD O 5.7 % Distribution WD O-SO 4.9 % Distribution WD SO 2.7 % Distribution WD SO-S 2.3 % Distribution WD S 2.3 % Distribution WD S-SW 2.2 % Distribution WD SW 2.4 % Distribution WD SW-W 9.8 % Distribution WD W 9.8 % Distribution WD W-NW 2.9 % Distribution WD NW 5.6 % Distribution WD NW-N 4.5 % Distribution WD N 6.3 % Rain days >0.0 mm Month 11 Rain days >2.0 mm Month 6 Rain days >20.0 mm Month 0 Ice days max < 0°C 12 Cold days min < 0°C 27 Cool days max < 10°C 31 Summer days max >=25°C 0 Hot days max >=30°C 0 Last year same Month: Ice days max < 0°C 1 Last year same Month: Cold days min < 0°C 18 Last year same Month: Cool days max < 10°C 29 Last year same Month: Summer days max >=25°C 0 Last year same Month: Hot days max >=30°C 0 © 1999-2012 Werner Krenn / Mischa Thurnherr - Weatherstation Operating- and Data Acquisition Software - V2.96.10


  ©UMa Astronomy

Creative Commons License
Meteo by UMa Astronomy is licensed under a Creative Commons Attribution-NonCommercial-NoDerivs 3.0 Unported License.