Blahová 11/12/2019
 Last update: 17:18
Updated every 10 minutes
 Cold 
 Akt.temp: 8.7°C
 Max.temp: 10.1°C
 Min.temp: 6.1°C
 Devpoint: 5.3 °C
 Wind speed: 1.2m/s
 Wind direction: N
 Max wind gust: 6.7m/s
 Precipitation: 11.5mm
 Pressure: 1005.1 hPa
 P.tendency: -2.1 hPa/3h
 Humidity: 79%
 Abs.humidity: 6.83 g/m3
Ground temperature
Min.temp 6.1°C /06:05
Akt.temp
9.2°C

2019: Jan | Feb | Mar | Apr | May | Jun | Jul | Aug | Sep | Oct | Nov | Dec 
2018: Jan | Feb | Mar | Apr | May | Jun | Jul | Aug | Sep | Oct | Nov | Dec 
2017: Jan | Feb | Mar | Apr | May | Jun | Jul | Aug | Sep | Oct | Nov | Dec 
2016: Jan | Feb | Mar | Apr | May | Jun | Jul | Aug | Sep | Oct | Nov | Dec 
2015: Jan | Feb | Mar | Apr | May | Jun | Jul | Aug | Sep | Oct | Nov | Dec 
2014: Jan | Feb | Mar | Apr | May | Jun | Jul | Aug | Sep | Oct | Nov | Dec 
2013: Jan | Feb | Mar | Apr | May | Jun | Jul | Aug | Sep | Oct | Nov | Dec 
2012: Jan | Feb | Mar | Apr | May | Jun | Jul | Aug | Sep | Oct | Nov | Dec 
2011: Jan | Feb | Mar | Apr | May | Jun | Jul | Aug | Sep | Oct | Nov | Dec 
2010: Jan | Feb | Mar | Apr | May | Jun | Jul | Aug | Sep | Oct | Nov | Dec 
2009: Jan | Feb | Mar | Apr | May | Jun | Jul | Aug | Sep | Oct | Nov | Dec 
2008: Jan | Feb | Mar | Apr | May | Jun | Jul | Aug | Sep | Oct | Nov | Dec 
2007: Jan | Feb | Mar | Apr | May | Jun | Jul | Aug | Sep | Oct | Nov | Dec 

Report for 2013 01
MONTHLY CLIMATOLOGICAL SUMMARY for January 2013 CITY: Blahová ELEV: 118 m LAT: 48° 5' 7" North LONG: 17° 32' 48" East TEMPERATURE (°C), BAROMETER (hPa), RAIN (mm), WIND SPEED (m/s) MEAN TEMPERATURE WIND DOM trans Ground DAY TEMP HIGH TIME LOW TIME HUM Baro Rain SPEED HIGH TIME DIR pirat min.temp time ------------------------------------------------------------------------------------------------------------------------------ 1 -2.2 0.7 12:44 -2.8 18:23 87 1016.3 0.0 3.4 9.4 10:03 E-SE 0.175 -2.1 05:50 2 -1.7 0.3 14:18 -4.0 23:58 89 1025.5 0.0 0.3 3.3 00:41 E-SE 0.139 -4.1 23:26 3 2.8 4.8 23:52 -5.2 02:14 85 1029.2 0.0 2.1 7.9 22:15 SW 0.320 -4.1 00:00 4 7.2 9.8 12:56 4.5 00:06 82 1022.3 0.0 5.1 16.0 13:15 W-NW 0.677 4.4 00:03 5 5.3 9.1 12:34 1.5 23:58 79 1020.7 0.3 4.5 9.8 14:53 W-NW 0.388 0.5 23:56 6 3.2 5.5 21:47 0.8 15:13 85 1018.7 5.9 3.6 9.4 20:35 N 0.199 0.3 00:14 7 -1.4 5.5 00:00 -4.4 23:46 75 1026.6 0.0 2.6 9.8 01:05 N 0.396 -4.5 23:14 8 -3.4 -2.6 22:36 -5.7 01:47 87 1024.8 3.0 0.8 2.9 16:06 E 0.139 -5.7 01:49 9 -0.3 2.3 11:43 -2.6 00:00 89 1019.7 1.2 2.2 7.6 23:35 E 0.187 -0.7 00:00 10 -1.3 1.3 22:59 -2.8 05:56 90 1009.3 0.6 1.0 7.7 00:05 E 0.114 -1.4 07:18 11 -0.1 2.2 10:50 -2.9 23:57 76 1011.8 0.1 3.6 11.1 13:45 W-NW 0.380 -2.9 23:55 12 -3.4 1.3 11:27 -7.4 05:51 81 1017.2 0.0 0.7 5.0 11:30 W-SW 0.372 -7.7 05:53 13 -3.8 -3.1 15:33 -6.7 00:56 88 1018.3 0.2 2.4 5.5 22:54 NE 0.114 -6.6 00:00 14 -1.0 -0.2 15:32 -3.2 04:02 90 1012.7 7.2 1.1 8.1 09:25 E 0.120 -2.1 00:00 15 -0.4 0.5 20:35 -1.9 06:15 91 1008.8 0.1 1.1 6.1 17:14 N 0.119 -0.4 07:19 16 -0.4 1.3 13:07 -2.0 18:02 91 1002.1 0.0 1.6 6.7 08:39 W-NW 0.115 -1.0 18:00 17 -1.3 -0.3 15:17 -2.2 23:10 91 1004.6 10.8 2.9 7.5 15:08 N 0.108 -1.3 23:05 18 -4.0 -2.1 00:13 -4.4 12:43 88 1002.0 4.4 4.1 10.3 14:02 W-NW 0.098 -3.3 08:09 19 -4.9 -1.8 12:43 -9.0 08:10 85 1000.5 0.0 2.0 7.6 00:24 W-NW 0.203 -9.8 08:08 20 0.1 1.0 14:29 -3.8 00:00 89 997.3 0.0 2.9 5.6 09:58 E 0.145 -2.9 00:03 21 0.8 2.2 10:57 -0.2 23:49 90 996.2 4.5 1.6 5.6 23:51 W-NW 0.134 0.7 23:39 22 -1.6 -0.2 00:00 -3.4 23:50 83 1002.9 2.5 3.3 10.6 10:14 NW 0.240 -2.9 23:36 23 -3.1 -1.0 14:28 -6.1 17:46 86 1009.0 1.0 0.8 5.4 00:12 W-NW 0.207 -6.6 17:39 24 -1.4 0.0 19:02 -3.5 05:24 83 1008.2 0.0 2.4 7.4 22:06 N 0.204 -3.0 23:48 25 -5.8 -2.9 11:28 -10.5 23:58 77 1013.9 0.0 3.5 10.6 12:53 NW 0.244 -10.4 23:58 26 -8.0 -2.7 14:08 -13.2 06:07 79 1015.8 0.0 1.1 3.8 11:13 W-NW 0.277 -13.1 06:01 27 -7.4 -4.0 23:32 -13.7 07:14 85 1013.3 0.0 1.3 3.4 19:23 E 0.133 -14.3 02:45 28 -2.5 0.1 12:24 -5.2 23:15 88 1016.9 1.2 0.2 3.0 00:02 E 0.172 -6.1 23:15 29 -0.9 2.0 23:52 -6.9 05:28 90 1016.3 3.9 2.2 5.1 14:53 S-SW 0.143 -6.6 05:34 30 3.0 5.3 13:31 1.1 07:22 86 1010.9 2.6 1.6 6.8 17:04 S-SW 0.207 1.6 04:01 31 6.7 10.2 12:36 3.4 05:45 64 1012.5 0.6 3.0 10.7 20:53 W-NW 0.703 3.1 05:41 ------------------------------------------------------------------------------------------------------------------------------ Avg: -1.0 10.2 31 -13.7 27 85 1013.0 50.1 2.2 16.0 4 W-NW 7.171 Wind Run 6941.7 km Calm Values 4147 Calm in % 9.3 % Sun 43:03 h Distribution WD Values 40440 Distribution WD N-NO 3.2 % Distribution WD NO 4.4 % Distribution WD NO-O 3.6 % Distribution WD O 11.5 % Distribution WD O-SO 6.9 % Distribution WD SO 4.4 % Distribution WD SO-S 3.1 % Distribution WD S 1.9 % Distribution WD S-SW 5.1 % Distribution WD SW 6.3 % Distribution WD SW-W 6.0 % Distribution WD W 4.6 % Distribution WD W-NW 15.4 % Distribution WD NW 11.7 % Distribution WD NW-N 3.2 % Distribution WD N 8.8 % Rain days >0.0 mm Month 18 Rain days >2.0 mm Month 9 Rain days >20.0 mm Month 0 Ice days max < 0°C 11 Cold days min < 0°C 26 Cool days max < 10°C 30 Summer days max >=25°C 0 Hot days max >=30°C 0 Last year same Month: Ice days max < 0°C 1 Last year same Month: Cold days min < 0°C 17 Last year same Month: Cool days max < 10°C 30 Last year same Month: Summer days max >=25°C 0 Last year same Month: Hot days max >=30°C 0 © 1999-2012 Werner Krenn / Mischa Thurnherr - Weatherstation Operating- and Data Acquisition Software - V2.96.10


  ©UMa Astronomy

Creative Commons License
Meteo by UMa Astronomy is licensed under a Creative Commons Attribution-NonCommercial-NoDerivs 3.0 Unported License.