Blahová 11/13/2019
 Last update: 21:50
Updated every 10 minutes
 Cold 
 Akt.temp: 5.1°C
 Max.temp: 9.9°C
 Min.temp: 4.8°C
 Devpoint: 1.6 °C
 Wind speed: 1.8m/s
 Wind direction: NW
 Max wind gust: 7.7m/s
 Precipitation: 11.9mm
 Pressure: 1006.7 hPa
 P.tendency: +3.1 hPa/3h
 Humidity: 78%
 Abs.humidity: 5.34 g/m3
Ground temperature
Min.temp 5.8°C /18:24
Akt.temp
6.4°C

2019: Jan | Feb | Mar | Apr | May | Jun | Jul | Aug | Sep | Oct | Nov | Dec 
2018: Jan | Feb | Mar | Apr | May | Jun | Jul | Aug | Sep | Oct | Nov | Dec 
2017: Jan | Feb | Mar | Apr | May | Jun | Jul | Aug | Sep | Oct | Nov | Dec 
2016: Jan | Feb | Mar | Apr | May | Jun | Jul | Aug | Sep | Oct | Nov | Dec 
2015: Jan | Feb | Mar | Apr | May | Jun | Jul | Aug | Sep | Oct | Nov | Dec 
2014: Jan | Feb | Mar | Apr | May | Jun | Jul | Aug | Sep | Oct | Nov | Dec 
2013: Jan | Feb | Mar | Apr | May | Jun | Jul | Aug | Sep | Oct | Nov | Dec 
2012: Jan | Feb | Mar | Apr | May | Jun | Jul | Aug | Sep | Oct | Nov | Dec 
2011: Jan | Feb | Mar | Apr | May | Jun | Jul | Aug | Sep | Oct | Nov | Dec 
2010: Jan | Feb | Mar | Apr | May | Jun | Jul | Aug | Sep | Oct | Nov | Dec 
2009: Jan | Feb | Mar | Apr | May | Jun | Jul | Aug | Sep | Oct | Nov | Dec 
2008: Jan | Feb | Mar | Apr | May | Jun | Jul | Aug | Sep | Oct | Nov | Dec 
2007: Jan | Feb | Mar | Apr | May | Jun | Jul | Aug | Sep | Oct | Nov | Dec 

Report for 2013 02
MONTHLY CLIMATOLOGICAL SUMMARY for February 2013 CITY: Blahová ELEV: 118 m LAT: 48° 5' 7" North LONG: 17° 32' 48" East TEMPERATURE (°C), BAROMETER (hPa), RAIN (mm), WIND SPEED (m/s) MEAN TEMPERATURE WIND DOM trans Ground DAY TEMP HIGH TIME LOW TIME HUM Baro Rain SPEED HIGH TIME DIR pirat min.temp time ------------------------------------------------------------------------------------------------------------------------------ 1 5.2 10.1 11:23 2.9 07:49 76 1004.2 0.0 1.4 15.2 02:18 W-NW 0.847 2.8 07:50 2 3.5 4.9 15:35 2.6 07:39 83 995.3 4.6 3.2 10.9 20:53 W-NW 0.183 2.4 07:41 3 0.1 2.9 00:00 -1.6 20:11 70 1011.7 0.0 4.1 16.0 07:08 W-NW 0.544 -2.5 19:51 4 1.6 3.0 14:17 -0.3 00:15 86 1011.4 5.7 3.0 10.4 03:19 S-SW 0.261 -1.5 00:15 5 1.8 4.4 13:59 0.2 21:38 85 1004.7 0.4 1.1 7.6 09:13 S-SW 0.355 0.4 21:40 6 1.1 4.1 12:28 0.1 20:15 85 999.2 0.1 2.0 6.4 14:47 NW 0.302 0.2 20:41 7 0.2 4.7 13:57 -3.4 23:13 75 1004.7 0.0 3.1 11.8 10:09 W-NW 0.638 -4.0 23:13 8 -0.7 4.4 13:30 -6.0 05:45 75 1009.8 0.0 3.0 6.8 13:31 NW 0.563 -6.1 05:45 9 -1.3 1.3 12:28 -2.3 07:30 78 1012.9 0.0 3.5 7.7 18:09 N 0.458 -1.9 07:10 10 -2.4 -1.3 14:57 -3.4 23:30 85 1011.4 4.3 2.3 7.5 13:02 N 0.167 -2.4 23:07 11 -2.8 -0.5 13:16 -6.3 05:16 82 1010.6 1.5 3.6 10.6 14:52 E-SE 0.291 -6.0 05:14 12 -0.9 -0.2 20:10 -4.1 00:00 87 1009.2 9.9 2.6 8.7 06:48 E 0.140 -2.9 00:00 13 -0.1 0.3 22:23 -0.6 07:04 91 1017.3 13.3 3.4 7.9 22:31 N 0.123 0.5 06:37 14 0.1 1.6 12:48 -0.3 06:18 91 1019.1 4.0 1.7 7.4 00:09 W-NW 0.132 0.5 06:58 15 0.4 2.3 14:38 -0.7 06:55 91 1018.5 2.2 0.2 1.8 23:12 W-NW 0.129 0.3 06:46 16 1.1 3.4 13:07 -1.0 08:34 89 1021.3 0.0 0.7 4.8 13:57 W-NW 0.172 -0.6 07:53 17 0.9 2.5 12:34 0.3 06:48 88 1021.8 0.0 0.3 3.8 00:52 W-NW 0.213 0.9 23:45 18 0.6 3.8 14:38 -0.9 06:32 79 1019.7 0.0 0.5 3.7 10:31 N 0.496 -0.2 06:28 19 0.7 3.3 12:44 -0.6 00:35 84 1011.8 1.8 1.9 6.6 23:28 SW 0.367 0.0 00:39 20 -1.2 3.1 14:10 -4.9 23:45 79 1016.3 0.0 2.0 7.4 13:28 W-NW 0.376 -4.5 23:41 21 -2.8 1.3 13:39 -7.6 05:30 74 1017.1 0.0 1.7 5.2 19:17 N 0.529 -7.2 05:30 22 -2.2 -0.9 23:55 -4.5 05:50 86 1008.8 4.1 2.2 7.3 09:02 N 0.150 -3.5 06:42 23 0.6 1.7 13:42 -0.9 00:00 90 1007.4 17.0 1.5 5.8 09:37 E 0.137 0.1 00:00 24 4.7 5.7 21:59 1.3 00:00 90 1009.8 13.2 2.3 6.2 02:15 E 0.193 1.8 00:00 25 5.1 6.6 12:51 4.3 19:13 90 1019.4 1.0 1.5 6.4 04:23 E-SE 0.190 5.0 23:19 26 5.8 12.9 13:39 2.6 23:18 82 1020.8 0.0 3.9 8.5 21:53 N 0.771 3.4 22:59 27 3.6 6.4 13:55 1.1 03:06 86 1024.6 0.0 0.8 6.4 01:17 W-NW 0.369 1.4 03:04 28 2.9 8.7 14:38 0.4 23:28 84 1023.7 0.0 0.7 3.6 00:27 N 0.484 -0.9 23:38 ------------------------------------------------------------------------------------------------------------------------------ Avg: 0.9 12.9 26 -7.6 21 83 1012.9 83.2 2.1 16.0 3 W-NW 9.581 Wind Run 6255.8 km Calm Values 3973 Calm in % 9.9 % Sun 54:26 h Distribution WD Values 36244 Distribution WD N-NO 4.6 % Distribution WD NO 2.4 % Distribution WD NO-O 2.0 % Distribution WD O 7.3 % Distribution WD O-SO 5.7 % Distribution WD SO 2.9 % Distribution WD SO-S 2.4 % Distribution WD S 1.3 % Distribution WD S-SW 4.9 % Distribution WD SW 5.5 % Distribution WD SW-W 4.5 % Distribution WD W 4.4 % Distribution WD W-NW 19.1 % Distribution WD NW 13.3 % Distribution WD NW-N 4.4 % Distribution WD N 15.2 % Rain days >0.0 mm Month 15 Rain days >2.0 mm Month 10 Rain days >20.0 mm Month 0 Ice days max < 0°C 4 Cold days min < 0°C 18 Cool days max < 10°C 26 Summer days max >=25°C 0 Hot days max >=30°C 0 Last year same Month: Ice days max < 0°C 13 Last year same Month: Cold days min < 0°C 24 Last year same Month: Cool days max < 10°C 26 Last year same Month: Summer days max >=25°C 0 Last year same Month: Hot days max >=30°C 0 © 1999-2012 Werner Krenn / Mischa Thurnherr - Weatherstation Operating- and Data Acquisition Software - V2.96.10


  ©UMa Astronomy

Creative Commons License
Meteo by UMa Astronomy is licensed under a Creative Commons Attribution-NonCommercial-NoDerivs 3.0 Unported License.