Blahová 12/15/2019
 Last update: 15:58
Updated every 10 minutes
 Cold 
 Akt.temp: 5.6°C
 Max.temp: 6.9°C
 Min.temp: 1.0°C
 Devpoint: 2.4 °C
 Wind speed: 0.9m/s
 Wind direction: NE
 Max wind gust: 5.0m/s
 Precipitation: 0.0mm
 Pressure: 1010.9 hPa
 P.tendency: +0.8 hPa/3h
 Humidity: 80%
 Abs.humidity: 5.66 g/m3
Ground temperature
Min.temp 1.1°C /07:46
Akt.temp
4.4°C

2019: Jan | Feb | Mar | Apr | May | Jun | Jul | Aug | Sep | Oct | Nov | Dec 
2018: Jan | Feb | Mar | Apr | May | Jun | Jul | Aug | Sep | Oct | Nov | Dec 
2017: Jan | Feb | Mar | Apr | May | Jun | Jul | Aug | Sep | Oct | Nov | Dec 
2016: Jan | Feb | Mar | Apr | May | Jun | Jul | Aug | Sep | Oct | Nov | Dec 
2015: Jan | Feb | Mar | Apr | May | Jun | Jul | Aug | Sep | Oct | Nov | Dec 
2014: Jan | Feb | Mar | Apr | May | Jun | Jul | Aug | Sep | Oct | Nov | Dec 
2013: Jan | Feb | Mar | Apr | May | Jun | Jul | Aug | Sep | Oct | Nov | Dec 
2012: Jan | Feb | Mar | Apr | May | Jun | Jul | Aug | Sep | Oct | Nov | Dec 
2011: Jan | Feb | Mar | Apr | May | Jun | Jul | Aug | Sep | Oct | Nov | Dec 
2010: Jan | Feb | Mar | Apr | May | Jun | Jul | Aug | Sep | Oct | Nov | Dec 
2009: Jan | Feb | Mar | Apr | May | Jun | Jul | Aug | Sep | Oct | Nov | Dec 
2008: Jan | Feb | Mar | Apr | May | Jun | Jul | Aug | Sep | Oct | Nov | Dec 
2007: Jan | Feb | Mar | Apr | May | Jun | Jul | Aug | Sep | Oct | Nov | Dec 

Report for 2013 03
MONTHLY CLIMATOLOGICAL SUMMARY for March 2013 CITY: Blahová ELEV: 118 m LAT: 48° 5' 7" North LONG: 17° 32' 48" East TEMPERATURE (°C), BAROMETER (hPa), RAIN (mm), WIND SPEED (m/s) MEAN TEMPERATURE WIND DOM trans Ground DAY TEMP HIGH TIME LOW TIME HUM Baro Rain SPEED HIGH TIME DIR pirat min.temp time ------------------------------------------------------------------------------------------------------------------------------ 1 2.7 4.0 15:15 -0.6 01:22 80 1019.0 0.1 2.6 7.2 12:27 W-NW 0.317 -1.9 01:17 2 1.3 7.8 12:50 -1.9 21:25 74 1021.0 0.0 1.8 6.7 02:45 W-NW 0.978 -2.9 21:24 3 2.9 8.7 15:07 -4.5 05:41 71 1019.2 0.0 2.7 8.2 11:17 W-NW 1.024 -5.0 05:40 4 2.3 9.8 13:49 -2.0 03:42 68 1024.8 0.0 1.0 6.2 09:33 W-NW 1.363 -3.3 22:58 5 4.7 11.1 15:22 -1.8 00:57 62 1020.2 0.0 3.9 10.6 13:36 SE 1.528 -3.1 00:00 6 9.8 15.0 12:19 2.8 06:53 66 1008.5 0.0 4.5 16.1 14:00 S-SE 1.437 2.6 06:37 7 10.9 16.2 12:14 8.3 23:10 74 1002.4 0.0 1.9 13.6 11:26 S-SE 1.487 7.0 23:13 8 9.7 12.7 12:44 6.8 03:27 85 1001.9 1.1 2.4 6.0 19:56 E 0.626 5.6 03:27 9 9.7 13.9 14:34 6.5 03:03 82 1001.7 0.3 0.7 3.8 14:45 N 0.926 6.1 02:42 10 7.9 11.6 10:34 5.1 06:31 85 998.7 0.6 0.9 4.3 13:06 SW 0.610 3.7 23:44 11 5.7 12.8 13:35 2.3 06:28 76 1000.3 0.1 1.8 6.1 15:36 N 1.052 1.9 06:29 12 5.9 8.6 14:38 0.1 01:59 73 998.2 0.0 0.7 4.9 00:46 N 0.838 -0.1 01:54 13 4.9 11.2 13:10 2.0 23:57 73 998.2 0.0 2.8 8.4 23:39 N 1.099 2.8 23:59 14 -3.2 2.0 00:00 -5.0 23:17 82 998.2 2.0 7.6 17.5 22:06 NW 0.277 -3.7 22:48 15 -1.3 1.9 14:26 -5.2 01:21 62 1008.9 1.0 6.3 17.7 04:36 NW 0.691 -3.8 00:54 16 -2.1 3.0 14:41 -6.9 23:46 63 1019.4 0.0 2.0 8.2 00:35 NW 0.793 -7.7 23:47 17 -0.7 2.0 15:46 -7.5 04:27 65 1015.3 0.0 5.5 11.8 21:56 E-SE 0.628 -8.2 04:23 18 0.9 3.1 23:48 -0.9 03:39 83 997.9 7.3 5.5 13.4 19:09 E-SE 0.181 -0.9 03:47 19 4.7 9.8 15:07 0.1 23:50 77 999.9 4.0 2.3 10.5 11:45 W-SW 0.630 -0.8 23:24 20 7.4 13.0 14:54 -2.2 05:33 74 1005.9 0.0 0.8 4.6 12:31 E 1.238 -2.6 05:42 21 4.6 9.1 13:19 1.3 23:35 69 1011.3 0.2 6.1 14.1 15:46 NW 0.815 2.1 23:58 22 0.6 4.3 14:17 -2.1 23:48 67 1014.9 0.0 4.7 13.8 09:21 NW 0.721 -2.1 23:53 23 -0.1 4.2 13:27 -3.9 05:44 63 1017.6 0.0 3.1 7.7 23:51 N 0.751 -4.0 05:53 24 -2.1 -0.8 15:12 -5.3 04:53 63 1019.5 0.0 0.8 6.4 04:26 N-NE 0.461 -4.1 05:23 25 -1.7 -0.2 17:51 -3.3 23:59 75 1011.4 1.5 1.7 7.4 17:48 N 0.230 -2.1 23:48 26 -2.3 -0.5 14:43 -4.0 05:51 86 1006.8 7.8 2.6 7.7 00:57 N 0.219 -2.9 05:19 27 -1.6 3.0 13:36 -3.9 04:30 83 1011.2 2.9 0.4 4.1 00:27 N 0.374 -3.1 22:00 28 -0.2 2.9 14:11 -5.1 05:57 80 1014.0 0.7 3.5 9.0 22:33 E-SE 0.448 -4.7 03:33 29 0.6 1.3 11:20 0.1 05:42 89 1007.2 27.2 1.1 7.1 00:06 E-SE 0.155 0.8 03:38 30 3.5 5.8 13:28 0.2 04:29 87 1003.1 6.5 1.6 5.1 22:39 N-NE 0.360 1.0 04:13 31 0.5 3.4 03:32 -1.6 23:33 88 1001.9 36.0 3.3 10.0 13:43 W-NW 0.142 -1.2 23:00 ------------------------------------------------------------------------------------------------------------------------------ Avg: 2.8 16.2 7 -7.5 17 75 1009.0 99.3 2.8 17.7 15 N 22.396 Wind Run 9395.1 km Calm Values 5277 Calm in % 11.9 % Sun 118:16 h Distribution WD Values 39250 Distribution WD N-NO 6.0 % Distribution WD NO 4.1 % Distribution WD NO-O 2.6 % Distribution WD O 7.4 % Distribution WD O-SO 11.0 % Distribution WD SO 7.7 % Distribution WD SO-S 4.7 % Distribution WD S 1.3 % Distribution WD S-SW 1.9 % Distribution WD SW 3.0 % Distribution WD SW-W 3.4 % Distribution WD W 2.8 % Distribution WD W-NW 12.6 % Distribution WD NW 12.6 % Distribution WD NW-N 4.7 % Distribution WD N 14.1 % Rain days >0.0 mm Month 17 Rain days >2.0 mm Month 8 Rain days >20.0 mm Month 2 Ice days max < 0°C 3 Cold days min < 0°C 19 Cool days max < 10°C 22 Summer days max >=25°C 0 Hot days max >=30°C 0 Last year same Month: Ice days max < 0°C 0 Last year same Month: Cold days min < 0°C 10 Last year same Month: Cool days max < 10°C 8 Last year same Month: Summer days max >=25°C 0 Last year same Month: Hot days max >=30°C 0 © 1999-2012 Werner Krenn / Mischa Thurnherr - Weatherstation Operating- and Data Acquisition Software - V2.96.10


  ©UMa Astronomy

Creative Commons License
Meteo by UMa Astronomy is licensed under a Creative Commons Attribution-NonCommercial-NoDerivs 3.0 Unported License.