Blahová 09/20/2019
 Last update: 08:38
Updated every 10 minutes
 Cold 
 Akt.temp: 10.9°C
 Max.temp: 10.9°C
 Min.temp: 3.3°C
 Devpoint: 6.3 °C
 Wind speed: 1.4m/s
 Wind direction: N
 Max wind gust: 2.9m/s
 Precipitation: 0.0mm
 Pressure: 1028.1 hPa
 P.tendency: +1.2 hPa/3h
 Humidity: 73%
 Abs.humidity: 7.26 g/m3
Ground temperature
Min.temp 2.5°C /05:08
Akt.temp
12.3°C

2019: Jan | Feb | Mar | Apr | May | Jun | Jul | Aug | Sep | Oct | Nov | Dec 
2018: Jan | Feb | Mar | Apr | May | Jun | Jul | Aug | Sep | Oct | Nov | Dec 
2017: Jan | Feb | Mar | Apr | May | Jun | Jul | Aug | Sep | Oct | Nov | Dec 
2016: Jan | Feb | Mar | Apr | May | Jun | Jul | Aug | Sep | Oct | Nov | Dec 
2015: Jan | Feb | Mar | Apr | May | Jun | Jul | Aug | Sep | Oct | Nov | Dec 
2014: Jan | Feb | Mar | Apr | May | Jun | Jul | Aug | Sep | Oct | Nov | Dec 
2013: Jan | Feb | Mar | Apr | May | Jun | Jul | Aug | Sep | Oct | Nov | Dec 
2012: Jan | Feb | Mar | Apr | May | Jun | Jul | Aug | Sep | Oct | Nov | Dec 
2011: Jan | Feb | Mar | Apr | May | Jun | Jul | Aug | Sep | Oct | Nov | Dec 
2010: Jan | Feb | Mar | Apr | May | Jun | Jul | Aug | Sep | Oct | Nov | Dec 
2009: Jan | Feb | Mar | Apr | May | Jun | Jul | Aug | Sep | Oct | Nov | Dec 
2008: Jan | Feb | Mar | Apr | May | Jun | Jul | Aug | Sep | Oct | Nov | Dec 
2007: Jan | Feb | Mar | Apr | May | Jun | Jul | Aug | Sep | Oct | Nov | Dec 

Report for 2013 04
MONTHLY CLIMATOLOGICAL SUMMARY for April 2013 CITY: Blahová ELEV: 118 m LAT: 48° 5' 7" North LONG: 17° 32' 48" East TEMPERATURE (°C), BAROMETER (hPa), RAIN (mm), WIND SPEED (m/s) MEAN TEMPERATURE WIND DOM trans Ground DAY TEMP HIGH TIME LOW TIME HUM Baro Rain SPEED HIGH TIME DIR pirat min.temp time ------------------------------------------------------------------------------------------------------------------------------ 1 2.3 6.0 11:31 -1.8 02:45 75 1010.1 0.0 0.8 6.5 10:33 W-NW 0.843 -1.6 02:47 2 3.3 7.6 13:35 0.6 06:00 79 1007.7 3.2 3.6 9.9 23:23 NE 0.996 1.6 04:00 3 1.6 2.4 15:01 1.2 05:52 86 1007.2 5.3 4.7 9.8 01:54 NW 0.293 1.9 05:41 4 2.1 6.9 15:13 -0.7 23:30 81 1009.8 0.0 1.1 6.6 08:01 W-NW 0.769 -1.1 23:10 5 5.3 8.0 10:27 -0.2 00:00 83 1005.7 0.0 1.7 7.9 10:24 E 0.767 -0.9 00:00 6 4.6 8.3 13:58 1.9 05:51 76 1014.1 0.0 3.3 9.4 12:44 W-NW 0.986 1.7 23:59 7 3.7 8.7 13:59 0.8 23:49 70 1015.8 0.0 3.2 10.0 16:05 NW 1.288 0.7 23:54 8 5.4 9.5 13:44 -0.9 05:24 69 1009.5 0.0 1.9 6.3 19:38 SE 1.532 -1.5 05:32 9 8.6 13.9 13:38 3.5 05:32 73 1006.6 0.0 2.0 6.0 20:53 E-SE 2.002 2.8 05:35 10 8.6 15.3 15:54 3.3 23:45 74 1010.4 0.1 1.7 10.6 15:53 W-NW 1.956 2.1 23:46 11 10.8 18.0 13:27 1.0 04:35 70 1009.2 0.0 2.2 10.1 13:09 S-SE 2.768 0.3 05:17 12 11.8 17.7 13:26 7.0 23:48 76 1008.2 8.7 2.3 9.4 07:23 SW 1.939 6.7 22:48 13 9.8 17.3 12:51 4.8 04:51 72 1020.4 0.0 2.0 8.9 14:23 W-NW 1.844 4.3 03:36 14 11.1 19.2 14:09 5.5 01:15 61 1027.2 0.0 0.7 6.7 13:55 N 3.745 4.1 01:38 15 11.3 18.0 14:22 3.8 04:56 60 1025.4 0.0 1.6 4.8 09:33 E-SE 3.533 2.3 04:56 16 11.9 19.7 16:24 3.8 03:27 61 1023.6 0.0 2.0 6.9 12:13 E-SE 4.077 2.0 03:26 17 14.0 21.5 14:13 6.8 01:48 66 1022.5 0.0 0.6 3.1 08:01 E 3.550 4.4 01:15 18 16.7 23.8 13:54 8.3 05:06 61 1018.4 0.0 1.1 4.8 11:38 NE 4.705 6.8 04:35 19 14.8 21.5 11:59 9.0 05:08 74 1017.5 0.0 1.9 7.8 16:22 W-NW 2.434 7.7 04:24 20 15.4 21.7 14:06 7.7 04:49 67 1018.9 0.0 2.8 7.1 18:43 N 3.518 8.0 04:31 21 16.1 21.8 14:31 9.1 05:02 62 1016.1 0.0 1.4 4.0 09:45 N-NE 4.092 8.6 05:01 22 16.6 22.7 14:27 7.2 05:12 56 1014.3 0.0 1.2 5.6 23:55 E 4.751 6.1 05:11 23 15.9 22.3 13:30 9.7 04:35 64 1020.7 0.2 0.9 6.9 13:25 SW 3.960 8.4 04:37 24 16.3 23.5 14:02 8.8 05:13 62 1025.5 0.0 0.4 7.1 12:25 SW 4.897 7.4 05:16 25 16.8 25.8 13:55 6.5 04:59 63 1022.3 0.0 0.8 4.9 15:14 W-NW 5.870 5.9 05:01 26 20.4 27.6 13:59 8.3 04:46 53 1009.8 0.0 2.1 9.1 23:52 S-SE 6.671 7.5 04:56 27 19.6 24.0 12:16 16.7 23:59 55 1004.2 0.0 4.6 15.4 10:26 S-SW 4.534 16.3 23:58 28 17.6 24.0 14:12 12.0 23:59 65 1011.7 0.1 1.2 9.6 08:04 W-NW 4.616 11.9 23:55 29 18.2 25.9 12:35 7.8 04:48 66 1016.3 0.0 2.5 11.2 14:20 S-SW 5.207 7.8 04:39 30 20.5 26.2 14:22 8.7 05:01 60 1015.9 0.0 2.4 9.3 14:45 S-SE 5.329 8.8 04:49 ------------------------------------------------------------------------------------------------------------------------------ Avg: 11.7 27.6 26 -1.8 1 68 1014.8 17.7 2.0 15.4 27 W-NW 93.471 Wind Run 6372.4 km Calm Values 5680 Calm in % 13.2 % Sun 247:29 h Distribution WD Values 37281 Distribution WD N-NO 4.5 % Distribution WD NO 4.6 % Distribution WD NO-O 2.5 % Distribution WD O 6.8 % Distribution WD O-SO 8.1 % Distribution WD SO 8.2 % Distribution WD SO-S 7.7 % Distribution WD S 4.3 % Distribution WD S-SW 6.9 % Distribution WD SW 6.0 % Distribution WD SW-W 4.8 % Distribution WD W 4.0 % Distribution WD W-NW 11.5 % Distribution WD NW 9.1 % Distribution WD NW-N 2.9 % Distribution WD N 8.3 % Rain days >0.0 mm Month 6 Rain days >2.0 mm Month 3 Rain days >20.0 mm Month 0 Ice days max < 0°C 0 Cold days min < 0°C 4 Cool days max < 10°C 8 Summer days max >=25°C 4 Hot days max >=30°C 0 Last year same Month: Ice days max < 0°C 0 Last year same Month: Cold days min < 0°C 5 Last year same Month: Cool days max < 10°C 2 Last year same Month: Summer days max >=25°C 3 Last year same Month: Hot days max >=30°C 1 © 1999-2012 Werner Krenn / Mischa Thurnherr - Weatherstation Operating- and Data Acquisition Software - V2.96.10


  ©UMa Astronomy

Creative Commons License
Meteo by UMa Astronomy is licensed under a Creative Commons Attribution-NonCommercial-NoDerivs 3.0 Unported License.