Blahová 12/09/2019
 Last update: 11:28
Updated every 10 minutes
 Cold 
 Akt.temp: 3.9°C
 Max.temp: 3.9°C
 Min.temp: 2.5°C
 Devpoint: 0.9 °C
 Wind speed: 0.6m/s
 Wind direction: E-SE
 Max wind gust: 4.3m/s
 Precipitation: 0.0mm
 Pressure: 1008.6 hPa
 P.tendency: -0.6 hPa/3h
 Humidity: 81%
 Abs.humidity: 5.12 g/m3
Ground temperature
Min.temp 2.6°C /03:03
Akt.temp
4.9°C

2019: Jan | Feb | Mar | Apr | May | Jun | Jul | Aug | Sep | Oct | Nov | Dec 
2018: Jan | Feb | Mar | Apr | May | Jun | Jul | Aug | Sep | Oct | Nov | Dec 
2017: Jan | Feb | Mar | Apr | May | Jun | Jul | Aug | Sep | Oct | Nov | Dec 
2016: Jan | Feb | Mar | Apr | May | Jun | Jul | Aug | Sep | Oct | Nov | Dec 
2015: Jan | Feb | Mar | Apr | May | Jun | Jul | Aug | Sep | Oct | Nov | Dec 
2014: Jan | Feb | Mar | Apr | May | Jun | Jul | Aug | Sep | Oct | Nov | Dec 
2013: Jan | Feb | Mar | Apr | May | Jun | Jul | Aug | Sep | Oct | Nov | Dec 
2012: Jan | Feb | Mar | Apr | May | Jun | Jul | Aug | Sep | Oct | Nov | Dec 
2011: Jan | Feb | Mar | Apr | May | Jun | Jul | Aug | Sep | Oct | Nov | Dec 
2010: Jan | Feb | Mar | Apr | May | Jun | Jul | Aug | Sep | Oct | Nov | Dec 
2009: Jan | Feb | Mar | Apr | May | Jun | Jul | Aug | Sep | Oct | Nov | Dec 
2008: Jan | Feb | Mar | Apr | May | Jun | Jul | Aug | Sep | Oct | Nov | Dec 
2007: Jan | Feb | Mar | Apr | May | Jun | Jul | Aug | Sep | Oct | Nov | Dec 

Report for 2013 05
MONTHLY CLIMATOLOGICAL SUMMARY for May 2013 CITY: Blahová ELEV: 118 m LAT: 48° 5' 7" North LONG: 17° 32' 48" East TEMPERATURE (°C), BAROMETER (hPa), RAIN (mm), WIND SPEED (m/s) MEAN TEMPERATURE WIND DOM trans Ground DAY TEMP HIGH TIME LOW TIME HUM Baro Rain SPEED HIGH TIME DIR pirat min.temp time ------------------------------------------------------------------------------------------------------------------------------ 1 18.8 25.9 14:19 13.4 05:09 70 1018.1 0.0 0.5 6.6 02:24 W-NW 4.819 13.1 05:00 2 16.8 19.5 15:18 13.7 04:22 84 1013.7 6.2 1.5 9.2 12:12 N-NE 1.412 13.6 04:06 3 14.2 20.4 13:05 11.3 21:35 82 1011.8 2.5 1.3 9.5 14:17 W-NW 1.815 11.2 21:07 4 15.3 21.3 13:52 9.9 04:29 74 1017.0 0.0 1.2 6.8 14:29 W-NW 3.012 10.1 04:22 5 17.1 22.2 13:52 12.2 04:04 72 1020.8 0.1 1.6 6.0 01:36 W-NW 3.431 12.4 03:55 6 18.3 22.9 14:44 14.5 02:25 77 1017.3 0.3 1.2 6.3 00:14 E 3.163 14.6 00:02 7 16.4 20.7 12:55 15.5 04:00 85 1015.7 16.5 0.9 9.3 13:53 E 0.796 14.9 23:58 8 17.3 22.2 16:08 13.1 23:38 79 1015.8 0.6 1.2 5.0 10:43 E-SE 2.321 12.4 23:46 9 18.4 24.0 14:29 11.5 03:56 69 1015.7 0.0 1.4 4.5 10:23 S-SE 3.896 10.8 03:56 10 18.6 24.8 14:12 10.9 03:15 69 1012.1 0.3 2.5 7.9 10:13 SE 4.723 9.6 03:29 11 13.7 16.1 10:56 11.7 23:54 84 1010.7 2.2 2.7 6.7 23:13 W-NW 0.990 12.2 23:28 12 12.1 15.8 16:18 10.6 05:41 80 1009.7 6.4 4.3 10.9 23:41 W-NW 1.475 11.1 04:35 13 11.7 17.5 15:42 9.0 05:56 67 1014.9 0.0 2.5 11.5 02:54 W-NW 2.849 9.7 05:27 14 13.3 20.9 17:05 6.9 04:10 70 1012.3 0.0 1.1 5.8 12:56 W-NW 3.460 7.2 04:03 15 17.5 22.7 13:17 7.5 04:14 65 1007.6 0.0 2.9 8.1 12:16 SE 4.033 7.0 03:43 16 18.6 24.2 14:23 12.3 04:11 65 1004.8 0.0 2.3 10.4 12:14 E-SE 4.556 11.9 04:30 17 17.5 21.6 15:22 13.1 04:12 78 1003.0 2.4 2.9 8.3 14:36 E-SE 2.324 13.0 03:47 18 17.1 23.3 14:26 11.6 04:29 68 1011.0 0.0 2.2 7.6 16:56 S-SE 4.125 11.6 03:38 19 19.5 26.2 14:41 11.7 02:06 68 1008.7 8.4 1.8 10.7 20:45 SE 5.132 11.2 02:03 20 14.2 20.9 14:32 10.5 23:03 73 1012.5 0.1 0.8 8.2 10:40 W-SW 3.586 10.2 22:50 21 15.9 21.3 14:50 8.0 03:46 69 1010.1 0.1 1.2 7.3 12:52 SW 3.579 8.2 03:46 22 16.0 20.7 14:07 8.1 04:21 64 1006.0 0.0 2.1 9.3 23:55 W-NW 3.546 8.5 04:13 23 11.5 15.5 10:49 8.1 04:49 61 1004.5 0.0 3.6 11.8 08:06 NW 2.208 8.1 05:02 24 11.5 16.2 15:57 8.5 04:49 69 1005.8 0.0 2.1 7.9 09:18 W-NW 2.239 9.0 00:06 25 10.1 15.9 17:10 7.7 23:48 75 1007.6 0.0 1.1 6.3 07:15 W-NW 1.602 7.7 23:57 26 12.1 17.2 14:15 5.8 04:21 61 1007.6 0.0 2.7 11.0 19:36 W-NW 3.017 0.0 12:21 27 10.9 13.2 15:02 8.5 03:52 71 1008.5 0.0 2.7 9.2 07:27 W-SW 1.608 8.9 03:29 28 14.6 21.5 14:38 9.6 01:55 75 1004.2 7.5 1.7 12.5 16:57 S-SW 3.433 9.9 01:23 29 17.2 22.6 16:20 9.5 04:16 72 1001.4 0.1 1.7 9.2 08:52 E-SE 3.550 9.6 04:03 30 10.6 13.3 07:19 8.8 22:44 85 999.0 18.9 2.7 6.8 13:48 W-NW 0.512 9.8 22:48 31 11.6 15.0 14:52 8.9 00:00 81 1000.8 2.2 1.3 6.2 11:50 S-SE 1.254 9.6 23:38 ------------------------------------------------------------------------------------------------------------------------------ Avg: 15.1 26.2 19 0.0 26 73 1010.0 74.8 1.9 12.5 28 W-NW 88.466 Wind Run 7026.9 km Calm Values 2965 Calm in % 6.7 % Sun 243:32 h Distribution WD Values 41474 Distribution WD N-NO 2.8 % Distribution WD NO 2.3 % Distribution WD NO-O 1.8 % Distribution WD O 6.5 % Distribution WD O-SO 9.2 % Distribution WD SO 9.0 % Distribution WD SO-S 7.4 % Distribution WD S 3.2 % Distribution WD S-SW 4.5 % Distribution WD SW 5.0 % Distribution WD SW-W 6.6 % Distribution WD W 6.8 % Distribution WD W-NW 16.3 % Distribution WD NW 10.4 % Distribution WD NW-N 2.6 % Distribution WD N 5.6 % Rain days >0.0 mm Month 17 Rain days >2.0 mm Month 10 Rain days >20.0 mm Month 0 Ice days max < 0°C 0 Cold days min < 0°C 0 Cool days max < 10°C 0 Summer days max >=25°C 2 Hot days max >=30°C 0 Last year same Month: Ice days max < 0°C 0 Last year same Month: Cold days min < 0°C 0 Last year same Month: Cool days max < 10°C 0 Last year same Month: Summer days max >=25°C 12 Last year same Month: Hot days max >=30°C 2 © 1999-2012 Werner Krenn / Mischa Thurnherr - Weatherstation Operating- and Data Acquisition Software - V2.96.10


  ©UMa Astronomy

Creative Commons License
Meteo by UMa Astronomy is licensed under a Creative Commons Attribution-NonCommercial-NoDerivs 3.0 Unported License.