Blahová 11/13/2019
 Last update: 21:33
Updated every 10 minutes
 Cold 
 Akt.temp: 5.1°C
 Max.temp: 9.9°C
 Min.temp: 4.8°C
 Devpoint: 1.6 °C
 Wind speed: 1.6m/s
 Wind direction: W-NW
 Max wind gust: 7.7m/s
 Precipitation: 11.9mm
 Pressure: 1006.6 hPa
 P.tendency: +4.0 hPa/3h
 Humidity: 78%
 Abs.humidity: 5.34 g/m3
Ground temperature
Min.temp 5.8°C /18:24
Akt.temp
6.5°C

2019: Jan | Feb | Mar | Apr | May | Jun | Jul | Aug | Sep | Oct | Nov | Dec 
2018: Jan | Feb | Mar | Apr | May | Jun | Jul | Aug | Sep | Oct | Nov | Dec 
2017: Jan | Feb | Mar | Apr | May | Jun | Jul | Aug | Sep | Oct | Nov | Dec 
2016: Jan | Feb | Mar | Apr | May | Jun | Jul | Aug | Sep | Oct | Nov | Dec 
2015: Jan | Feb | Mar | Apr | May | Jun | Jul | Aug | Sep | Oct | Nov | Dec 
2014: Jan | Feb | Mar | Apr | May | Jun | Jul | Aug | Sep | Oct | Nov | Dec 
2013: Jan | Feb | Mar | Apr | May | Jun | Jul | Aug | Sep | Oct | Nov | Dec 
2012: Jan | Feb | Mar | Apr | May | Jun | Jul | Aug | Sep | Oct | Nov | Dec 
2011: Jan | Feb | Mar | Apr | May | Jun | Jul | Aug | Sep | Oct | Nov | Dec 
2010: Jan | Feb | Mar | Apr | May | Jun | Jul | Aug | Sep | Oct | Nov | Dec 
2009: Jan | Feb | Mar | Apr | May | Jun | Jul | Aug | Sep | Oct | Nov | Dec 
2008: Jan | Feb | Mar | Apr | May | Jun | Jul | Aug | Sep | Oct | Nov | Dec 
2007: Jan | Feb | Mar | Apr | May | Jun | Jul | Aug | Sep | Oct | Nov | Dec 

Report for 2013 06
MONTHLY CLIMATOLOGICAL SUMMARY for June 2013 CITY: Blahová ELEV: 118 m LAT: 48° 5' 7" North LONG: 17° 32' 48" East TEMPERATURE (°C), BAROMETER (hPa), RAIN (mm), WIND SPEED (m/s) MEAN TEMPERATURE WIND DOM trans Ground DAY TEMP HIGH TIME LOW TIME HUM Baro Rain SPEED HIGH TIME DIR pirat min.temp time ------------------------------------------------------------------------------------------------------------------------------ 1 13.9 19.2 14:54 7.7 04:16 76 1004.5 0.1 1.4 7.4 15:45 W-NW 1.964 8.0 04:07 2 14.3 20.3 14:30 9.2 01:36 78 1009.7 6.8 3.1 9.8 21:45 W-NW 2.705 9.4 01:38 3 11.6 13.9 14:48 10.1 03:32 82 1014.7 0.6 4.6 11.8 14:50 W-NW 1.016 10.7 03:30 4 12.1 14.7 12:43 9.1 04:29 85 1013.5 4.1 2.9 10.3 11:13 W-NW 0.847 9.8 03:33 5 13.7 18.7 16:00 9.7 23:45 82 1016.2 0.7 2.2 6.8 14:01 W-NW 1.413 10.4 23:41 6 17.1 22.3 16:17 8.5 03:55 79 1017.8 0.0 1.9 5.2 16:34 W-NW 2.330 9.3 03:42 7 19.6 24.5 16:10 12.6 04:16 75 1016.3 0.0 1.9 5.9 08:04 W-NW 3.262 13.0 04:34 8 21.2 27.7 14:31 14.0 04:15 70 1013.0 0.0 0.5 4.3 15:24 N 5.215 14.3 04:17 9 21.9 27.9 13:47 13.4 02:54 68 1007.9 0.0 1.9 9.6 13:14 S-SE 5.142 13.6 03:21 10 19.5 27.7 13:55 15.0 21:22 72 1005.9 26.3 2.2 10.3 10:13 S-SW 4.401 15.5 23:31 11 14.6 17.1 16:41 12.7 22:25 81 1012.1 6.8 3.0 10.3 15:35 NW 0.907 13.0 22:20 12 18.0 22.8 16:09 13.1 00:00 66 1017.5 0.0 3.9 11.6 11:33 NW 3.281 13.6 00:00 13 19.3 26.4 16:26 10.8 04:01 66 1017.3 0.0 0.7 6.0 12:01 N 5.180 11.1 03:56 14 20.0 25.6 12:29 11.7 01:50 70 1016.6 0.0 1.3 9.2 13:04 W-NW 3.929 12.0 02:04 15 22.6 27.7 16:31 15.8 03:08 71 1015.2 0.1 0.5 3.9 14:19 SW 4.622 16.3 04:05 16 21.9 27.1 14:15 17.5 05:07 77 1016.5 0.0 0.5 4.0 04:53 N 3.643 17.9 01:49 17 25.6 31.9 13:16 16.9 04:06 70 1016.3 0.0 1.1 5.0 14:03 E-SE 5.920 17.1 03:50 18 26.5 33.2 14:48 18.3 04:08 69 1016.4 0.0 1.0 6.5 11:41 S-SW 7.339 18.2 03:29 19 27.6 34.4 14:25 19.9 02:53 66 1015.6 0.0 0.5 4.3 22:33 E 8.085 19.6 02:55 20 27.7 34.5 13:34 21.0 03:57 68 1013.0 0.0 1.3 6.9 08:22 E-SE 7.637 20.7 03:27 21 25.7 31.1 14:44 20.3 04:06 68 1013.2 0.0 1.0 9.1 09:02 SE 5.747 20.0 03:58 22 24.3 30.6 14:26 18.9 03:39 73 1013.2 0.0 0.7 5.3 12:33 W-NW 5.440 18.8 03:54 23 22.7 29.2 14:09 17.0 04:37 69 1011.8 0.0 0.9 6.9 11:32 W-NW 5.514 17.5 04:34 24 14.1 19.3 01:55 12.3 22:51 81 1011.5 14.8 4.1 12.2 15:42 W-NW 1.310 12.9 22:44 25 14.0 14.5 12:39 12.0 01:56 81 1015.4 2.7 3.4 13.1 15:42 W-NW 0.620 12.7 02:17 26 13.7 16.9 16:32 10.8 23:56 76 1022.3 0.0 3.4 9.8 15:45 W-NW 1.370 11.4 03:17 27 14.2 19.7 15:29 8.8 02:12 71 1020.9 0.0 1.2 6.9 09:28 W-NW 2.896 9.2 04:16 28 16.1 22.5 13:26 8.2 03:18 72 1017.4 0.0 0.8 7.3 18:27 W-NW 3.235 8.8 03:41 29 17.1 23.4 13:50 10.1 03:31 69 1016.0 0.0 1.7 7.7 09:57 W-NW 3.949 10.5 03:15 30 15.9 20.4 15:49 9.7 23:53 66 1018.5 0.0 2.5 12.3 12:40 W-NW 2.906 9.8 23:58 ------------------------------------------------------------------------------------------------------------------------------ Avg: 18.9 34.5 20 7.7 1 73 1014.5 63.0 1.9 13.1 25 W-NW 111.825 Wind Run 6442.7 km Calm Values 6734 Calm in % 15.8 % Sun 322:04 h Distribution WD Values 35850 Distribution WD N-NO 3.5 % Distribution WD NO 2.0 % Distribution WD NO-O 1.2 % Distribution WD O 3.3 % Distribution WD O-SO 4.2 % Distribution WD SO 3.6 % Distribution WD SO-S 4.2 % Distribution WD S 2.5 % Distribution WD S-SW 3.8 % Distribution WD SW 3.2 % Distribution WD SW-W 5.1 % Distribution WD W 6.7 % Distribution WD W-NW 25.8 % Distribution WD NW 16.7 % Distribution WD NW-N 4.6 % Distribution WD N 9.6 % Rain days >0.0 mm Month 10 Rain days >2.0 mm Month 6 Rain days >20.0 mm Month 1 Ice days max < 0°C 0 Cold days min < 0°C 0 Cool days max < 10°C 0 Summer days max >=25°C 14 Hot days max >=30°C 6 Last year same Month: Ice days max < 0°C 0 Last year same Month: Cold days min < 0°C 0 Last year same Month: Cool days max < 10°C 0 Last year same Month: Summer days max >=25°C 17 Last year same Month: Hot days max >=30°C 8 © 1999-2012 Werner Krenn / Mischa Thurnherr - Weatherstation Operating- and Data Acquisition Software - V2.96.10


  ©UMa Astronomy

Creative Commons License
Meteo by UMa Astronomy is licensed under a Creative Commons Attribution-NonCommercial-NoDerivs 3.0 Unported License.