Blahová 10/17/2019
 Last update: 23:43
Updated every 10 minutes
 Cold 
 Akt.temp: 9.7°C
 Max.temp: 20.1°C
 Min.temp: 5.3°C
 Devpoint: 6.1 °C
 Wind speed: 0.0m/s
 Wind direction: E
 Max wind gust: 3.4m/s
 Precipitation: 0.2mm
 Pressure: 1016.1 hPa
 P.tendency: -0.3 hPa/3h
 Humidity: 78%
 Abs.humidity: 7.19 g/m3
Ground temperature
Min.temp 5.3°C /01:51
Akt.temp
7.3°C

2019: Jan | Feb | Mar | Apr | May | Jun | Jul | Aug | Sep | Oct | Nov | Dec 
2018: Jan | Feb | Mar | Apr | May | Jun | Jul | Aug | Sep | Oct | Nov | Dec 
2017: Jan | Feb | Mar | Apr | May | Jun | Jul | Aug | Sep | Oct | Nov | Dec 
2016: Jan | Feb | Mar | Apr | May | Jun | Jul | Aug | Sep | Oct | Nov | Dec 
2015: Jan | Feb | Mar | Apr | May | Jun | Jul | Aug | Sep | Oct | Nov | Dec 
2014: Jan | Feb | Mar | Apr | May | Jun | Jul | Aug | Sep | Oct | Nov | Dec 
2013: Jan | Feb | Mar | Apr | May | Jun | Jul | Aug | Sep | Oct | Nov | Dec 
2012: Jan | Feb | Mar | Apr | May | Jun | Jul | Aug | Sep | Oct | Nov | Dec 
2011: Jan | Feb | Mar | Apr | May | Jun | Jul | Aug | Sep | Oct | Nov | Dec 
2010: Jan | Feb | Mar | Apr | May | Jun | Jul | Aug | Sep | Oct | Nov | Dec 
2009: Jan | Feb | Mar | Apr | May | Jun | Jul | Aug | Sep | Oct | Nov | Dec 
2008: Jan | Feb | Mar | Apr | May | Jun | Jul | Aug | Sep | Oct | Nov | Dec 
2007: Jan | Feb | Mar | Apr | May | Jun | Jul | Aug | Sep | Oct | Nov | Dec 

Report for 2013 07
MONTHLY CLIMATOLOGICAL SUMMARY for July 2013 CITY: Blahová ELEV: 118 m LAT: 48° 5' 7" North LONG: 17° 32' 48" East TEMPERATURE (°C), BAROMETER (hPa), RAIN (mm), WIND SPEED (m/s) MEAN TEMPERATURE WIND DOM trans Ground DAY TEMP HIGH TIME LOW TIME HUM Baro Rain SPEED HIGH TIME DIR pirat min.temp time ------------------------------------------------------------------------------------------------------------------------------ 1 17.1 24.8 16:44 7.5 04:13 64 1019.0 0.0 0.6 5.3 08:40 W-NW 4.456 8.0 04:15 2 21.4 28.2 14:24 9.9 01:46 63 1016.8 0.0 1.6 7.1 11:47 S-SE 5.377 10.1 01:43 3 22.1 28.6 13:26 13.5 02:26 61 1014.5 0.0 1.6 7.5 15:35 E-SE 4.979 13.2 03:39 4 23.0 29.6 13:43 12.7 04:08 67 1018.5 0.0 1.2 7.3 16:10 W-NW 5.507 12.8 04:02 5 24.5 29.5 14:30 17.3 03:53 63 1021.7 0.0 3.7 9.7 15:47 NW 5.399 17.2 03:51 6 22.9 28.5 16:19 17.6 04:54 71 1023.9 14.9 2.2 7.9 16:11 N 4.207 17.7 04:49 7 23.4 30.2 13:24 16.7 03:59 64 1024.8 0.0 2.3 7.5 19:01 N 5.337 16.5 04:03 8 23.0 28.9 16:47 16.3 04:15 60 1024.4 0.0 1.8 5.7 18:01 N 5.331 16.1 04:12 9 22.2 29.8 13:54 14.8 04:26 66 1019.7 0.0 0.8 3.5 09:51 N 4.991 14.8 04:08 10 23.1 30.0 16:16 14.6 03:55 64 1012.6 0.0 0.8 5.7 15:17 W-NW 6.261 14.8 03:49 11 18.2 24.2 13:58 13.1 23:57 66 1014.1 2.1 3.5 10.8 05:44 W-NW 3.992 13.0 23:56 12 18.1 24.1 14:38 11.7 02:32 64 1017.3 0.0 1.8 8.9 15:20 W-NW 4.044 11.9 02:55 13 18.4 24.9 15:05 11.9 04:19 66 1017.8 0.0 1.3 7.2 12:27 W-NW 3.770 12.2 04:05 14 20.0 27.2 14:49 12.2 01:19 61 1017.5 0.0 1.3 7.6 09:33 W-NW 4.929 12.2 03:51 15 19.5 26.1 15:01 13.9 03:27 61 1018.7 0.0 2.3 10.0 15:50 NW 5.017 14.2 00:39 16 19.6 27.2 16:52 11.8 04:26 62 1021.8 0.0 1.4 7.0 10:50 W-NW 5.167 12.0 02:37 17 21.4 29.6 14:15 12.1 04:38 63 1020.5 0.0 0.6 3.8 13:16 S-SW 5.676 12.1 04:38 18 23.5 31.8 14:12 14.6 04:35 60 1019.4 0.0 0.7 5.0 16:13 N 6.900 14.3 04:31 19 23.1 31.7 13:03 16.4 04:17 61 1016.6 0.0 0.8 5.2 16:12 N 6.445 15.8 03:46 20 22.5 28.5 12:27 16.0 23:33 55 1017.2 0.0 2.1 8.7 17:50 N 5.072 15.1 23:37 21 22.3 28.3 14:12 12.7 03:27 52 1019.7 0.0 1.4 8.3 14:14 N 6.074 12.5 03:25 22 22.0 30.3 17:19 13.6 03:29 56 1016.1 0.0 0.8 4.4 13:24 NE 7.181 13.0 03:38 23 23.5 32.4 14:30 12.9 04:17 56 1013.0 0.0 0.5 7.5 14:43 W-NW 8.659 13.0 04:08 24 23.9 32.8 14:12 15.3 04:42 52 1014.2 0.0 1.4 5.2 15:27 N 8.580 15.1 04:17 25 22.2 29.5 17:06 16.5 04:30 67 1016.0 0.1 0.5 4.5 13:24 N 5.171 16.5 04:09 26 25.1 32.9 14:06 15.6 04:49 63 1015.1 0.0 0.5 4.3 13:33 N 7.470 15.8 04:42 27 27.7 35.5 14:23 19.2 04:35 56 1013.3 0.0 1.0 5.4 12:58 SE 9.231 18.7 04:27 28 29.4 36.7 14:25 19.4 02:53 54 1013.7 0.0 1.9 7.5 12:54 SE 9.966 18.9 02:47 29 29.5 35.0 14:05 22.2 05:25 48 1011.0 0.0 0.5 11.5 20:06 E-SE 8.053 21.2 05:09 30 22.9 27.5 14:41 17.9 23:42 54 1017.6 0.0 3.1 12.7 14:15 W-NW 5.322 17.8 23:42 31 23.9 28.9 13:12 15.7 04:55 55 1018.5 0.0 2.0 8.2 15:24 W-NW 5.536 15.8 04:54 ------------------------------------------------------------------------------------------------------------------------------ Avg: 22.6 36.7 28 7.5 1 60 1017.6 17.1 1.5 12.7 30 W-NW 184.097 Wind Run 5365.6 km Calm Values 9266 Calm in % 20.8 % Sun 389:32 h Distribution WD Values 35216 Distribution WD N-NO 7.0 % Distribution WD NO 3.8 % Distribution WD NO-O 1.6 % Distribution WD O 4.0 % Distribution WD O-SO 4.5 % Distribution WD SO 3.9 % Distribution WD SO-S 3.4 % Distribution WD S 1.8 % Distribution WD S-SW 2.3 % Distribution WD SW 2.2 % Distribution WD SW-W 3.4 % Distribution WD W 4.5 % Distribution WD W-NW 19.0 % Distribution WD NW 16.1 % Distribution WD NW-N 5.7 % Distribution WD N 16.8 % Rain days >0.0 mm Month 3 Rain days >2.0 mm Month 2 Rain days >20.0 mm Month 0 Ice days max < 0°C 0 Cold days min < 0°C 0 Cool days max < 10°C 0 Summer days max >=25°C 27 Hot days max >=30°C 11 Last year same Month: Ice days max < 0°C 0 Last year same Month: Cold days min < 0°C 0 Last year same Month: Cool days max < 10°C 0 Last year same Month: Summer days max >=25°C 22 Last year same Month: Hot days max >=30°C 14 © 1999-2012 Werner Krenn / Mischa Thurnherr - Weatherstation Operating- and Data Acquisition Software - V2.96.10


  ©UMa Astronomy

Creative Commons License
Meteo by UMa Astronomy is licensed under a Creative Commons Attribution-NonCommercial-NoDerivs 3.0 Unported License.