Blahová 12/15/2019
 Last update: 16:08
Updated every 10 minutes
 Cold 
 Akt.temp: 5.5°C
 Max.temp: 6.9°C
 Min.temp: 1.0°C
 Devpoint: 2.5 °C
 Wind speed: 1.1m/s
 Wind direction: NE
 Max wind gust: 5.0m/s
 Precipitation: 0.0mm
 Pressure: 1011.1 hPa
 P.tendency: +0.6 hPa/3h
 Humidity: 81%
 Abs.humidity: 5.69 g/m3
Ground temperature
Min.temp 1.1°C /07:46
Akt.temp
4.1°C

2019: Jan | Feb | Mar | Apr | May | Jun | Jul | Aug | Sep | Oct | Nov | Dec 
2018: Jan | Feb | Mar | Apr | May | Jun | Jul | Aug | Sep | Oct | Nov | Dec 
2017: Jan | Feb | Mar | Apr | May | Jun | Jul | Aug | Sep | Oct | Nov | Dec 
2016: Jan | Feb | Mar | Apr | May | Jun | Jul | Aug | Sep | Oct | Nov | Dec 
2015: Jan | Feb | Mar | Apr | May | Jun | Jul | Aug | Sep | Oct | Nov | Dec 
2014: Jan | Feb | Mar | Apr | May | Jun | Jul | Aug | Sep | Oct | Nov | Dec 
2013: Jan | Feb | Mar | Apr | May | Jun | Jul | Aug | Sep | Oct | Nov | Dec 
2012: Jan | Feb | Mar | Apr | May | Jun | Jul | Aug | Sep | Oct | Nov | Dec 
2011: Jan | Feb | Mar | Apr | May | Jun | Jul | Aug | Sep | Oct | Nov | Dec 
2010: Jan | Feb | Mar | Apr | May | Jun | Jul | Aug | Sep | Oct | Nov | Dec 
2009: Jan | Feb | Mar | Apr | May | Jun | Jul | Aug | Sep | Oct | Nov | Dec 
2008: Jan | Feb | Mar | Apr | May | Jun | Jul | Aug | Sep | Oct | Nov | Dec 
2007: Jan | Feb | Mar | Apr | May | Jun | Jul | Aug | Sep | Oct | Nov | Dec 

Report for 2013 08
MONTHLY CLIMATOLOGICAL SUMMARY for August 2013 CITY: Blahová ELEV: 118 m LAT: 48° 5' 7" North LONG: 17° 32' 48" East TEMPERATURE (°C), BAROMETER (hPa), RAIN (mm), WIND SPEED (m/s) MEAN TEMPERATURE WIND DOM trans Ground DAY TEMP HIGH TIME LOW TIME HUM Baro Rain SPEED HIGH TIME DIR pirat min.temp time ------------------------------------------------------------------------------------------------------------------------------ 1 22.8 30.9 14:39 14.2 03:47 60 1018.5 0.0 1.0 6.3 12:44 W-NW 6.576 14.1 03:48 2 25.4 33.9 14:08 13.6 04:50 58 1016.9 0.0 0.9 6.1 14:22 E 8.007 13.6 04:29 3 27.9 36.7 13:08 15.7 05:00 51 1016.0 0.0 1.2 4.6 15:13 S-SE 10.248 15.6 04:39 4 27.1 35.1 14:04 18.0 03:54 58 1020.3 11.3 2.7 12.3 21:05 E 8.834 17.4 03:55 5 23.5 31.7 14:25 17.3 04:26 74 1018.5 0.3 0.5 5.0 00:04 W-NW 6.002 17.2 04:31 6 27.4 35.7 13:58 17.9 04:46 59 1014.8 0.0 1.5 7.1 12:43 E-SE 8.704 17.9 04:26 7 27.9 36.0 14:17 19.3 05:04 51 1013.8 0.0 1.9 7.4 13:33 SE 9.771 19.2 01:48 8 29.8 38.3 13:49 20.2 05:28 46 1013.6 0.0 1.6 7.1 11:36 E-SE 11.445 19.4 04:52 9 27.5 34.8 14:35 17.9 22:21 63 1013.9 33.6 2.2 17.4 22:02 W-NW 7.646 18.1 22:21 10 18.7 23.5 15:42 15.9 23:51 71 1017.1 0.1 3.1 11.8 15:54 W-NW 3.085 15.9 23:54 11 20.7 27.8 15:21 11.9 05:02 68 1016.8 0.0 1.0 5.3 15:06 W-NW 4.871 12.3 04:48 12 22.9 29.0 14:17 13.3 04:47 61 1015.5 0.0 1.3 4.3 23:14 E-SE 5.638 13.5 04:45 13 20.0 25.1 12:13 17.4 04:03 75 1016.8 1.6 1.0 6.3 13:54 W-NW 3.322 17.2 04:01 14 17.0 23.0 11:43 13.2 22:36 70 1021.1 0.0 0.7 5.3 11:48 W-NW 3.161 12.6 22:45 15 16.8 24.9 13:45 10.2 04:58 61 1022.9 0.0 1.5 6.5 11:52 W-NW 4.918 10.3 04:54 16 18.4 27.4 13:55 9.3 05:14 62 1020.2 0.0 0.5 3.8 13:24 N 5.426 9.0 04:55 17 20.6 29.9 14:16 10.5 04:48 61 1017.3 0.0 1.3 6.8 12:58 S-SE 6.552 10.2 04:48 18 23.2 32.6 13:49 12.3 05:07 55 1016.0 0.0 1.5 6.6 13:59 S-SE 7.924 12.4 05:04 19 23.7 32.4 13:20 14.0 04:28 63 1015.0 3.5 3.8 10.6 20:57 S-SW 6.925 14.0 04:03 20 18.1 21.9 13:59 16.1 20:26 78 1022.4 2.2 4.0 10.6 14:12 W-NW 2.164 16.0 20:25 21 18.0 22.9 14:13 14.0 23:28 70 1022.5 0.0 3.0 9.7 13:02 NW 2.897 13.9 23:55 22 19.7 25.8 14:18 10.4 04:36 61 1019.0 0.0 2.2 6.7 15:32 N 4.840 10.4 04:35 23 20.9 27.2 13:54 11.1 04:36 64 1016.8 0.0 1.4 4.6 09:12 N 4.900 11.1 04:17 24 17.7 22.5 10:03 16.0 23:53 77 1014.3 0.2 0.4 3.7 10:14 N 1.447 16.0 05:48 25 18.3 23.8 13:12 15.0 03:34 76 1011.2 6.9 1.5 4.3 19:24 E 2.984 15.1 03:37 26 17.1 19.8 12:37 14.2 23:49 85 1013.0 1.7 1.1 3.9 01:37 N 1.064 14.4 23:49 27 16.7 20.5 10:55 13.7 04:55 85 1012.8 16.0 1.2 4.9 12:21 N-NE 1.071 14.0 04:34 28 15.8 18.2 13:09 14.9 06:37 86 1013.5 24.5 2.3 7.1 14:21 NW 0.696 15.1 23:57 29 17.5 23.6 13:56 14.1 23:59 70 1018.8 0.0 2.3 9.6 10:11 NW 3.604 14.0 22:32 30 16.7 25.0 13:47 10.2 05:20 73 1019.4 0.0 0.8 6.2 13:27 N 4.003 10.6 05:18 31 19.3 26.6 14:47 9.7 05:02 70 1018.3 0.0 0.6 5.9 14:34 W-NW 4.563 10.0 04:55 ------------------------------------------------------------------------------------------------------------------------------ Avg: 21.2 38.3 8 9.3 16 66 1017.0 102.0 1.6 17.4 9 W-NW 163.288 Wind Run 4874.6 km Calm Values 6259 Calm in % 14.3 % Sun 321:47 h Distribution WD Values 37584 Distribution WD N-NO 6.6 % Distribution WD NO 4.5 % Distribution WD NO-O 2.3 % Distribution WD O 5.7 % Distribution WD O-SO 5.8 % Distribution WD SO 4.7 % Distribution WD SO-S 4.9 % Distribution WD S 2.8 % Distribution WD S-SW 4.3 % Distribution WD SW 3.4 % Distribution WD SW-W 3.7 % Distribution WD W 3.8 % Distribution WD W-NW 15.3 % Distribution WD NW 13.4 % Distribution WD NW-N 4.9 % Distribution WD N 13.8 % Rain days >0.0 mm Month 12 Rain days >2.0 mm Month 7 Rain days >20.0 mm Month 2 Ice days max < 0°C 0 Cold days min < 0°C 0 Cool days max < 10°C 0 Summer days max >=25°C 20 Hot days max >=30°C 11 Last year same Month: Ice days max < 0°C 0 Last year same Month: Cold days min < 0°C 0 Last year same Month: Cool days max < 10°C 0 Last year same Month: Summer days max >=25°C 24 Last year same Month: Hot days max >=30°C 13 © 1999-2012 Werner Krenn / Mischa Thurnherr - Weatherstation Operating- and Data Acquisition Software - V2.96.10


  ©UMa Astronomy

Creative Commons License
Meteo by UMa Astronomy is licensed under a Creative Commons Attribution-NonCommercial-NoDerivs 3.0 Unported License.