Blahová 12/15/2019
 Last update: 16:38
Updated every 10 minutes
 Cold 
 Akt.temp: 5.0°C
 Max.temp: 6.9°C
 Min.temp: 1.0°C
 Devpoint: 2 °C
 Wind speed: 1.0m/s
 Wind direction: N-NE
 Max wind gust: 5.0m/s
 Precipitation: 0.0mm
 Pressure: 1011.3 hPa
 P.tendency: +0.7 hPa/3h
 Humidity: 81%
 Abs.humidity: 5.5 g/m3
Ground temperature
Min.temp 1.1°C /07:46
Akt.temp
3.7°C

2019: Jan | Feb | Mar | Apr | May | Jun | Jul | Aug | Sep | Oct | Nov | Dec 
2018: Jan | Feb | Mar | Apr | May | Jun | Jul | Aug | Sep | Oct | Nov | Dec 
2017: Jan | Feb | Mar | Apr | May | Jun | Jul | Aug | Sep | Oct | Nov | Dec 
2016: Jan | Feb | Mar | Apr | May | Jun | Jul | Aug | Sep | Oct | Nov | Dec 
2015: Jan | Feb | Mar | Apr | May | Jun | Jul | Aug | Sep | Oct | Nov | Dec 
2014: Jan | Feb | Mar | Apr | May | Jun | Jul | Aug | Sep | Oct | Nov | Dec 
2013: Jan | Feb | Mar | Apr | May | Jun | Jul | Aug | Sep | Oct | Nov | Dec 
2012: Jan | Feb | Mar | Apr | May | Jun | Jul | Aug | Sep | Oct | Nov | Dec 
2011: Jan | Feb | Mar | Apr | May | Jun | Jul | Aug | Sep | Oct | Nov | Dec 
2010: Jan | Feb | Mar | Apr | May | Jun | Jul | Aug | Sep | Oct | Nov | Dec 
2009: Jan | Feb | Mar | Apr | May | Jun | Jul | Aug | Sep | Oct | Nov | Dec 
2008: Jan | Feb | Mar | Apr | May | Jun | Jul | Aug | Sep | Oct | Nov | Dec 
2007: Jan | Feb | Mar | Apr | May | Jun | Jul | Aug | Sep | Oct | Nov | Dec 

Report for 2013 09
MONTHLY CLIMATOLOGICAL SUMMARY for September 2013 CITY: Blahová ELEV: 118 m LAT: 48° 5' 7" North LONG: 17° 32' 48" East TEMPERATURE (°C), BAROMETER (hPa), RAIN (mm), WIND SPEED (m/s) MEAN TEMPERATURE WIND DOM trans Ground DAY TEMP HIGH TIME LOW TIME HUM Baro Rain SPEED HIGH TIME DIR pirat min.temp time ------------------------------------------------------------------------------------------------------------------------------ 1 16.1 21.9 11:05 11.7 23:59 68 1021.0 0.1 2.3 8.6 09:21 W-NW 2.321 11.3 23:59 2 16.9 20.5 12:48 9.7 01:56 61 1021.4 0.0 2.3 8.9 12:38 W-SW 2.610 10.0 01:52 3 16.4 21.2 13:07 13.3 23:58 78 1022.4 0.0 2.5 10.3 08:08 W-NW 1.186 12.8 23:48 4 16.5 24.4 14:33 10.6 03:44 75 1023.3 0.1 1.0 5.2 13:08 NW 3.274 10.7 02:37 5 16.9 25.9 13:15 11.7 02:04 71 1018.3 0.0 0.7 4.5 13:58 N 3.898 11.6 23:56 6 18.1 26.4 14:37 10.2 05:18 63 1016.4 0.1 1.6 5.0 10:31 E 4.576 9.9 05:19 7 18.2 27.2 14:41 10.1 05:06 61 1020.1 0.0 1.2 4.8 13:20 E 4.991 9.3 05:19 8 19.9 27.6 13:53 9.2 05:11 51 1019.7 0.0 2.1 9.9 12:41 E-SE 5.458 8.7 05:09 9 14.3 18.5 02:05 10.3 23:17 79 1018.0 4.8 0.3 7.0 02:02 E-SE 0.680 10.4 23:56 10 17.3 22.1 13:24 9.4 02:11 74 1015.2 1.6 2.4 10.5 22:00 SE 2.395 9.6 02:08 11 14.2 19.3 13:59 11.9 07:33 76 1014.5 2.1 1.6 6.6 11:08 W-NW 2.252 12.2 07:18 12 15.2 21.4 14:21 10.3 06:08 72 1014.4 0.9 1.6 9.2 16:10 W-NW 3.001 10.5 06:05 13 13.1 17.9 12:56 9.7 05:18 80 1016.6 2.4 2.2 8.4 13:40 W-NW 1.125 9.8 05:04 14 13.9 16.0 16:37 10.7 23:44 84 1013.2 11.2 2.4 9.3 09:10 W-NW 0.722 10.3 23:42 15 16.6 22.2 11:29 9.0 03:48 79 1009.1 0.1 0.6 4.5 11:02 S-SW 2.393 8.9 03:43 16 17.4 23.0 14:31 12.1 05:12 78 1002.8 4.7 0.2 6.8 11:20 N 2.786 12.2 05:11 17 10.2 15.0 00:00 8.1 23:50 82 1003.4 18.7 2.9 14.7 13:16 W-NW 0.680 8.2 23:50 18 12.4 15.3 12:51 4.6 05:51 82 1000.4 0.7 1.6 7.1 22:36 S-SW 1.080 4.8 05:44 19 11.8 16.2 14:56 7.9 22:41 75 1010.5 0.1 1.8 11.2 09:35 W-NW 1.719 7.6 22:41 20 12.7 17.0 11:40 6.2 04:06 81 1015.8 0.7 0.9 7.0 15:49 W-SW 1.420 6.5 03:55 21 13.8 18.6 13:36 10.9 22:47 79 1022.8 0.2 2.2 10.7 12:29 W-NW 1.513 11.5 22:02 22 12.9 19.5 13:41 6.7 05:32 78 1024.0 0.1 1.3 9.0 12:57 W-NW 2.367 7.0 05:25 23 16.4 19.2 11:30 12.5 02:10 70 1016.8 0.0 3.8 11.5 11:04 W-NW 1.338 12.2 02:07 24 13.6 19.7 14:08 9.6 23:50 75 1013.5 0.0 2.0 9.7 11:06 W-NW 2.040 9.4 21:25 25 15.0 19.9 12:58 7.7 06:07 73 1012.5 0.1 1.1 3.4 03:16 E 2.196 7.5 05:56 26 14.5 21.3 11:24 10.5 23:44 79 1011.8 0.3 1.4 8.8 12:48 W-NW 0.957 10.8 23:33 27 9.8 16.9 13:17 5.6 23:55 73 1017.0 0.0 1.1 5.8 08:19 NW 2.166 6.0 23:53 28 8.9 17.8 13:54 2.2 05:26 75 1014.9 0.0 1.3 3.6 11:16 N 2.475 3.0 05:29 29 10.3 16.9 12:46 3.9 05:56 75 1013.6 0.1 1.3 5.9 12:19 N 1.987 3.7 05:53 30 11.1 16.1 13:21 7.0 06:14 68 1009.6 0.0 1.7 7.9 11:28 N 1.974 7.5 06:03 ------------------------------------------------------------------------------------------------------------------------------ Avg: 14.5 27.6 8 2.2 28 74 1015.1 49.2 1.7 14.7 17 W-NW 67.577 Wind Run 5650.4 km Calm Values 4839 Calm in % 11.3 % Sun 223:42 h Distribution WD Values 37799 Distribution WD N-NO 4.5 % Distribution WD NO 3.4 % Distribution WD NO-O 2.1 % Distribution WD O 5.9 % Distribution WD O-SO 5.5 % Distribution WD SO 4.2 % Distribution WD SO-S 3.4 % Distribution WD S 1.8 % Distribution WD S-SW 3.3 % Distribution WD SW 5.4 % Distribution WD SW-W 8.0 % Distribution WD W 8.5 % Distribution WD W-NW 19.0 % Distribution WD NW 12.4 % Distribution WD NW-N 3.4 % Distribution WD N 9.1 % Rain days >0.0 mm Month 20 Rain days >2.0 mm Month 6 Rain days >20.0 mm Month 0 Ice days max < 0°C 0 Cold days min < 0°C 0 Cool days max < 10°C 0 Summer days max >=25°C 4 Hot days max >=30°C 0 Last year same Month: Ice days max < 0°C 0 Last year same Month: Cold days min < 0°C 0 Last year same Month: Cool days max < 10°C 0 Last year same Month: Summer days max >=25°C 12 Last year same Month: Hot days max >=30°C 2 © 1999-2012 Werner Krenn / Mischa Thurnherr - Weatherstation Operating- and Data Acquisition Software - V2.96.10


  ©UMa Astronomy

Creative Commons License
Meteo by UMa Astronomy is licensed under a Creative Commons Attribution-NonCommercial-NoDerivs 3.0 Unported License.