Blahová 11/12/2019
 Last update: 16:43
Updated every 10 minutes
 Cold 
 Akt.temp: 8.8°C
 Max.temp: 10.1°C
 Min.temp: 6.1°C
 Devpoint: 5.4 °C
 Wind speed: 0.1m/s
 Wind direction: E-NE
 Max wind gust: 6.7m/s
 Precipitation: 9.4mm
 Pressure: 1005.6 hPa
 P.tendency: -1.7 hPa/3h
 Humidity: 79%
 Abs.humidity: 6.88 g/m3
Ground temperature
Min.temp 6.1°C /06:05
Akt.temp
9.3°C

2019: Jan | Feb | Mar | Apr | May | Jun | Jul | Aug | Sep | Oct | Nov | Dec 
2018: Jan | Feb | Mar | Apr | May | Jun | Jul | Aug | Sep | Oct | Nov | Dec 
2017: Jan | Feb | Mar | Apr | May | Jun | Jul | Aug | Sep | Oct | Nov | Dec 
2016: Jan | Feb | Mar | Apr | May | Jun | Jul | Aug | Sep | Oct | Nov | Dec 
2015: Jan | Feb | Mar | Apr | May | Jun | Jul | Aug | Sep | Oct | Nov | Dec 
2014: Jan | Feb | Mar | Apr | May | Jun | Jul | Aug | Sep | Oct | Nov | Dec 
2013: Jan | Feb | Mar | Apr | May | Jun | Jul | Aug | Sep | Oct | Nov | Dec 
2012: Jan | Feb | Mar | Apr | May | Jun | Jul | Aug | Sep | Oct | Nov | Dec 
2011: Jan | Feb | Mar | Apr | May | Jun | Jul | Aug | Sep | Oct | Nov | Dec 
2010: Jan | Feb | Mar | Apr | May | Jun | Jul | Aug | Sep | Oct | Nov | Dec 
2009: Jan | Feb | Mar | Apr | May | Jun | Jul | Aug | Sep | Oct | Nov | Dec 
2008: Jan | Feb | Mar | Apr | May | Jun | Jul | Aug | Sep | Oct | Nov | Dec 
2007: Jan | Feb | Mar | Apr | May | Jun | Jul | Aug | Sep | Oct | Nov | Dec 

Report for 2013 10
MONTHLY CLIMATOLOGICAL SUMMARY for October 2013 CITY: Blahová ELEV: 118 m LAT: 48° 5' 7" North LONG: 17° 32' 48" East TEMPERATURE (°C), BAROMETER (hPa), RAIN (mm), WIND SPEED (m/s) MEAN TEMPERATURE WIND DOM trans Ground DAY TEMP HIGH TIME LOW TIME HUM Baro Rain SPEED HIGH TIME DIR pirat min.temp time ------------------------------------------------------------------------------------------------------------------------------ 1 9.8 15.7 12:22 5.1 06:24 65 1011.1 0.0 2.6 6.2 21:18 N 1.814 5.1 06:09 2 7.7 13.4 14:02 1.9 23:59 62 1023.1 0.0 1.6 5.1 18:18 N 1.522 1.2 23:59 3 5.5 12.9 13:42 -2.0 05:56 64 1030.6 0.0 1.2 5.0 13:18 E-SE 1.869 -1.7 05:55 4 5.3 12.9 13:24 -1.7 06:04 63 1029.7 0.0 2.0 7.7 08:31 E-SE 1.849 -1.7 05:45 5 9.7 13.7 12:43 -0.1 05:55 56 1022.5 0.0 2.5 10.8 11:33 E-SE 1.890 -0.3 05:09 6 11.5 13.9 14:41 9.0 06:24 68 1024.9 0.0 0.4 4.0 09:16 E-SE 1.473 9.3 05:37 7 10.3 17.1 14:03 5.1 23:26 74 1026.7 0.0 0.3 2.4 13:06 N 1.965 5.4 23:58 8 11.5 20.8 14:19 4.2 06:21 68 1024.7 0.0 1.0 6.6 12:58 E-SE 3.036 3.4 06:20 9 12.7 17.9 14:41 8.8 05:50 73 1017.9 0.4 0.2 2.9 05:43 E-SE 1.879 8.8 05:43 10 13.5 16.2 14:02 10.6 01:43 82 1010.4 0.1 1.8 8.9 16:50 E-SE 1.020 11.1 01:34 11 14.1 19.8 13:08 12.5 00:00 83 1015.7 11.0 2.4 9.2 05:35 E-SE 1.059 12.5 00:46 12 14.7 19.5 14:59 8.9 04:15 85 1019.1 1.1 1.1 5.7 13:57 E-SE 1.008 9.6 04:03 13 9.5 15.0 13:57 4.5 23:56 82 1021.5 0.0 0.8 6.4 09:24 SE 1.148 4.8 23:23 14 10.6 16.1 13:17 3.2 04:28 82 1019.7 0.0 0.9 3.2 16:04 N 1.208 4.0 04:23 15 11.6 18.2 14:00 7.0 23:37 81 1011.2 0.0 0.8 4.5 16:00 W-SW 1.692 7.3 23:31 16 10.1 10.9 10:57 7.4 00:00 79 1009.6 0.0 4.6 12.8 21:37 W-NW 0.544 8.0 00:00 17 8.8 14.6 11:16 6.5 06:10 84 1014.9 0.0 1.9 9.2 15:44 W-NW 0.714 6.4 06:12 18 9.4 16.3 12:26 4.5 23:54 75 1018.4 0.0 1.9 11.1 04:29 W-NW 1.592 4.2 23:57 19 9.1 15.0 14:06 2.5 01:50 77 1021.8 0.0 2.7 8.1 13:58 E-SE 1.333 2.9 01:50 20 12.3 18.8 14:06 6.4 06:25 78 1018.9 0.0 1.4 5.2 13:21 E 1.779 5.8 06:06 21 14.4 22.9 14:04 7.9 00:25 77 1019.0 0.0 1.1 4.5 15:36 E-SE 2.662 8.0 01:07 22 13.9 18.5 15:08 8.3 06:19 86 1017.7 0.0 1.1 4.5 15:42 E 0.729 7.5 06:24 23 17.0 25.0 14:19 12.3 06:17 74 1013.9 0.0 2.3 7.6 19:26 E-SE 3.281 11.5 06:24 24 13.1 18.7 12:03 10.1 21:53 84 1020.1 0.0 0.1 3.3 13:23 S-SE 1.149 9.9 23:16 25 13.9 21.9 14:28 8.7 23:57 81 1019.0 0.0 0.4 4.8 13:32 SE 1.940 8.9 23:57 26 11.0 14.3 14:09 8.1 00:33 89 1019.4 0.0 0.5 3.2 14:29 SW 0.422 8.8 00:19 27 14.9 21.1 12:48 8.2 06:01 81 1014.5 0.0 1.0 5.3 11:37 W-SW 1.908 8.6 06:05 28 16.2 22.1 13:33 13.1 07:20 79 1011.0 0.0 1.7 6.9 12:33 SE 1.871 12.2 23:49 29 11.5 18.5 12:44 7.9 23:54 81 1016.4 0.0 0.9 7.5 15:30 W-NW 1.377 8.2 23:52 30 9.8 12.9 14:09 4.9 23:55 83 1024.1 6.0 1.2 5.8 12:43 W-NW 0.770 5.1 23:49 31 7.6 15.1 13:06 2.2 06:49 76 1025.4 0.0 1.1 3.3 03:12 E-SE 1.588 2.8 06:44 ------------------------------------------------------------------------------------------------------------------------------ Avg: 11.3 25.0 23 -2.0 3 76 1019.1 18.7 1.4 12.8 16 E-SE 48.092 Wind Run 4743.6 km Calm Values 8390 Calm in % 18.8 % Sun 170:00 h Distribution WD Values 36139 Distribution WD N-NO 5.1 % Distribution WD NO 4.0 % Distribution WD NO-O 3.3 % Distribution WD O 11.8 % Distribution WD O-SO 15.3 % Distribution WD SO 10.3 % Distribution WD SO-S 7.0 % Distribution WD S 2.6 % Distribution WD S-SW 3.5 % Distribution WD SW 4.3 % Distribution WD SW-W 4.0 % Distribution WD W 3.1 % Distribution WD W-NW 8.8 % Distribution WD NW 6.5 % Distribution WD NW-N 2.3 % Distribution WD N 8.0 % Rain days >0.0 mm Month 5 Rain days >2.0 mm Month 2 Rain days >20.0 mm Month 0 Ice days max < 0°C 0 Cold days min < 0°C 3 Cool days max < 10°C 0 Summer days max >=25°C 1 Hot days max >=30°C 0 Last year same Month: Ice days max < 0°C 0 Last year same Month: Cold days min < 0°C 3 Last year same Month: Cool days max < 10°C 6 Last year same Month: Summer days max >=25°C 0 Last year same Month: Hot days max >=30°C 0 © 1999-2013 Werner Krenn / Mischa Thurnherr - Weatherstation Operating- and Data Acquisition Software - V2.97.8


  ©UMa Astronomy

Creative Commons License
Meteo by UMa Astronomy is licensed under a Creative Commons Attribution-NonCommercial-NoDerivs 3.0 Unported License.