Blahová 12/15/2019
 Last update: 17:03
Updated every 10 minutes
 Cold 
 Akt.temp: 4.6°C
 Max.temp: 6.9°C
 Min.temp: 1.0°C
 Devpoint: 1.6 °C
 Wind speed: 0.9m/s
 Wind direction: NE
 Max wind gust: 5.0m/s
 Precipitation: 0.0mm
 Pressure: 1011.4 hPa
 P.tendency: +1.1 hPa/3h
 Humidity: 81%
 Abs.humidity: 5.36 g/m3
Ground temperature
Min.temp 1.1°C /07:46
Akt.temp
3.4°C

2019: Jan | Feb | Mar | Apr | May | Jun | Jul | Aug | Sep | Oct | Nov | Dec 
2018: Jan | Feb | Mar | Apr | May | Jun | Jul | Aug | Sep | Oct | Nov | Dec 
2017: Jan | Feb | Mar | Apr | May | Jun | Jul | Aug | Sep | Oct | Nov | Dec 
2016: Jan | Feb | Mar | Apr | May | Jun | Jul | Aug | Sep | Oct | Nov | Dec 
2015: Jan | Feb | Mar | Apr | May | Jun | Jul | Aug | Sep | Oct | Nov | Dec 
2014: Jan | Feb | Mar | Apr | May | Jun | Jul | Aug | Sep | Oct | Nov | Dec 
2013: Jan | Feb | Mar | Apr | May | Jun | Jul | Aug | Sep | Oct | Nov | Dec 
2012: Jan | Feb | Mar | Apr | May | Jun | Jul | Aug | Sep | Oct | Nov | Dec 
2011: Jan | Feb | Mar | Apr | May | Jun | Jul | Aug | Sep | Oct | Nov | Dec 
2010: Jan | Feb | Mar | Apr | May | Jun | Jul | Aug | Sep | Oct | Nov | Dec 
2009: Jan | Feb | Mar | Apr | May | Jun | Jul | Aug | Sep | Oct | Nov | Dec 
2008: Jan | Feb | Mar | Apr | May | Jun | Jul | Aug | Sep | Oct | Nov | Dec 
2007: Jan | Feb | Mar | Apr | May | Jun | Jul | Aug | Sep | Oct | Nov | Dec 

Report for 2013 11
MONTHLY CLIMATOLOGICAL SUMMARY for November 2013 CITY: Blahová ELEV: 118 m LAT: 48° 5' 7" North LONG: 17° 32' 48" East TEMPERATURE (°C), BAROMETER (hPa), RAIN (mm), WIND SPEED (m/s) MEAN TEMPERATURE WIND DOM trans Ground DAY TEMP HIGH TIME LOW TIME HUM Baro Rain SPEED HIGH TIME DIR pirat min.temp time ------------------------------------------------------------------------------------------------------------------------------ 1 9.7 17.0 14:10 6.8 20:33 79 1020.0 0.0 0.9 4.6 13:42 E-SE 1.547 6.2 20:29 2 10.0 15.0 11:55 6.0 23:36 84 1010.7 0.1 1.2 8.1 11:56 E-SE 0.845 5.9 23:32 3 9.4 14.6 11:26 5.6 01:57 85 1007.8 2.2 2.0 9.5 16:17 W-NW 0.331 5.8 01:12 4 9.8 11.4 22:28 7.3 03:50 84 1001.2 0.0 2.9 7.9 21:51 S-SE 0.620 7.4 03:52 5 7.1 10.1 00:00 4.4 23:57 86 998.7 8.3 1.2 7.0 13:35 W-NW 0.327 4.6 23:43 6 8.1 12.5 13:05 2.2 01:22 79 1005.4 0.1 2.9 12.6 13:53 W-SW 0.780 1.9 01:23 7 11.1 16.5 14:24 7.4 04:08 82 1013.6 1.8 2.6 7.7 11:31 S-SW 1.093 7.9 05:46 8 9.4 16.0 14:05 4.0 07:16 84 1014.1 0.1 1.8 4.3 22:41 E-SE 0.984 4.0 06:22 9 8.7 12.1 10:58 7.3 07:19 89 1012.4 10.4 0.6 7.3 07:45 W-NW 0.298 7.1 06:32 10 8.5 12.2 13:05 5.9 07:52 84 1007.2 5.3 1.4 6.2 14:51 S-SE 0.685 6.0 05:46 11 6.8 8.4 01:46 5.7 23:49 81 1023.2 9.9 5.0 12.6 13:01 NW 0.517 6.3 23:49 12 6.4 12.5 13:07 1.7 06:59 81 1025.6 0.0 0.2 7.5 00:13 W-NW 0.999 2.0 07:04 13 6.0 8.0 14:59 4.3 23:45 83 1026.2 0.0 2.4 7.6 12:11 W-NW 0.468 4.5 23:43 14 5.5 6.5 13:54 2.9 02:18 84 1021.2 0.0 0.7 5.7 00:12 E-SE 0.352 3.1 02:21 15 7.4 9.4 13:49 4.7 23:55 83 1026.4 0.0 1.2 3.5 11:00 NE 0.592 4.4 23:45 16 5.1 12.6 13:51 0.9 03:23 84 1027.7 0.0 0.5 3.2 15:10 W-SW 0.752 1.3 02:39 17 2.0 3.5 14:23 -0.6 04:44 90 1023.5 0.0 0.7 1.9 15:06 E 0.159 0.5 03:03 18 6.2 8.6 13:22 3.1 00:00 90 1017.0 0.0 2.8 8.8 15:50 E-SE 0.237 3.9 01:24 19 6.4 7.8 12:59 5.3 07:28 85 1008.9 0.0 3.2 8.2 16:30 E-SE 0.352 5.6 17:38 20 6.3 7.9 13:13 4.3 23:04 89 1002.4 10.8 1.3 6.2 06:50 E-SE 0.235 4.4 22:46 21 5.6 6.8 14:59 0.9 04:11 90 1001.9 11.7 1.1 5.2 12:06 E 0.197 0.7 03:52 22 7.4 9.7 13:53 5.5 07:06 88 1005.9 0.0 0.8 3.9 10:00 NE 0.314 6.0 07:04 23 7.5 9.8 13:47 5.6 07:32 82 1007.3 0.9 2.7 7.8 17:32 N-NE 0.508 5.6 07:23 24 7.0 9.1 12:21 4.8 23:48 84 1006.9 9.2 4.0 11.0 17:55 N 0.249 5.2 23:39 25 1.4 4.8 00:00 0.1 23:31 72 1016.7 0.1 6.7 15.6 11:33 NW 0.517 0.3 23:32 26 0.5 3.4 12:45 -0.6 04:32 77 1023.0 0.0 4.8 10.0 12:43 NW 0.314 -0.5 04:36 27 -0.8 3.1 13:17 -4.9 23:36 74 1029.4 0.0 2.9 10.6 11:03 NW 0.570 -5.2 23:36 28 -0.1 2.6 13:17 -7.3 06:27 78 1026.1 0.0 2.9 7.7 19:53 SW 0.474 -7.2 06:18 29 3.3 5.2 13:57 1.3 00:05 76 1019.9 0.0 1.8 8.4 01:43 W-NW 0.480 2.1 00:02 30 1.1 6.8 14:09 -2.3 22:51 84 1020.0 0.0 0.3 5.1 01:38 S-SW 0.476 -3.1 23:09 ------------------------------------------------------------------------------------------------------------------------------ Avg: 6.1 17.0 1 -7.3 28 83 1015.0 70.9 2.1 15.6 25 E-SE 16.274 Wind Run 6719.3 km Calm Values 5011 Calm in % 11.7 % Sun 72:06 h Distribution WD Values 37927 Distribution WD N-NO 4.2 % Distribution WD NO 3.3 % Distribution WD NO-O 1.9 % Distribution WD O 8.0 % Distribution WD O-SO 11.7 % Distribution WD SO 7.1 % Distribution WD SO-S 5.8 % Distribution WD S 2.8 % Distribution WD S-SW 5.4 % Distribution WD SW 6.3 % Distribution WD SW-W 6.1 % Distribution WD W 4.3 % Distribution WD W-NW 10.4 % Distribution WD NW 10.8 % Distribution WD NW-N 4.1 % Distribution WD N 8.0 % Rain days >0.0 mm Month 14 Rain days >2.0 mm Month 8 Rain days >20.0 mm Month 0 Ice days max < 0°C 0 Cold days min < 0°C 5 Cool days max < 10°C 18 Summer days max >=25°C 0 Hot days max >=30°C 0 Last year same Month: Ice days max < 0°C 0 Last year same Month: Cold days min < 0°C 4 Last year same Month: Cool days max < 10°C 18 Last year same Month: Summer days max >=25°C 0 Last year same Month: Hot days max >=30°C 0 © 1999-2013 Werner Krenn / Mischa Thurnherr - Weatherstation Operating- and Data Acquisition Software - V2.97.8


  ©UMa Astronomy

Creative Commons License
Meteo by UMa Astronomy is licensed under a Creative Commons Attribution-NonCommercial-NoDerivs 3.0 Unported License.