Blahová 11/12/2019
 Last update: 17:38
Updated every 10 minutes
 Cold 
 Akt.temp: 8.7°C
 Max.temp: 10.1°C
 Min.temp: 6.1°C
 Devpoint: 5.1 °C
 Wind speed: 0.8m/s
 Wind direction: N-NW
 Max wind gust: 6.7m/s
 Precipitation: 12.2mm
 Pressure: 1004.8 hPa
 P.tendency: -1.2 hPa/3h
 Humidity: 78%
 Abs.humidity: 6.75 g/m3
Ground temperature
Min.temp 6.1°C /06:05
Akt.temp
9.2°C

2019: Jan | Feb | Mar | Apr | May | Jun | Jul | Aug | Sep | Oct | Nov | Dec 
2018: Jan | Feb | Mar | Apr | May | Jun | Jul | Aug | Sep | Oct | Nov | Dec 
2017: Jan | Feb | Mar | Apr | May | Jun | Jul | Aug | Sep | Oct | Nov | Dec 
2016: Jan | Feb | Mar | Apr | May | Jun | Jul | Aug | Sep | Oct | Nov | Dec 
2015: Jan | Feb | Mar | Apr | May | Jun | Jul | Aug | Sep | Oct | Nov | Dec 
2014: Jan | Feb | Mar | Apr | May | Jun | Jul | Aug | Sep | Oct | Nov | Dec 
2013: Jan | Feb | Mar | Apr | May | Jun | Jul | Aug | Sep | Oct | Nov | Dec 
2012: Jan | Feb | Mar | Apr | May | Jun | Jul | Aug | Sep | Oct | Nov | Dec 
2011: Jan | Feb | Mar | Apr | May | Jun | Jul | Aug | Sep | Oct | Nov | Dec 
2010: Jan | Feb | Mar | Apr | May | Jun | Jul | Aug | Sep | Oct | Nov | Dec 
2009: Jan | Feb | Mar | Apr | May | Jun | Jul | Aug | Sep | Oct | Nov | Dec 
2008: Jan | Feb | Mar | Apr | May | Jun | Jul | Aug | Sep | Oct | Nov | Dec 
2007: Jan | Feb | Mar | Apr | May | Jun | Jul | Aug | Sep | Oct | Nov | Dec 

Report for 2013 12
MONTHLY CLIMATOLOGICAL SUMMARY for December 2013 CITY: Blahová ELEV: 118 m LAT: 48° 5' 7" North LONG: 17° 32' 48" East TEMPERATURE (°C), BAROMETER (hPa), RAIN (mm), WIND SPEED (m/s) MEAN TEMPERATURE WIND DOM trans Ground DAY TEMP HIGH TIME LOW TIME HUM Baro Rain SPEED HIGH TIME DIR pirat min.temp time ------------------------------------------------------------------------------------------------------------------------------ 1 2.3 7.5 13:44 -2.2 00:24 81 1025.9 0.1 1.0 5.2 12:37 W-NW 0.639 -3.1 00:00 2 3.6 7.8 11:54 0.1 23:41 74 1031.0 0.0 3.2 11.5 12:28 N 0.749 -0.1 23:48 3 0.0 4.9 13:09 -3.1 07:29 77 1033.6 0.0 1.8 6.5 12:13 E-SE 0.613 -4.1 07:27 4 -1.2 4.3 13:37 -5.0 06:54 81 1025.3 0.1 1.4 8.8 23:47 E-SE 0.499 -5.4 04:25 5 3.4 5.9 14:23 1.7 00:34 77 1020.8 0.0 2.8 10.3 20:03 S-SW 0.485 1.7 00:41 6 3.3 6.1 04:06 1.3 18:03 74 1010.2 1.9 3.2 15.1 17:57 W-NW 0.419 1.6 18:04 7 1.8 4.2 13:44 -0.5 05:54 72 1018.8 0.9 4.3 15.4 10:07 W-NW 0.640 -0.6 06:18 8 3.1 5.3 12:12 -0.1 18:35 83 1025.1 0.0 1.0 7.1 04:05 W-SW 0.274 -0.9 18:44 9 6.2 7.3 23:59 4.0 00:00 78 1023.5 0.0 3.6 12.8 10:36 W-NW 0.377 4.1 00:23 10 4.4 7.7 12:51 -2.6 23:17 74 1034.5 0.0 1.8 9.8 01:06 W-NW 0.965 -2.9 21:10 11 -0.8 0.9 13:02 -3.3 05:01 81 1037.7 0.0 0.1 3.6 07:26 E 0.330 -3.7 03:51 12 1.0 2.3 12:10 0.1 23:02 85 1033.3 0.1 0.0 1.8 20:36 W-SW 0.210 1.2 23:09 13 -0.4 0.2 00:28 -0.8 18:09 89 1027.5 0.3 0.3 2.6 07:21 E 0.134 0.4 07:42 14 -0.3 0.8 20:40 -1.3 05:07 89 1028.7 0.4 0.7 3.4 22:06 E 0.139 -0.3 07:12 15 1.1 6.4 13:31 -0.9 23:43 88 1032.8 0.0 1.7 4.8 16:46 S-SW 0.308 0.4 22:43 16 -0.6 0.1 15:00 -1.4 22:12 90 1036.3 0.1 1.2 5.1 23:06 SE 0.123 -0.2 23:47 17 -1.6 -1.2 13:42 -2.4 09:13 90 1035.4 0.0 2.6 7.5 15:09 SE 0.113 -1.1 09:17 18 -1.8 -1.2 00:14 -2.4 21:31 89 1029.5 0.0 1.7 5.2 05:16 SE 0.120 -1.3 20:41 19 -1.8 -0.7 15:44 -2.9 06:41 88 1021.0 0.2 2.8 7.5 05:56 E-SE 0.149 -1.9 07:34 20 -0.7 0.0 15:02 -1.4 08:34 90 1026.5 0.2 1.4 5.3 11:06 E-SE 0.122 -0.6 23:16 21 -0.8 3.7 12:53 -5.6 07:31 89 1035.2 0.1 1.0 4.4 22:15 E 0.142 -5.4 07:24 22 1.2 2.0 02:39 0.7 08:53 89 1029.4 0.1 2.2 5.9 04:55 E 0.136 1.6 06:29 23 2.1 3.3 13:13 1.0 01:02 90 1025.2 0.1 1.2 4.9 21:39 E-SE 0.155 1.9 00:00 24 4.7 8.6 13:36 1.3 02:04 87 1016.0 0.0 4.9 11.1 08:05 E-SE 0.465 2.4 01:02 25 9.6 12.7 15:58 4.9 00:00 70 1004.5 0.0 6.9 19.9 10:34 S-SE 0.973 4.5 00:00 26 7.1 8.1 00:44 6.5 08:11 80 1001.3 0.3 3.7 9.8 11:56 E-SE 0.390 6.6 19:48 27 4.9 7.8 13:36 -0.4 22:00 87 1010.7 3.7 0.8 4.8 04:46 NW 0.364 -0.3 22:34 28 4.7 8.6 13:59 1.1 00:00 89 1013.2 0.3 3.2 10.3 20:56 SE 0.244 1.5 00:00 29 5.3 8.3 13:11 2.1 08:14 86 1017.7 0.1 1.1 6.6 00:10 W-NW 0.390 1.6 07:40 30 4.3 8.3 14:13 0.5 23:25 79 1027.4 0.0 1.5 6.6 11:45 NW 0.680 0.3 23:16 31 3.3 5.2 14:36 0.7 00:00 88 1024.2 0.7 1.1 7.2 17:41 SE 0.231 1.5 00:00 ------------------------------------------------------------------------------------------------------------------------------ Avg: 2.2 12.7 25 -5.6 21 83 1024.6 9.9 2.1 19.9 25 E-SE 11.578 Wind Run 6864.4 km Calm Values 8226 Calm in % 18.5 % Sun 42:53 h Distribution WD Values 36228 Distribution WD N-NO 1.5 % Distribution WD NO 2.0 % Distribution WD NO-O 2.2 % Distribution WD O 12.0 % Distribution WD O-SO 18.0 % Distribution WD SO 13.8 % Distribution WD SO-S 7.6 % Distribution WD S 2.6 % Distribution WD S-SW 4.2 % Distribution WD SW 4.9 % Distribution WD SW-W 4.9 % Distribution WD W 4.2 % Distribution WD W-NW 10.1 % Distribution WD NW 6.3 % Distribution WD NW-N 1.9 % Distribution WD N 3.7 % Rain days >0.0 mm Month 18 Rain days >2.0 mm Month 1 Rain days >20.0 mm Month 0 Ice days max < 0°C 3 Cold days min < 0°C 17 Cool days max < 10°C 30 Summer days max >=25°C 0 Hot days max >=30°C 0 Last year same Month: Ice days max < 0°C 12 Last year same Month: Cold days min < 0°C 27 Last year same Month: Cool days max < 10°C 31 Last year same Month: Summer days max >=25°C 0 Last year same Month: Hot days max >=30°C 0 © 1999-2013 Werner Krenn / Mischa Thurnherr - Weatherstation Operating- and Data Acquisition Software - V2.97.8


  ©UMa Astronomy

Creative Commons License
Meteo by UMa Astronomy is licensed under a Creative Commons Attribution-NonCommercial-NoDerivs 3.0 Unported License.