Blahová 11/13/2019
 Last update: 20:23
Updated every 10 minutes
 Cold 
 Akt.temp: 5.3°C
 Max.temp: 9.9°C
 Min.temp: 4.8°C
 Devpoint: 2 °C
 Wind speed: 2.0m/s
 Wind direction: W
 Max wind gust: 7.7m/s
 Precipitation: 11.8mm
 Pressure: 1005.5 hPa
 P.tendency: +3.9 hPa/3h
 Humidity: 79%
 Abs.humidity: 5.48 g/m3
Ground temperature
Min.temp 5.8°C /18:24
Akt.temp
6.5°C

2019: Jan | Feb | Mar | Apr | May | Jun | Jul | Aug | Sep | Oct | Nov | Dec 
2018: Jan | Feb | Mar | Apr | May | Jun | Jul | Aug | Sep | Oct | Nov | Dec 
2017: Jan | Feb | Mar | Apr | May | Jun | Jul | Aug | Sep | Oct | Nov | Dec 
2016: Jan | Feb | Mar | Apr | May | Jun | Jul | Aug | Sep | Oct | Nov | Dec 
2015: Jan | Feb | Mar | Apr | May | Jun | Jul | Aug | Sep | Oct | Nov | Dec 
2014: Jan | Feb | Mar | Apr | May | Jun | Jul | Aug | Sep | Oct | Nov | Dec 
2013: Jan | Feb | Mar | Apr | May | Jun | Jul | Aug | Sep | Oct | Nov | Dec 
2012: Jan | Feb | Mar | Apr | May | Jun | Jul | Aug | Sep | Oct | Nov | Dec 
2011: Jan | Feb | Mar | Apr | May | Jun | Jul | Aug | Sep | Oct | Nov | Dec 
2010: Jan | Feb | Mar | Apr | May | Jun | Jul | Aug | Sep | Oct | Nov | Dec 
2009: Jan | Feb | Mar | Apr | May | Jun | Jul | Aug | Sep | Oct | Nov | Dec 
2008: Jan | Feb | Mar | Apr | May | Jun | Jul | Aug | Sep | Oct | Nov | Dec 
2007: Jan | Feb | Mar | Apr | May | Jun | Jul | Aug | Sep | Oct | Nov | Dec 

Report for 2014 01
MONTHLY CLIMATOLOGICAL SUMMARY for January 2014 CITY: Blahová ELEV: 118 m LAT: 48° 5' 7" North LONG: 17° 32' 48" East TEMPERATURE (°C), BAROMETER (hPa), RAIN (mm), WIND SPEED (m/s) MEAN TEMPERATURE WIND DOM trans Ground DAY TEMP HIGH TIME LOW TIME HUM Baro Rain SPEED HIGH TIME DIR pirat min.temp time ------------------------------------------------------------------------------------------------------------------------------ 1 2.6 3.6 00:33 2.0 10:33 89 1019.8 0.2 2.4 7.0 03:15 E-SE 0.170 3.0 09:56 2 2.0 5.7 15:00 0.1 22:01 87 1013.0 0.1 2.4 10.9 13:05 E-SE 0.270 -0.1 20:31 3 2.7 7.3 14:05 -2.0 07:27 89 1017.2 0.1 1.5 4.3 18:57 E 0.248 -1.3 07:27 4 5.9 7.2 22:25 3.5 00:00 89 1014.3 1.1 3.0 9.4 23:46 E-SE 0.208 3.8 00:01 5 7.6 11.7 13:36 5.9 22:41 86 1010.5 1.9 2.1 10.2 00:54 SE 0.422 6.3 22:25 6 4.8 11.6 14:01 1.6 08:21 83 1018.7 0.1 1.4 4.2 02:28 W-NW 0.823 0.9 19:31 7 4.9 6.1 13:52 1.7 01:03 90 1022.8 0.1 1.4 3.5 03:42 E 0.208 1.3 02:35 8 4.6 5.7 14:57 3.6 23:11 90 1024.4 0.1 0.5 3.1 04:14 S-SE 0.202 4.6 23:07 9 3.8 4.6 15:31 3.1 10:00 90 1016.9 0.2 2.3 6.3 14:04 E-SE 0.169 4.1 07:26 10 3.6 8.6 13:38 -0.2 23:29 81 1017.8 0.1 2.6 15.8 14:14 W-NW 0.598 -0.5 23:24 11 4.4 8.7 13:11 -1.0 02:06 84 1018.2 0.0 0.4 3.6 23:54 SW 0.549 -1.9 01:59 12 1.5 7.2 13:09 -3.4 23:25 76 1021.9 0.0 1.5 9.0 11:45 W-NW 0.724 -4.4 23:44 13 -0.8 4.5 14:18 -6.3 07:44 82 1016.2 0.1 0.4 3.6 23:54 NE 0.460 -6.3 07:27 14 3.7 6.1 11:58 0.9 00:00 85 1008.0 4.4 1.9 8.4 10:05 E-SE 0.320 0.8 00:00 15 2.0 6.0 13:57 -0.8 23:37 85 1012.1 0.6 0.8 7.3 12:33 W-NW 0.376 -2.0 23:59 16 4.2 8.6 14:26 -1.7 00:38 83 1010.3 0.1 3.2 8.0 14:37 E-SE 0.583 -2.5 00:30 17 3.1 4.9 19:48 0.2 08:47 89 1007.6 0.1 0.7 5.8 00:09 E 0.161 -0.5 08:02 18 6.6 9.2 15:04 -1.4 06:30 88 1008.3 0.1 2.7 8.1 19:12 E-SE 0.232 -1.1 05:42 19 8.1 11.7 12:35 6.0 06:58 85 1004.5 0.0 3.2 8.9 12:03 E-SE 0.541 5.2 06:58 20 8.3 10.0 14:38 6.3 23:52 89 1001.3 2.9 2.0 6.5 10:12 E-SE 0.296 6.8 23:56 21 4.6 6.7 13:38 2.6 23:49 85 1006.8 0.6 2.6 9.1 13:33 W-NW 0.352 3.2 23:41 22 1.0 3.2 11:34 0.2 21:56 81 1012.5 0.0 3.1 7.6 11:03 W-NW 0.287 0.8 19:51 23 -0.1 1.3 13:08 -1.3 02:59 79 1017.7 0.0 1.5 5.3 09:03 W-NW 0.321 -1.0 02:56 24 -1.0 -0.2 05:44 -1.4 23:51 87 1013.8 0.2 1.8 5.3 23:19 E 0.163 -1.2 23:58 25 -7.8 -1.4 00:00 -9.9 19:35 71 1014.4 0.0 5.7 12.2 13:54 NW 0.296 -9.0 19:35 26 -7.9 -2.8 14:34 -11.2 04:19 76 1012.8 0.0 0.0 5.0 00:41 NW 0.357 -10.1 04:28 27 -4.3 -3.1 16:01 -10.2 00:00 84 1005.5 0.2 0.9 6.0 12:15 E-SE 0.162 -9.1 00:00 28 -1.8 0.7 12:34 -5.4 06:50 84 1003.3 0.0 0.2 2.0 07:04 E 0.284 -6.1 06:19 29 -1.5 -0.8 14:31 -2.4 08:23 86 1009.8 0.9 1.9 6.6 23:52 E-SE 0.162 -1.6 23:59 30 -0.7 1.2 23:05 -3.2 07:18 84 1018.6 0.3 2.0 8.9 07:12 E-SE 0.192 -2.4 07:16 31 -1.6 0.9 00:00 -2.4 23:41 80 1022.0 0.4 3.5 8.7 05:22 SE 0.198 -1.5 23:58 ------------------------------------------------------------------------------------------------------------------------------ Avg: 2.0 11.7 19 -11.2 26 84 1013.6 15.1 1.9 15.8 10 E-SE 10.335 Wind Run 6169.3 km Calm Values 7835 Calm in % 17.6 % Sun 48:01 h Distribution WD Values 36780 Distribution WD N-NO 0.8 % Distribution WD NO 2.8 % Distribution WD NO-O 3.3 % Distribution WD O 15.7 % Distribution WD O-SO 22.7 % Distribution WD SO 15.5 % Distribution WD SO-S 5.0 % Distribution WD S 1.5 % Distribution WD S-SW 1.9 % Distribution WD SW 3.2 % Distribution WD SW-W 3.4 % Distribution WD W 2.8 % Distribution WD W-NW 9.6 % Distribution WD NW 7.5 % Distribution WD NW-N 1.9 % Distribution WD N 2.4 % Rain days >0.0 mm Month 23 Rain days >2.0 mm Month 2 Rain days >20.0 mm Month 0 Ice days max < 0°C 5 Cold days min < 0°C 17 Cool days max < 10°C 27 Summer days max >=25°C 0 Hot days max >=30°C 0 Last year same Month: Ice days max < 0°C 11 Last year same Month: Cold days min < 0°C 26 Last year same Month: Cool days max < 10°C 30 Last year same Month: Summer days max >=25°C 0 Last year same Month: Hot days max >=30°C 0 © 1999-2013 Werner Krenn / Mischa Thurnherr - Weatherstation Operating- and Data Acquisition Software - V2.97.8


  ©UMa Astronomy

Creative Commons License
Meteo by UMa Astronomy is licensed under a Creative Commons Attribution-NonCommercial-NoDerivs 3.0 Unported License.