Blahová 11/12/2019
 Last update: 16:43
Updated every 10 minutes
 Cold 
 Akt.temp: 8.8°C
 Max.temp: 10.1°C
 Min.temp: 6.1°C
 Devpoint: 5.4 °C
 Wind speed: 0.1m/s
 Wind direction: E-NE
 Max wind gust: 6.7m/s
 Precipitation: 9.4mm
 Pressure: 1005.6 hPa
 P.tendency: -1.7 hPa/3h
 Humidity: 79%
 Abs.humidity: 6.88 g/m3
Ground temperature
Min.temp 6.1°C /06:05
Akt.temp
9.3°C

2019: Jan | Feb | Mar | Apr | May | Jun | Jul | Aug | Sep | Oct | Nov | Dec 
2018: Jan | Feb | Mar | Apr | May | Jun | Jul | Aug | Sep | Oct | Nov | Dec 
2017: Jan | Feb | Mar | Apr | May | Jun | Jul | Aug | Sep | Oct | Nov | Dec 
2016: Jan | Feb | Mar | Apr | May | Jun | Jul | Aug | Sep | Oct | Nov | Dec 
2015: Jan | Feb | Mar | Apr | May | Jun | Jul | Aug | Sep | Oct | Nov | Dec 
2014: Jan | Feb | Mar | Apr | May | Jun | Jul | Aug | Sep | Oct | Nov | Dec 
2013: Jan | Feb | Mar | Apr | May | Jun | Jul | Aug | Sep | Oct | Nov | Dec 
2012: Jan | Feb | Mar | Apr | May | Jun | Jul | Aug | Sep | Oct | Nov | Dec 
2011: Jan | Feb | Mar | Apr | May | Jun | Jul | Aug | Sep | Oct | Nov | Dec 
2010: Jan | Feb | Mar | Apr | May | Jun | Jul | Aug | Sep | Oct | Nov | Dec 
2009: Jan | Feb | Mar | Apr | May | Jun | Jul | Aug | Sep | Oct | Nov | Dec 
2008: Jan | Feb | Mar | Apr | May | Jun | Jul | Aug | Sep | Oct | Nov | Dec 
2007: Jan | Feb | Mar | Apr | May | Jun | Jul | Aug | Sep | Oct | Nov | Dec 

Report for 2014 02
MONTHLY CLIMATOLOGICAL SUMMARY for February 2014 CITY: Blahová ELEV: 118 m LAT: 48° 5' 7" North LONG: 17° 32' 48" East TEMPERATURE (°C), BAROMETER (hPa), RAIN (mm), WIND SPEED (m/s) MEAN TEMPERATURE WIND DOM trans Ground DAY TEMP HIGH TIME LOW TIME HUM Baro Rain SPEED HIGH TIME DIR pirat min.temp time ------------------------------------------------------------------------------------------------------------------------------ 1 -2.0 -0.8 18:18 -3.9 04:08 81 1019.7 1.0 2.9 9.4 05:22 E-SE 0.253 -2.9 05:00 2 -0.3 0.4 20:08 -1.4 00:00 86 1020.2 1.8 1.5 8.5 08:20 SE 0.161 -1.3 23:13 3 -1.4 4.5 13:51 -3.5 21:15 80 1022.4 0.0 1.4 10.4 14:27 SE 0.534 -4.5 22:48 4 -1.3 0.8 15:03 -4.0 07:01 80 1021.3 0.0 3.3 9.4 09:57 SE 0.278 -4.7 00:46 5 -0.1 1.7 16:08 -2.2 08:25 81 1012.8 0.0 3.6 9.7 14:27 E-SE 0.299 -1.1 07:20 6 -0.2 3.4 14:56 -2.4 20:11 86 1014.0 0.0 0.9 4.3 01:37 E-SE 0.262 -2.9 19:34 7 1.4 5.9 13:41 -1.3 00:00 87 1007.6 0.1 2.5 10.7 10:57 E-SE 0.315 -1.3 00:00 8 3.7 6.3 18:49 -0.1 00:00 89 1004.3 1.7 1.8 7.7 23:47 SE 0.178 0.2 07:52 9 3.9 8.4 12:32 2.4 23:38 86 1002.4 0.6 1.0 6.7 14:27 W-NW 0.307 1.7 07:09 10 5.3 9.3 14:07 -2.4 07:18 79 1005.0 0.1 3.1 8.7 14:57 SE 0.711 -2.6 07:27 11 5.0 8.5 13:53 2.8 22:15 86 1007.2 3.7 0.5 8.1 02:47 E-SE 0.443 2.6 21:29 12 2.4 4.7 15:15 0.6 21:38 86 1008.3 8.2 2.4 10.6 12:56 NW 0.257 0.7 21:38 13 3.8 9.0 14:48 -2.6 06:50 83 1005.1 0.0 2.6 6.4 21:56 E-SE 0.646 -3.2 06:39 14 3.3 9.8 14:55 -1.7 22:35 72 1012.5 0.0 2.4 13.1 10:01 W-NW 1.066 -2.5 22:13 15 5.5 10.5 14:34 -1.6 00:15 75 1010.0 0.0 3.9 11.2 13:06 E-SE 0.912 -2.5 00:24 16 4.4 8.5 11:59 -1.0 06:19 85 1015.1 2.0 0.3 2.9 20:26 W-NW 0.431 -0.9 06:18 17 4.9 7.2 13:23 3.5 07:35 86 1018.5 0.1 1.3 5.0 13:12 SW 0.342 3.3 23:58 18 4.6 6.7 21:00 -1.0 05:27 89 1019.9 0.1 1.6 5.2 18:38 E-SE 0.201 -0.7 04:19 19 5.7 7.4 10:45 5.0 23:58 89 1014.4 1.8 0.4 5.0 11:07 W-NW 0.214 5.4 23:46 20 5.6 13.3 14:25 1.7 23:27 81 1015.9 0.1 0.0 5.1 01:26 SE 1.142 0.8 22:02 21 5.8 6.8 16:02 1.3 02:13 88 1012.5 0.0 1.5 5.4 09:16 E-SE 0.215 0.8 01:59 22 6.3 9.6 13:27 4.4 23:47 85 1015.8 4.6 3.1 8.4 23:05 NW 0.545 4.8 23:32 23 6.6 11.6 14:43 3.3 23:59 75 1022.1 3.9 2.7 8.9 00:12 NW 0.975 2.6 23:59 24 5.6 11.4 14:51 -0.4 07:37 77 1022.2 0.0 0.9 4.7 13:35 E-SE 0.935 -0.7 07:11 25 5.8 9.7 13:29 0.6 06:29 82 1019.6 0.0 1.7 7.5 16:14 E-SE 0.527 -0.9 06:22 26 7.1 11.8 13:58 1.8 06:57 78 1018.8 0.1 2.5 7.3 15:12 E-SE 1.001 1.4 06:44 27 4.9 9.7 15:16 2.5 06:38 86 1017.0 0.0 1.3 3.6 12:32 E 0.404 1.4 06:44 28 5.7 9.6 15:06 1.8 06:55 84 1008.7 1.8 1.8 6.8 17:27 E-SE 0.616 0.8 06:37 ------------------------------------------------------------------------------------------------------------------------------ Avg: 3.6 13.3 20 -4.0 4 83 1014.0 31.6 1.9 13.1 14 SE 14.166 Wind Run 5864.9 km Calm Values 6731 Calm in % 16.8 % Sun 108:05 h Distribution WD Values 33439 Distribution WD N-NO 1.6 % Distribution WD NO 1.5 % Distribution WD NO-O 1.3 % Distribution WD O 8.3 % Distribution WD O-SO 23.1 % Distribution WD SO 24.1 % Distribution WD SO-S 8.8 % Distribution WD S 1.8 % Distribution WD S-SW 2.9 % Distribution WD SW 4.2 % Distribution WD SW-W 2.9 % Distribution WD W 2.1 % Distribution WD W-NW 6.1 % Distribution WD NW 5.9 % Distribution WD NW-N 1.8 % Distribution WD N 3.7 % Rain days >0.0 mm Month 17 Rain days >2.0 mm Month 5 Rain days >20.0 mm Month 0 Ice days max < 0°C 1 Cold days min < 0°C 15 Cool days max < 10°C 23 Summer days max >=25°C 0 Hot days max >=30°C 0 Last year same Month: Ice days max < 0°C 4 Last year same Month: Cold days min < 0°C 18 Last year same Month: Cool days max < 10°C 26 Last year same Month: Summer days max >=25°C 0 Last year same Month: Hot days max >=30°C 0 © 1999-2013 Werner Krenn / Mischa Thurnherr - Weatherstation Operating- and Data Acquisition Software - V2.97.8


  ©UMa Astronomy

Creative Commons License
Meteo by UMa Astronomy is licensed under a Creative Commons Attribution-NonCommercial-NoDerivs 3.0 Unported License.