Blahová 12/09/2019
 Last update: 11:32
Updated every 10 minutes
 Cold 
 Akt.temp: 3.9°C
 Max.temp: 3.9°C
 Min.temp: 2.5°C
 Devpoint: 0.9 °C
 Wind speed: 0.5m/s
 Wind direction: E-SE
 Max wind gust: 4.3m/s
 Precipitation: 0.0mm
 Pressure: 1008.6 hPa
 P.tendency: -0.6 hPa/3h
 Humidity: 81%
 Abs.humidity: 5.12 g/m3
Ground temperature
Min.temp 2.6°C /03:03
Akt.temp
4.9°C

2019: Jan | Feb | Mar | Apr | May | Jun | Jul | Aug | Sep | Oct | Nov | Dec 
2018: Jan | Feb | Mar | Apr | May | Jun | Jul | Aug | Sep | Oct | Nov | Dec 
2017: Jan | Feb | Mar | Apr | May | Jun | Jul | Aug | Sep | Oct | Nov | Dec 
2016: Jan | Feb | Mar | Apr | May | Jun | Jul | Aug | Sep | Oct | Nov | Dec 
2015: Jan | Feb | Mar | Apr | May | Jun | Jul | Aug | Sep | Oct | Nov | Dec 
2014: Jan | Feb | Mar | Apr | May | Jun | Jul | Aug | Sep | Oct | Nov | Dec 
2013: Jan | Feb | Mar | Apr | May | Jun | Jul | Aug | Sep | Oct | Nov | Dec 
2012: Jan | Feb | Mar | Apr | May | Jun | Jul | Aug | Sep | Oct | Nov | Dec 
2011: Jan | Feb | Mar | Apr | May | Jun | Jul | Aug | Sep | Oct | Nov | Dec 
2010: Jan | Feb | Mar | Apr | May | Jun | Jul | Aug | Sep | Oct | Nov | Dec 
2009: Jan | Feb | Mar | Apr | May | Jun | Jul | Aug | Sep | Oct | Nov | Dec 
2008: Jan | Feb | Mar | Apr | May | Jun | Jul | Aug | Sep | Oct | Nov | Dec 
2007: Jan | Feb | Mar | Apr | May | Jun | Jul | Aug | Sep | Oct | Nov | Dec 

Report for 2014 03
MONTHLY CLIMATOLOGICAL SUMMARY for March 2014 CITY: Blahová ELEV: 118 m LAT: 48° 5' 7" North LONG: 17° 32' 48" East TEMPERATURE (°C), BAROMETER (hPa), RAIN (mm), WIND SPEED (m/s) MEAN TEMPERATURE WIND DOM trans Ground DAY TEMP HIGH TIME LOW TIME HUM Baro Rain SPEED HIGH TIME DIR pirat min.temp time ------------------------------------------------------------------------------------------------------------------------------ 1 6.5 13.7 12:51 0.3 06:33 79 1005.0 0.2 2.4 8.9 14:59 E-SE 1.139 -0.2 06:33 2 6.4 13.5 15:34 1.3 06:59 76 1002.3 0.0 0.8 6.0 02:58 E 1.368 0.5 06:33 3 5.6 9.8 12:28 2.1 02:48 84 999.5 0.3 2.2 7.7 13:22 E-SE 0.463 1.1 03:49 4 7.1 10.6 14:20 5.1 04:48 82 1003.5 0.0 0.2 4.8 10:21 E 0.799 4.8 18:13 5 7.5 13.1 14:44 1.3 05:59 70 1012.5 0.1 5.0 11.1 21:02 N 1.217 1.1 06:03 6 7.3 13.7 13:58 3.9 23:48 71 1023.5 0.3 4.0 11.7 12:28 N 1.262 3.7 23:44 7 6.3 11.9 15:14 0.0 06:44 73 1025.5 0.2 0.4 5.6 10:01 W-NW 1.179 0.2 06:32 8 8.4 14.5 14:29 4.1 06:57 64 1030.4 0.1 2.6 9.1 20:55 NW 1.627 3.7 06:49 9 5.7 13.9 14:38 1.8 06:17 71 1031.9 0.0 0.9 6.8 00:09 N 1.610 0.4 23:57 10 5.4 13.1 13:56 0.0 06:19 61 1026.5 0.0 1.4 7.4 10:07 N-NE 1.978 -1.1 06:19 11 7.8 17.7 14:30 -3.0 05:53 56 1025.7 0.0 1.8 5.6 13:56 N 2.844 -3.1 05:52 12 8.2 16.8 14:13 -0.2 06:43 55 1029.3 0.0 1.6 6.0 09:56 N 2.510 -1.7 06:20 13 6.1 16.3 14:15 -2.1 05:47 64 1028.0 0.0 0.2 4.0 11:53 S-SE 2.301 -2.3 05:44 14 7.9 19.4 14:43 -0.9 04:32 63 1021.5 0.0 0.3 4.0 14:01 SW 2.837 -1.3 05:03 15 7.0 13.8 11:40 0.9 02:34 72 1012.0 3.9 2.9 14.9 13:40 W-NW 0.677 0.4 02:35 16 11.4 13.5 14:56 6.2 03:04 70 1007.7 0.0 6.6 20.3 16:11 W-NW 0.893 6.3 02:58 17 13.7 16.9 14:58 9.6 19:27 57 1016.0 0.0 4.1 16.7 09:21 W-NW 1.955 8.2 19:44 18 10.8 18.3 13:46 3.7 06:29 70 1014.7 0.0 1.1 7.8 13:31 SW 1.958 2.8 06:24 19 11.1 15.3 14:36 8.5 00:00 61 1020.1 0.1 3.1 18.4 11:13 W-NW 1.680 8.1 21:21 20 13.7 20.8 15:01 6.1 03:44 56 1022.9 0.0 2.2 5.4 12:24 W-SW 3.045 4.3 03:51 21 13.8 21.8 13:55 5.2 02:11 54 1014.2 0.0 3.0 12.3 12:31 E-SE 3.352 3.6 00:43 22 14.4 20.9 14:19 5.8 05:47 60 1006.3 0.0 3.9 12.2 17:35 E 2.899 3.6 06:07 23 8.9 15.2 11:34 5.0 23:01 79 1003.7 1.1 2.9 12.1 14:50 S-SE 1.243 5.7 22:44 24 5.3 8.5 13:51 2.1 23:56 79 1006.7 1.2 2.3 8.8 16:10 W-NW 0.652 2.0 23:55 25 4.4 11.3 14:26 -0.3 23:38 70 1009.6 0.0 0.7 8.4 03:00 W-NW 1.404 -0.9 23:02 26 7.1 14.1 13:54 -1.8 04:11 64 1014.6 0.1 1.4 4.9 14:00 N-NE 1.742 -2.3 04:12 27 9.7 16.3 13:41 1.7 05:59 63 1013.0 0.0 0.9 7.4 17:40 E 2.085 -0.1 06:01 28 12.2 19.1 14:31 4.8 03:57 58 1016.6 0.0 2.4 6.3 12:41 N 2.947 3.1 03:53 29 10.9 20.8 14:11 3.0 06:03 65 1021.8 0.0 0.6 3.9 00:00 N 2.895 2.0 05:50 30 11.6 21.7 14:57 2.5 05:31 59 1015.9 0.0 0.8 6.2 12:15 S-SE 3.365 0.9 05:31 31 12.3 19.2 14:03 2.3 05:32 63 1011.0 0.0 2.0 5.4 20:10 W-NW 2.441 1.2 05:35 ------------------------------------------------------------------------------------------------------------------------------ Avg: 8.9 21.8 21 -3.0 11 67 1015.9 7.8 2.1 20.3 16 W-NW 58.368 Wind Run 7012.5 km Calm Values 6245 Calm in % 14.0 % Sun 246:14 h Distribution WD Values 38361 Distribution WD N-NO 6.2 % Distribution WD NO 4.4 % Distribution WD NO-O 2.5 % Distribution WD O 8.0 % Distribution WD O-SO 7.3 % Distribution WD SO 4.6 % Distribution WD SO-S 5.0 % Distribution WD S 2.4 % Distribution WD S-SW 3.9 % Distribution WD SW 4.4 % Distribution WD SW-W 4.6 % Distribution WD W 4.3 % Distribution WD W-NW 13.7 % Distribution WD NW 11.3 % Distribution WD NW-N 4.4 % Distribution WD N 13.1 % Rain days >0.0 mm Month 11 Rain days >2.0 mm Month 1 Rain days >20.0 mm Month 0 Ice days max < 0°C 0 Cold days min < 0°C 6 Cool days max < 10°C 2 Summer days max >=25°C 0 Hot days max >=30°C 0 Last year same Month: Ice days max < 0°C 3 Last year same Month: Cold days min < 0°C 19 Last year same Month: Cool days max < 10°C 22 Last year same Month: Summer days max >=25°C 0 Last year same Month: Hot days max >=30°C 0 © 1999-2013 Werner Krenn / Mischa Thurnherr - Weatherstation Operating- and Data Acquisition Software - V2.97.8


  ©UMa Astronomy

Creative Commons License
Meteo by UMa Astronomy is licensed under a Creative Commons Attribution-NonCommercial-NoDerivs 3.0 Unported License.