Blahová 11/13/2019
 Last update: 21:38
Updated every 10 minutes
 Cold 
 Akt.temp: 5.1°C
 Max.temp: 9.9°C
 Min.temp: 4.8°C
 Devpoint: 1.6 °C
 Wind speed: 1.4m/s
 Wind direction: N-NW
 Max wind gust: 7.7m/s
 Precipitation: 11.9mm
 Pressure: 1006.6 hPa
 P.tendency: +4.0 hPa/3h
 Humidity: 78%
 Abs.humidity: 5.34 g/m3
Ground temperature
Min.temp 5.8°C /18:24
Akt.temp
6.5°C

2019: Jan | Feb | Mar | Apr | May | Jun | Jul | Aug | Sep | Oct | Nov | Dec 
2018: Jan | Feb | Mar | Apr | May | Jun | Jul | Aug | Sep | Oct | Nov | Dec 
2017: Jan | Feb | Mar | Apr | May | Jun | Jul | Aug | Sep | Oct | Nov | Dec 
2016: Jan | Feb | Mar | Apr | May | Jun | Jul | Aug | Sep | Oct | Nov | Dec 
2015: Jan | Feb | Mar | Apr | May | Jun | Jul | Aug | Sep | Oct | Nov | Dec 
2014: Jan | Feb | Mar | Apr | May | Jun | Jul | Aug | Sep | Oct | Nov | Dec 
2013: Jan | Feb | Mar | Apr | May | Jun | Jul | Aug | Sep | Oct | Nov | Dec 
2012: Jan | Feb | Mar | Apr | May | Jun | Jul | Aug | Sep | Oct | Nov | Dec 
2011: Jan | Feb | Mar | Apr | May | Jun | Jul | Aug | Sep | Oct | Nov | Dec 
2010: Jan | Feb | Mar | Apr | May | Jun | Jul | Aug | Sep | Oct | Nov | Dec 
2009: Jan | Feb | Mar | Apr | May | Jun | Jul | Aug | Sep | Oct | Nov | Dec 
2008: Jan | Feb | Mar | Apr | May | Jun | Jul | Aug | Sep | Oct | Nov | Dec 
2007: Jan | Feb | Mar | Apr | May | Jun | Jul | Aug | Sep | Oct | Nov | Dec 

Report for 2014 04
MONTHLY CLIMATOLOGICAL SUMMARY for April 2014 CITY: Blahová ELEV: 118 m LAT: 48° 5' 7" North LONG: 17° 32' 48" East TEMPERATURE (°C), BAROMETER (hPa), RAIN (mm), WIND SPEED (m/s) MEAN TEMPERATURE WIND DOM trans Ground DAY TEMP HIGH TIME LOW TIME HUM Baro Rain SPEED HIGH TIME DIR pirat min.temp time ------------------------------------------------------------------------------------------------------------------------------ 1 9.9 19.2 13:24 4.4 05:08 66 1012.2 0.0 0.3 4.3 09:01 W-NW 3.611 2.8 05:05 2 11.2 17.8 14:28 3.7 02:14 64 1011.4 0.0 1.3 5.5 09:29 E-SE 3.035 3.0 02:06 3 14.2 22.1 15:05 4.6 04:03 66 1006.7 0.0 1.1 5.9 11:44 E-SE 3.869 3.0 04:00 4 12.8 19.2 14:45 6.4 04:38 72 1008.5 0.0 1.2 4.3 15:41 E 2.630 5.9 05:02 5 13.2 20.0 14:11 7.6 05:36 71 1011.8 0.0 1.7 5.4 16:09 N 3.188 7.0 03:38 6 13.1 18.7 11:30 8.8 23:54 77 1016.8 0.0 0.9 6.0 16:19 W-NW 2.335 8.0 23:46 7 12.9 21.6 14:50 3.5 05:17 70 1018.0 0.1 1.3 5.0 14:09 S-SE 3.798 3.6 04:42 8 15.2 23.7 13:47 6.3 02:21 73 1014.7 17.0 2.6 10.3 17:09 SW 4.564 5.4 02:18 9 7.2 12.8 10:52 2.5 23:54 70 1019.1 0.2 2.4 12.2 11:00 W-NW 1.545 2.5 23:55 10 7.2 13.5 13:53 1.9 01:01 79 1016.5 4.3 2.5 14.0 15:35 W-NW 0.924 1.4 01:05 11 8.1 15.0 13:21 1.9 03:37 74 1018.1 0.1 0.7 4.8 07:59 W-NW 2.261 1.6 05:11 12 8.8 16.6 14:43 0.2 04:19 71 1015.7 0.1 0.3 5.4 11:58 W-NW 2.796 0.8 03:27 13 8.8 16.3 12:15 0.9 04:24 80 1015.0 0.1 1.1 8.8 13:40 W-SW 1.252 1.1 04:25 14 7.8 15.9 12:09 2.3 05:00 74 1011.0 0.7 2.1 15.6 10:38 W-NW 2.329 2.5 05:00 15 6.0 9.2 10:53 2.0 03:43 79 1017.2 1.6 4.5 11.8 21:08 W-NW 0.556 1.7 03:46 16 7.3 12.4 13:39 3.9 23:42 68 1021.8 0.0 5.9 13.6 14:48 N 2.033 3.6 23:50 17 10.3 16.1 13:39 3.2 02:19 60 1016.5 0.0 3.3 11.3 08:42 N 2.703 2.9 02:15 18 12.9 19.7 14:33 1.3 04:22 53 1007.8 0.0 1.6 5.3 17:08 NW 4.261 1.2 04:36 19 11.5 21.8 12:16 6.8 05:05 79 1008.0 6.4 1.5 7.9 13:08 W-NW 1.182 6.5 05:02 20 11.0 17.8 14:01 5.0 05:11 78 1009.2 1.5 0.8 7.0 08:49 E 2.057 5.2 04:13 21 12.7 17.3 16:24 8.7 00:00 82 1008.1 0.1 1.4 6.2 07:53 E-SE 1.168 9.0 00:05 22 12.9 17.5 15:16 9.3 23:50 84 1012.6 2.7 0.6 2.9 07:13 E 1.173 9.3 23:55 23 15.3 22.3 13:34 7.2 03:52 78 1015.9 0.1 0.5 5.9 16:38 N 2.974 7.8 03:45 24 17.1 23.8 14:28 10.7 04:53 74 1013.3 7.5 1.4 11.3 16:28 N 4.303 10.3 04:55 25 14.2 17.6 12:15 12.8 04:12 86 1011.8 2.5 0.8 5.9 12:41 E 0.962 12.8 00:00 26 14.1 17.3 15:10 12.2 05:14 86 1010.8 3.8 1.1 4.9 09:24 E-SE 1.022 12.7 04:42 27 15.9 21.3 15:43 9.8 04:38 68 1006.4 0.1 2.0 8.3 10:38 E-SE 3.079 9.4 04:23 28 15.1 22.5 12:00 10.5 04:41 80 1006.0 1.2 1.0 9.4 17:15 N 1.889 9.8 04:51 29 15.4 21.9 14:12 10.3 05:19 76 1006.7 0.0 0.7 5.9 15:21 N 3.299 10.2 04:52 30 14.6 23.7 14:06 8.2 04:53 74 1006.5 0.0 1.3 4.2 14:06 N 3.773 8.0 04:51 ------------------------------------------------------------------------------------------------------------------------------ Avg: 11.9 23.8 24 0.2 12 74 1012.5 50.1 1.6 15.6 14 W-NW 74.573 Wind Run 5369.1 km Calm Values 8193 Calm in % 19.0 % Sun 255:38 h Distribution WD Values 34977 Distribution WD N-NO 6.4 % Distribution WD NO 5.0 % Distribution WD NO-O 2.9 % Distribution WD O 8.3 % Distribution WD O-SO 9.2 % Distribution WD SO 5.2 % Distribution WD SO-S 3.3 % Distribution WD S 1.1 % Distribution WD S-SW 1.7 % Distribution WD SW 2.7 % Distribution WD SW-W 4.1 % Distribution WD W 4.2 % Distribution WD W-NW 15.7 % Distribution WD NW 12.3 % Distribution WD NW-N 4.6 % Distribution WD N 13.2 % Rain days >0.0 mm Month 19 Rain days >2.0 mm Month 7 Rain days >20.0 mm Month 0 Ice days max < 0°C 0 Cold days min < 0°C 0 Cool days max < 10°C 1 Summer days max >=25°C 0 Hot days max >=30°C 0 Last year same Month: Ice days max < 0°C 0 Last year same Month: Cold days min < 0°C 4 Last year same Month: Cool days max < 10°C 8 Last year same Month: Summer days max >=25°C 4 Last year same Month: Hot days max >=30°C 0 © 1999-2013 Werner Krenn / Mischa Thurnherr - Weatherstation Operating- and Data Acquisition Software - V2.97.8


  ©UMa Astronomy

Creative Commons License
Meteo by UMa Astronomy is licensed under a Creative Commons Attribution-NonCommercial-NoDerivs 3.0 Unported License.