Blahová 09/20/2019
 Last update: 08:38
Updated every 10 minutes
 Cold 
 Akt.temp: 10.9°C
 Max.temp: 10.9°C
 Min.temp: 3.3°C
 Devpoint: 6.3 °C
 Wind speed: 1.4m/s
 Wind direction: N
 Max wind gust: 2.9m/s
 Precipitation: 0.0mm
 Pressure: 1028.1 hPa
 P.tendency: +1.2 hPa/3h
 Humidity: 73%
 Abs.humidity: 7.26 g/m3
Ground temperature
Min.temp 2.5°C /05:08
Akt.temp
12.3°C

2019: Jan | Feb | Mar | Apr | May | Jun | Jul | Aug | Sep | Oct | Nov | Dec 
2018: Jan | Feb | Mar | Apr | May | Jun | Jul | Aug | Sep | Oct | Nov | Dec 
2017: Jan | Feb | Mar | Apr | May | Jun | Jul | Aug | Sep | Oct | Nov | Dec 
2016: Jan | Feb | Mar | Apr | May | Jun | Jul | Aug | Sep | Oct | Nov | Dec 
2015: Jan | Feb | Mar | Apr | May | Jun | Jul | Aug | Sep | Oct | Nov | Dec 
2014: Jan | Feb | Mar | Apr | May | Jun | Jul | Aug | Sep | Oct | Nov | Dec 
2013: Jan | Feb | Mar | Apr | May | Jun | Jul | Aug | Sep | Oct | Nov | Dec 
2012: Jan | Feb | Mar | Apr | May | Jun | Jul | Aug | Sep | Oct | Nov | Dec 
2011: Jan | Feb | Mar | Apr | May | Jun | Jul | Aug | Sep | Oct | Nov | Dec 
2010: Jan | Feb | Mar | Apr | May | Jun | Jul | Aug | Sep | Oct | Nov | Dec 
2009: Jan | Feb | Mar | Apr | May | Jun | Jul | Aug | Sep | Oct | Nov | Dec 
2008: Jan | Feb | Mar | Apr | May | Jun | Jul | Aug | Sep | Oct | Nov | Dec 
2007: Jan | Feb | Mar | Apr | May | Jun | Jul | Aug | Sep | Oct | Nov | Dec 

Report for 2014 05
MONTHLY CLIMATOLOGICAL SUMMARY for May 2014 CITY: Blahová ELEV: 118 m LAT: 48° 5' 7" North LONG: 17° 32' 48" East TEMPERATURE (°C), BAROMETER (hPa), RAIN (mm), WIND SPEED (m/s) MEAN TEMPERATURE WIND DOM trans Ground DAY TEMP HIGH TIME LOW TIME HUM Baro Rain SPEED HIGH TIME DIR pirat min.temp time ------------------------------------------------------------------------------------------------------------------------------ 1 14.5 23.5 14:30 7.7 02:35 68 1008.1 0.1 0.6 6.1 13:37 W-NW 4.986 8.0 01:55 2 16.2 23.8 13:48 7.8 02:35 66 1008.9 0.0 1.7 5.7 14:32 N 4.033 7.6 02:26 3 9.4 13.7 12:43 6.5 22:58 80 1012.3 9.7 4.9 14.7 16:29 NW 0.961 6.8 23:50 4 10.3 15.3 14:26 5.7 03:59 58 1014.4 0.0 6.2 17.3 14:02 NW 2.856 5.8 04:06 5 10.6 15.9 13:39 3.3 04:59 65 1017.7 0.0 1.6 9.2 08:01 NW 2.848 3.3 04:50 6 14.1 20.3 14:47 2.0 04:35 64 1017.4 0.0 1.9 7.8 15:12 SE 3.846 2.3 04:24 7 14.2 20.6 11:48 9.1 05:01 74 1012.8 3.2 1.6 12.0 19:27 E-SE 2.954 8.7 03:57 8 14.1 21.1 13:38 9.0 05:10 71 1015.8 0.1 1.8 8.8 08:32 W-NW 3.492 8.2 05:09 9 14.7 22.1 15:24 7.7 04:43 75 1014.5 0.6 1.6 8.1 15:50 W-SW 3.334 7.0 04:20 10 16.5 22.4 17:02 12.3 23:14 62 1013.0 0.0 1.5 10.6 04:28 W-NW 4.241 11.5 23:09 11 11.0 18.1 09:47 8.4 23:28 87 1008.2 38.9 1.3 8.3 17:46 N 0.577 9.0 23:47 12 11.8 17.8 17:01 6.3 23:15 75 1011.7 0.2 2.1 9.8 09:43 W-NW 2.803 6.4 23:04 13 10.0 13.7 10:02 5.3 04:18 84 1013.7 2.1 1.0 5.6 13:56 W-NW 0.827 5.6 03:25 14 11.4 13.4 16:57 8.2 01:28 67 1016.0 0.2 7.0 15.0 14:30 N 1.608 8.4 03:48 15 11.7 12.8 18:15 9.3 04:28 69 1013.2 1.5 8.1 19.2 18:26 NW 1.346 9.5 04:03 16 11.0 13.3 11:43 9.5 19:13 81 1012.1 5.8 4.9 16.0 01:56 N 1.189 9.8 19:11 17 11.8 15.0 09:25 8.9 02:01 84 1013.1 1.9 2.0 8.4 12:57 W-NW 0.892 9.0 01:58 18 11.9 15.3 13:04 9.7 00:18 85 1014.5 7.2 0.9 7.8 13:58 S-SE 0.742 10.1 02:13 19 16.6 22.7 15:47 9.4 04:17 73 1014.2 0.1 2.0 6.5 15:52 E-SE 3.223 8.7 04:13 20 18.4 25.1 13:23 10.7 03:52 65 1016.0 0.0 2.1 9.7 11:26 E-SE 5.147 9.8 03:59 21 20.1 26.3 14:51 12.1 02:46 67 1017.0 0.0 1.8 8.2 13:26 E-SE 4.935 10.8 02:56 22 22.1 28.1 14:22 14.9 03:53 64 1013.7 0.0 2.7 9.2 14:55 SE 5.659 13.4 00:06 23 22.5 28.1 14:07 16.4 03:53 63 1011.6 0.0 2.4 11.2 11:25 E-SE 5.626 15.1 03:32 24 20.5 26.7 16:06 15.2 03:59 74 1013.2 0.6 0.8 5.2 13:15 SE 4.648 14.8 03:53 25 19.8 27.5 14:13 14.5 04:31 72 1016.8 0.0 0.8 6.3 12:54 N 5.465 14.0 04:17 26 19.6 26.9 14:23 14.3 00:38 76 1011.6 6.2 0.9 9.5 15:25 E 4.423 14.3 00:18 27 17.1 24.1 14:08 12.5 23:27 81 1007.3 0.2 0.5 11.1 18:23 E-SE 2.673 13.0 03:54 28 16.3 20.9 13:53 12.8 00:00 72 1007.9 0.0 1.9 8.9 16:55 W-SW 2.816 13.4 22:06 29 13.6 18.3 15:37 9.9 23:51 77 1010.3 0.1 2.4 8.9 14:54 W-NW 1.625 10.2 23:51 30 11.7 16.6 15:22 8.7 03:34 71 1015.3 0.0 4.1 11.2 10:03 NW 1.992 8.8 03:29 31 15.4 20.8 16:23 7.3 02:43 64 1014.9 0.0 2.7 10.7 10:17 N 3.066 7.2 02:47 ------------------------------------------------------------------------------------------------------------------------------ Avg: 14.8 28.1 23 2.0 6 72 1013.1 78.7 2.4 19.2 15 W-NW 94.831 Wind Run 8364.5 km Calm Values 4695 Calm in % 10.5 % Sun 263:09 h Distribution WD Values 39921 Distribution WD N-NO 3.4 % Distribution WD NO 2.0 % Distribution WD NO-O 1.3 % Distribution WD O 5.1 % Distribution WD O-SO 9.0 % Distribution WD SO 8.9 % Distribution WD SO-S 6.9 % Distribution WD S 2.9 % Distribution WD S-SW 3.5 % Distribution WD SW 4.3 % Distribution WD SW-W 5.1 % Distribution WD W 4.5 % Distribution WD W-NW 13.6 % Distribution WD NW 13.2 % Distribution WD NW-N 5.3 % Distribution WD N 10.7 % Rain days >0.0 mm Month 18 Rain days >2.0 mm Month 7 Rain days >20.0 mm Month 1 Ice days max < 0°C 0 Cold days min < 0°C 0 Cool days max < 10°C 0 Summer days max >=25°C 7 Hot days max >=30°C 0 Last year same Month: Ice days max < 0°C 0 Last year same Month: Cold days min < 0°C 0 Last year same Month: Cool days max < 10°C 0 Last year same Month: Summer days max >=25°C 2 Last year same Month: Hot days max >=30°C 0 © 1999-2013 Werner Krenn / Mischa Thurnherr - Weatherstation Operating- and Data Acquisition Software - V2.97.8


  ©UMa Astronomy

Creative Commons License
Meteo by UMa Astronomy is licensed under a Creative Commons Attribution-NonCommercial-NoDerivs 3.0 Unported License.