Blahová 10/18/2019
 Last update: 00:03
Updated every 10 minutes
 Cold 
 Akt.temp: 10.1°C
 Max.temp: 10.1°C
 Min.temp: 10.0°C
 Devpoint: 6.4 °C
 Wind speed: 0.0m/s
 Wind direction: 000
 Max wind gust: 0.0m/s
 Precipitation: 0.0mm
 Pressure: 1016.2 hPa
 P.tendency: -- hPa/3h
 Humidity: 78%
 Abs.humidity: 7.38 g/m3
Ground temperature
Min.temp 7.2°C /00:03
Akt.temp
7.2°C

2019: Jan | Feb | Mar | Apr | May | Jun | Jul | Aug | Sep | Oct | Nov | Dec 
2018: Jan | Feb | Mar | Apr | May | Jun | Jul | Aug | Sep | Oct | Nov | Dec 
2017: Jan | Feb | Mar | Apr | May | Jun | Jul | Aug | Sep | Oct | Nov | Dec 
2016: Jan | Feb | Mar | Apr | May | Jun | Jul | Aug | Sep | Oct | Nov | Dec 
2015: Jan | Feb | Mar | Apr | May | Jun | Jul | Aug | Sep | Oct | Nov | Dec 
2014: Jan | Feb | Mar | Apr | May | Jun | Jul | Aug | Sep | Oct | Nov | Dec 
2013: Jan | Feb | Mar | Apr | May | Jun | Jul | Aug | Sep | Oct | Nov | Dec 
2012: Jan | Feb | Mar | Apr | May | Jun | Jul | Aug | Sep | Oct | Nov | Dec 
2011: Jan | Feb | Mar | Apr | May | Jun | Jul | Aug | Sep | Oct | Nov | Dec 
2010: Jan | Feb | Mar | Apr | May | Jun | Jul | Aug | Sep | Oct | Nov | Dec 
2009: Jan | Feb | Mar | Apr | May | Jun | Jul | Aug | Sep | Oct | Nov | Dec 
2008: Jan | Feb | Mar | Apr | May | Jun | Jul | Aug | Sep | Oct | Nov | Dec 
2007: Jan | Feb | Mar | Apr | May | Jun | Jul | Aug | Sep | Oct | Nov | Dec 

Report for 2014 07
MONTHLY CLIMATOLOGICAL SUMMARY for July 2014 CITY: Blahová ELEV: 118 m LAT: 48° 5' 7" North LONG: 17° 32' 48" East TEMPERATURE (°C), BAROMETER (hPa), RAIN (mm), WIND SPEED (m/s) MEAN TEMPERATURE WIND DOM trans Ground DAY TEMP HIGH TIME LOW TIME HUM Baro Rain SPEED HIGH TIME DIR pirat min.temp time ------------------------------------------------------------------------------------------------------------------------------ 1 17.3 24.6 15:10 11.7 04:05 67 1017.9 0.0 1.4 6.8 16:06 W-NW 4.351 11.6 04:12 2 18.7 26.7 12:50 12.7 03:05 74 1019.2 15.3 1.8 9.2 11:51 S-SE 4.477 13.0 04:44 3 18.9 26.1 17:07 13.1 23:59 66 1023.5 0.1 1.7 7.9 13:26 W-NW 4.755 13.0 23:53 4 21.3 28.0 14:01 11.3 03:55 60 1017.3 0.1 2.4 8.1 15:41 SE 5.223 12.0 03:58 5 18.4 25.9 11:21 16.5 22:44 78 1011.8 6.0 1.2 7.6 08:51 E-SE 0.914 15.5 03:55 6 23.4 31.4 14:26 15.5 04:11 69 1013.5 0.0 0.8 4.9 15:32 E-SE 6.508 15.8 04:16 7 26.3 32.7 14:45 16.9 04:12 61 1013.4 0.0 1.3 4.9 11:00 E-SE 7.092 16.1 04:07 8 21.2 29.6 11:39 15.3 23:59 78 1005.9 6.5 1.7 11.4 13:30 E 2.374 15.6 23:58 9 18.2 22.4 15:21 13.5 23:57 67 1006.5 0.1 1.9 7.5 18:03 W-NW 2.788 13.2 23:46 10 19.0 22.9 14:31 10.7 04:04 62 1006.7 0.0 2.6 6.9 17:34 W-NW 3.541 10.6 04:02 11 19.1 23.3 16:21 14.7 03:47 76 1004.5 0.0 3.6 10.7 12:01 W-NW 2.488 14.5 03:41 12 21.0 26.9 14:42 14.7 02:49 67 1008.5 0.0 1.9 7.5 15:56 W-NW 4.955 14.5 03:27 13 21.5 28.7 14:36 12.6 04:19 68 1011.1 1.8 1.1 8.2 15:39 S-SW 5.809 12.4 04:11 14 21.8 27.7 13:21 14.2 01:18 71 1013.6 0.1 0.1 3.0 13:30 E 4.752 13.9 01:13 15 23.7 31.2 14:47 16.5 02:57 65 1017.0 0.0 1.5 10.6 16:40 N 6.939 16.5 02:35 16 24.6 31.8 13:58 16.0 03:12 60 1018.0 0.0 1.9 7.9 12:45 N 7.222 15.3 03:10 17 23.9 32.0 13:34 17.3 01:47 63 1017.8 0.1 1.4 7.9 16:30 N 6.900 16.4 01:40 18 22.6 31.3 13:40 16.0 04:01 68 1017.2 0.3 1.4 6.4 13:00 N 4.424 15.2 04:01 19 24.5 32.1 13:57 16.5 04:38 63 1016.2 0.0 1.1 5.2 14:04 SE 7.060 16.0 04:23 20 26.4 32.7 13:40 18.0 04:41 60 1012.2 0.0 2.2 10.1 14:19 E 7.300 17.0 03:08 21 25.4 32.6 13:47 19.6 23:47 68 1007.1 0.0 1.5 9.2 18:29 E 6.011 19.1 23:38 22 21.5 26.7 13:11 16.7 04:22 80 1010.1 30.3 1.2 5.6 14:34 E 3.060 16.5 03:45 23 22.5 28.7 14:48 17.1 04:50 68 1010.0 0.2 2.8 14.0 16:50 N 5.269 16.7 23:54 24 20.0 26.0 14:25 14.6 04:07 72 1011.0 0.0 1.5 7.5 06:53 W-NW 3.893 14.6 04:15 25 22.0 27.6 17:05 14.0 04:10 71 1013.8 0.0 0.7 4.3 11:22 S-SW 3.897 14.2 02:16 26 22.8 30.0 13:26 15.4 03:53 69 1012.8 0.0 0.5 5.4 14:49 E 5.138 15.3 04:03 27 22.6 29.3 11:25 17.4 04:03 74 1013.0 0.8 1.2 7.4 11:28 N-NE 4.232 16.9 03:06 28 20.6 26.1 13:50 17.5 23:30 79 1011.1 20.1 1.3 7.1 18:08 E 3.201 17.6 23:24 29 21.3 25.8 15:24 17.7 00:43 82 1008.3 29.1 1.6 10.6 11:19 E 2.124 17.9 00:00 30 21.2 26.8 11:11 17.8 22:46 80 1007.5 24.3 1.4 17.1 19:53 E 2.993 17.9 03:55 31 21.8 27.0 15:03 17.6 03:52 79 1010.1 0.9 1.3 7.0 18:28 N 3.265 18.1 03:30 ------------------------------------------------------------------------------------------------------------------------------ Avg: 21.7 32.7 20 10.7 10 70 1012.5 136.3 1.5 17.1 30 W-NW 142.952 Wind Run 5519.6 km Calm Values 4565 Calm in % 10.3 % Sun 330:51 h Distribution WD Values 39751 Distribution WD N-NO 6.2 % Distribution WD NO 5.3 % Distribution WD NO-O 3.5 % Distribution WD O 9.8 % Distribution WD O-SO 9.7 % Distribution WD SO 6.9 % Distribution WD SO-S 5.3 % Distribution WD S 2.5 % Distribution WD S-SW 3.8 % Distribution WD SW 3.5 % Distribution WD SW-W 3.8 % Distribution WD W 4.1 % Distribution WD W-NW 12.8 % Distribution WD NW 8.9 % Distribution WD NW-N 3.1 % Distribution WD N 10.7 % Rain days >0.0 mm Month 17 Rain days >2.0 mm Month 7 Rain days >20.0 mm Month 4 Ice days max < 0°C 0 Cold days min < 0°C 0 Cool days max < 10°C 0 Summer days max >=25°C 27 Hot days max >=30°C 10 Last year same Month: Ice days max < 0°C 0 Last year same Month: Cold days min < 0°C 0 Last year same Month: Cool days max < 10°C 0 Last year same Month: Summer days max >=25°C 27 Last year same Month: Hot days max >=30°C 11 © 1999-2013 Werner Krenn / Mischa Thurnherr - Weatherstation Operating- and Data Acquisition Software - V2.97.8


  ©UMa Astronomy

Creative Commons License
Meteo by UMa Astronomy is licensed under a Creative Commons Attribution-NonCommercial-NoDerivs 3.0 Unported License.