Blahová 09/20/2019
 Last update: 09:03
Updated every 10 minutes
 Cold 
 Akt.temp: 10.9°C
 Max.temp: 10.9°C
 Min.temp: 3.3°C
 Devpoint: 6.3 °C
 Wind speed: 1.1m/s
 Wind direction: N-NW
 Max wind gust: 2.9m/s
 Precipitation: 0.0mm
 Pressure: 1028.4 hPa
 P.tendency: +1.5 hPa/3h
 Humidity: 73%
 Abs.humidity: 7.26 g/m3
Ground temperature
Min.temp 2.5°C /05:08
Akt.temp
13.5°C

2019: Jan | Feb | Mar | Apr | May | Jun | Jul | Aug | Sep | Oct | Nov | Dec 
2018: Jan | Feb | Mar | Apr | May | Jun | Jul | Aug | Sep | Oct | Nov | Dec 
2017: Jan | Feb | Mar | Apr | May | Jun | Jul | Aug | Sep | Oct | Nov | Dec 
2016: Jan | Feb | Mar | Apr | May | Jun | Jul | Aug | Sep | Oct | Nov | Dec 
2015: Jan | Feb | Mar | Apr | May | Jun | Jul | Aug | Sep | Oct | Nov | Dec 
2014: Jan | Feb | Mar | Apr | May | Jun | Jul | Aug | Sep | Oct | Nov | Dec 
2013: Jan | Feb | Mar | Apr | May | Jun | Jul | Aug | Sep | Oct | Nov | Dec 
2012: Jan | Feb | Mar | Apr | May | Jun | Jul | Aug | Sep | Oct | Nov | Dec 
2011: Jan | Feb | Mar | Apr | May | Jun | Jul | Aug | Sep | Oct | Nov | Dec 
2010: Jan | Feb | Mar | Apr | May | Jun | Jul | Aug | Sep | Oct | Nov | Dec 
2009: Jan | Feb | Mar | Apr | May | Jun | Jul | Aug | Sep | Oct | Nov | Dec 
2008: Jan | Feb | Mar | Apr | May | Jun | Jul | Aug | Sep | Oct | Nov | Dec 
2007: Jan | Feb | Mar | Apr | May | Jun | Jul | Aug | Sep | Oct | Nov | Dec 

Report for 2014 08
MONTHLY CLIMATOLOGICAL SUMMARY for August 2014 CITY: Blahová ELEV: 118 m LAT: 48° 5' 7" North LONG: 17° 32' 48" East TEMPERATURE (°C), BAROMETER (hPa), RAIN (mm), WIND SPEED (m/s) MEAN TEMPERATURE WIND DOM trans Ground DAY TEMP HIGH TIME LOW TIME HUM Baro Rain SPEED HIGH TIME DIR pirat min.temp time ------------------------------------------------------------------------------------------------------------------------------ 1 21.8 28.3 14:47 17.6 04:17 80 1010.9 1.3 1.1 7.4 16:49 W-NW 2.919 17.7 04:07 2 23.8 30.6 14:40 17.0 04:44 76 1011.0 0.1 0.7 6.1 13:48 S-SE 4.532 17.0 04:41 3 21.3 28.4 10:49 18.9 04:54 80 1011.5 1.0 1.4 6.5 22:18 E 1.001 18.5 23:57 4 20.4 25.8 17:22 16.5 03:51 80 1014.5 3.2 0.7 5.2 11:28 W-NW 2.484 16.4 04:10 5 22.0 26.8 14:25 15.5 04:29 74 1013.5 0.1 2.7 8.1 16:38 W-NW 3.720 15.5 04:31 6 20.7 24.0 15:56 18.4 04:25 72 1013.5 0.1 2.6 9.9 09:33 NW 1.863 17.8 04:09 7 20.7 26.5 14:13 16.3 23:56 74 1013.2 0.0 1.3 4.4 09:59 W-NW 3.528 15.8 23:54 8 21.8 29.4 14:10 14.8 05:10 70 1013.8 0.0 0.8 4.7 10:48 W-NW 5.372 14.6 04:36 9 24.0 30.6 14:29 15.6 03:46 71 1014.1 0.0 1.3 7.5 12:46 E 5.639 15.5 03:31 10 22.6 27.9 13:56 18.1 05:04 77 1013.1 0.0 1.5 7.0 14:50 E-SE 3.245 18.1 04:49 11 24.3 31.5 13:39 18.5 23:59 65 1012.7 0.0 2.4 12.3 16:53 W-NW 5.046 18.8 04:20 12 17.8 21.6 11:00 15.9 22:26 82 1014.8 1.3 0.6 5.9 08:49 W-NW 1.264 16.4 22:24 13 20.2 25.2 16:14 15.3 04:25 84 1006.3 17.7 2.5 8.8 23:18 S-SE 1.665 16.1 04:22 14 15.3 20.5 17:12 13.4 21:13 81 1012.1 0.0 0.6 10.1 02:46 W-NW 1.087 13.4 21:02 15 17.8 25.3 14:03 14.1 21:14 74 1013.2 4.4 1.1 7.5 19:50 S-SW 3.990 14.7 02:09 16 16.4 22.0 13:09 12.0 05:26 74 1015.7 0.1 2.1 8.2 14:25 W-NW 2.787 12.0 04:59 17 16.8 22.4 17:22 10.9 04:52 69 1015.2 0.0 1.7 5.7 09:13 W-NW 3.135 10.8 04:49 18 19.0 25.2 14:19 9.5 04:45 67 1011.1 0.0 2.2 8.8 14:37 S-SE 3.811 9.6 04:46 19 18.5 24.6 11:40 13.6 04:58 76 1012.7 0.0 1.0 8.6 13:24 N 2.395 13.3 05:05 20 16.5 20.4 14:38 14.0 22:58 78 1015.1 0.8 1.2 4.8 17:35 N 1.511 14.1 23:39 21 15.0 21.9 14:30 10.9 23:56 77 1016.3 6.3 1.2 9.7 10:57 W-NW 2.921 10.9 23:58 22 16.0 21.8 13:29 9.9 01:44 77 1016.0 0.2 1.6 6.8 13:57 E-SE 2.565 10.4 01:36 23 17.2 22.7 11:55 14.0 05:36 84 1012.7 13.1 1.6 6.4 14:45 E 1.183 14.0 05:31 24 14.4 20.3 12:44 9.6 23:58 78 1016.3 0.9 2.9 11.4 12:54 W-NW 1.734 9.2 23:58 25 15.8 21.6 14:03 7.1 04:23 67 1016.8 0.1 1.0 6.8 15:24 S-SE 3.015 7.6 03:52 26 16.5 20.7 16:39 11.9 03:20 80 1007.8 0.6 1.3 4.8 15:37 S-SW 1.409 12.0 03:12 27 14.8 22.5 12:05 10.8 21:10 80 1012.6 0.1 1.8 11.4 13:54 W-NW 1.758 10.6 21:12 28 15.3 23.8 14:31 7.7 04:17 71 1018.9 0.1 0.4 4.3 13:46 W-NW 4.125 7.9 05:23 29 17.9 24.9 14:23 8.3 03:09 70 1018.0 0.1 1.6 6.4 13:42 S-SE 3.972 8.3 03:11 30 15.6 18.6 12:49 12.3 02:44 85 1018.0 1.3 0.4 2.5 14:12 E-SE 0.969 11.8 02:02 31 16.2 19.0 16:20 12.9 00:02 87 1012.2 2.2 0.5 3.4 14:36 E 0.809 13.5 00:00 ------------------------------------------------------------------------------------------------------------------------------ Avg: 18.6 31.5 11 7.1 25 76 1013.6 55.3 1.4 12.3 11 W-NW 85.456 Wind Run 4832.1 km Calm Values 7311 Calm in % 16.5 % Sun 276:46 h Distribution WD Values 37104 Distribution WD N-NO 3.7 % Distribution WD NO 3.1 % Distribution WD NO-O 2.2 % Distribution WD O 6.4 % Distribution WD O-SO 7.7 % Distribution WD SO 7.7 % Distribution WD SO-S 7.1 % Distribution WD S 3.5 % Distribution WD S-SW 4.8 % Distribution WD SW 4.3 % Distribution WD SW-W 4.9 % Distribution WD W 5.1 % Distribution WD W-NW 16.9 % Distribution WD NW 11.2 % Distribution WD NW-N 3.6 % Distribution WD N 8.0 % Rain days >0.0 mm Month 22 Rain days >2.0 mm Month 6 Rain days >20.0 mm Month 0 Ice days max < 0°C 0 Cold days min < 0°C 0 Cool days max < 10°C 0 Summer days max >=25°C 13 Hot days max >=30°C 3 Last year same Month: Ice days max < 0°C 0 Last year same Month: Cold days min < 0°C 0 Last year same Month: Cool days max < 10°C 0 Last year same Month: Summer days max >=25°C 20 Last year same Month: Hot days max >=30°C 11 © 1999-2013 Werner Krenn / Mischa Thurnherr - Weatherstation Operating- and Data Acquisition Software - V2.97.8


  ©UMa Astronomy

Creative Commons License
Meteo by UMa Astronomy is licensed under a Creative Commons Attribution-NonCommercial-NoDerivs 3.0 Unported License.