Blahová 11/12/2019
 Last update: 17:48
Updated every 10 minutes
 Cold 
 Akt.temp: 8.7°C
 Max.temp: 10.1°C
 Min.temp: 6.1°C
 Devpoint: 5.1 °C
 Wind speed: 1.0m/s
 Wind direction: N-NW
 Max wind gust: 6.7m/s
 Precipitation: 12.5mm
 Pressure: 1004.7 hPa
 P.tendency: -1.2 hPa/3h
 Humidity: 78%
 Abs.humidity: 6.75 g/m3
Ground temperature
Min.temp 6.1°C /06:05
Akt.temp
9.3°C

2019: Jan | Feb | Mar | Apr | May | Jun | Jul | Aug | Sep | Oct | Nov | Dec 
2018: Jan | Feb | Mar | Apr | May | Jun | Jul | Aug | Sep | Oct | Nov | Dec 
2017: Jan | Feb | Mar | Apr | May | Jun | Jul | Aug | Sep | Oct | Nov | Dec 
2016: Jan | Feb | Mar | Apr | May | Jun | Jul | Aug | Sep | Oct | Nov | Dec 
2015: Jan | Feb | Mar | Apr | May | Jun | Jul | Aug | Sep | Oct | Nov | Dec 
2014: Jan | Feb | Mar | Apr | May | Jun | Jul | Aug | Sep | Oct | Nov | Dec 
2013: Jan | Feb | Mar | Apr | May | Jun | Jul | Aug | Sep | Oct | Nov | Dec 
2012: Jan | Feb | Mar | Apr | May | Jun | Jul | Aug | Sep | Oct | Nov | Dec 
2011: Jan | Feb | Mar | Apr | May | Jun | Jul | Aug | Sep | Oct | Nov | Dec 
2010: Jan | Feb | Mar | Apr | May | Jun | Jul | Aug | Sep | Oct | Nov | Dec 
2009: Jan | Feb | Mar | Apr | May | Jun | Jul | Aug | Sep | Oct | Nov | Dec 
2008: Jan | Feb | Mar | Apr | May | Jun | Jul | Aug | Sep | Oct | Nov | Dec 
2007: Jan | Feb | Mar | Apr | May | Jun | Jul | Aug | Sep | Oct | Nov | Dec 

Report for 2014 10
MONTHLY CLIMATOLOGICAL SUMMARY for October 2014 CITY: Blahová ELEV: 118 m LAT: 48° 5' 7" North LONG: 17° 32' 48" East TEMPERATURE (°C), BAROMETER (hPa), RAIN (mm), WIND SPEED (m/s) MEAN TEMPERATURE WIND DOM trans Ground DAY TEMP HIGH TIME LOW TIME HUM Baro Rain SPEED HIGH TIME DIR pirat min.temp time ------------------------------------------------------------------------------------------------------------------------------ 1 15.6 19.7 13:54 10.7 03:58 86 1024.4 2.2 0.9 4.6 09:54 N-NW 1.189 10.5 03:44 2 15.0 20.3 14:19 12.1 22:18 83 1025.4 0.9 1.8 9.0 15:20 W-NW 1.532 11.6 22:25 3 12.8 19.3 14:08 9.0 22:25 81 1024.0 0.0 0.5 8.5 22:44 N-NW 1.757 8.6 22:40 4 13.3 16.3 11:45 9.8 00:00 85 1021.5 0.6 1.6 4.5 15:07 E 0.726 10.4 00:00 5 11.9 16.6 14:08 8.6 23:59 81 1019.6 0.1 1.2 4.8 13:17 E-NE 1.127 8.1 23:59 6 13.5 18.8 13:18 8.3 00:19 73 1017.4 0.0 2.4 9.6 13:53 E 2.022 8.0 00:18 7 13.7 17.0 14:55 9.3 06:18 80 1016.7 0.0 2.9 10.3 14:02 E 1.182 9.0 06:18 8 15.1 18.9 12:08 10.9 06:07 82 1016.0 0.0 2.9 8.1 13:34 E 1.187 10.8 05:58 9 17.7 23.6 14:20 13.1 06:21 76 1014.0 0.0 2.5 8.4 09:18 E-NE 2.499 12.7 02:37 10 16.9 22.4 13:07 12.2 06:13 79 1016.1 0.0 1.9 4.5 10:52 E-NE 2.092 11.4 06:18 11 16.8 24.9 13:38 12.7 06:03 80 1013.8 0.0 0.9 5.7 11:20 E-NE 2.837 12.0 02:31 12 16.1 23.7 12:40 11.7 06:03 83 1014.6 0.1 0.9 4.2 09:32 E 2.074 11.2 05:45 13 17.4 23.0 14:31 13.4 00:00 81 1009.2 0.2 1.3 4.4 14:28 E-NE 2.000 13.0 05:57 14 14.4 21.8 14:40 10.4 06:13 80 1010.3 0.0 0.6 7.7 10:36 SW 2.090 10.4 06:09 15 12.2 18.5 11:47 9.6 23:55 87 1008.2 0.2 0.6 3.9 13:06 N 0.760 9.6 04:03 16 15.9 22.3 14:35 9.5 00:29 79 1009.7 0.7 0.8 5.9 13:42 SW 2.425 10.0 00:00 17 13.5 15.0 00:00 12.1 20:34 88 1014.8 8.4 1.5 5.4 14:55 W 0.389 11.9 20:36 18 12.1 20.0 13:18 8.4 23:04 83 1024.9 0.1 0.2 4.4 04:16 W 1.452 8.0 22:46 19 13.5 20.8 13:32 8.7 06:14 79 1021.9 0.1 1.8 7.6 13:16 E 2.226 8.6 06:13 20 15.1 21.7 13:19 7.2 05:49 81 1015.5 4.4 1.5 5.2 12:06 S-SW 1.870 7.5 05:33 21 14.9 18.7 14:10 13.1 17:58 83 1007.4 4.8 1.6 9.6 23:38 S 1.514 11.8 18:01 22 7.9 14.3 00:00 6.7 23:11 82 1005.2 8.1 3.3 12.3 04:48 W 0.611 7.0 23:06 23 8.3 10.9 12:06 6.5 04:26 82 1010.3 0.0 4.6 12.6 16:08 N-NW 0.447 6.9 04:33 24 8.2 12.6 12:28 5.6 04:38 82 1019.0 0.8 2.1 11.2 11:17 N-NW 0.944 5.8 04:18 25 5.5 8.2 15:03 2.9 23:59 87 1024.5 0.0 1.1 4.6 10:51 E 0.370 3.2 23:57 26 5.8 12.1 12:37 0.2 03:54 86 1029.6 0.2 0.0 2.4 12:13 S 0.627 1.2 06:03 27 3.1 7.2 14:13 -1.0 23:30 89 1030.1 0.1 0.3 3.1 07:35 E-NE 0.261 0.4 22:47 28 1.7 4.9 14:42 -0.6 00:00 91 1025.3 0.2 0.3 1.7 08:55 E-NE 0.167 0.8 23:03 29 5.4 8.5 14:04 0.1 00:00 90 1021.7 0.2 0.6 3.6 14:09 E 0.217 1.4 00:00 30 5.3 12.0 13:11 0.9 23:58 83 1025.7 0.0 0.3 3.0 12:05 SW 0.947 1.5 23:58 31 3.7 11.0 15:23 -0.5 03:37 85 1026.7 0.1 0.3 3.9 12:25 W-NW 0.731 0.6 03:20 ------------------------------------------------------------------------------------------------------------------------------ Avg: 11.7 24.9 11 -1.0 27 83 1018.2 32.7 1.4 12.6 23 E 40.272 Wind Run 4888.8 km Calm Values 9784 Calm in % 22.2 % Sun 156:56 h Distribution WD Values 34377 Distribution WD N-NO 3.9 % Distribution WD NO 4.1 % Distribution WD NO-O 16.0 % Distribution WD O 17.5 % Distribution WD O-SO 9.4 % Distribution WD SO 4.9 % Distribution WD SO-S 2.0 % Distribution WD S 3.2 % Distribution WD S-SW 3.6 % Distribution WD SW 4.3 % Distribution WD SW-W 3.2 % Distribution WD W 8.2 % Distribution WD W-NW 6.4 % Distribution WD NW 2.8 % Distribution WD NW-N 7.1 % Distribution WD N 3.4 % Rain days >0.0 mm Month 20 Rain days >2.0 mm Month 5 Rain days >20.0 mm Month 0 Ice days max < 0°C 0 Cold days min < 0°C 3 Cool days max < 10°C 4 Summer days max >=25°C 0 Hot days max >=30°C 0 Last year same Month: Ice days max < 0°C 0 Last year same Month: Cold days min < 0°C 3 Last year same Month: Cool days max < 10°C 0 Last year same Month: Summer days max >=25°C 1 Last year same Month: Hot days max >=30°C 0 © 1999-2014 Werner Krenn / Mischa Thurnherr - Weatherstation Operating- and Data Acquisition Software - V2.97.12


  ©UMa Astronomy

Creative Commons License
Meteo by UMa Astronomy is licensed under a Creative Commons Attribution-NonCommercial-NoDerivs 3.0 Unported License.