Blahová 11/18/2019
 Last update: 19:23
Updated every 10 minutes
 Cold 
 Akt.temp: 7.0°C
 Max.temp: 14.1°C
 Min.temp: 7.0°C
 Devpoint: 3.3 °C
 Wind speed: 1.1m/s
 Wind direction: SE
 Max wind gust: 8.4m/s
 Precipitation: 0.3mm
 Pressure: 1015.4 hPa
 P.tendency: +2.8 hPa/3h
 Humidity: 77%
 Abs.humidity: 5.97 g/m3
Ground temperature
Min.temp 4.3°C /19:23
Akt.temp
4.3°C

2019: Jan | Feb | Mar | Apr | May | Jun | Jul | Aug | Sep | Oct | Nov | Dec 
2018: Jan | Feb | Mar | Apr | May | Jun | Jul | Aug | Sep | Oct | Nov | Dec 
2017: Jan | Feb | Mar | Apr | May | Jun | Jul | Aug | Sep | Oct | Nov | Dec 
2016: Jan | Feb | Mar | Apr | May | Jun | Jul | Aug | Sep | Oct | Nov | Dec 
2015: Jan | Feb | Mar | Apr | May | Jun | Jul | Aug | Sep | Oct | Nov | Dec 
2014: Jan | Feb | Mar | Apr | May | Jun | Jul | Aug | Sep | Oct | Nov | Dec 
2013: Jan | Feb | Mar | Apr | May | Jun | Jul | Aug | Sep | Oct | Nov | Dec 
2012: Jan | Feb | Mar | Apr | May | Jun | Jul | Aug | Sep | Oct | Nov | Dec 
2011: Jan | Feb | Mar | Apr | May | Jun | Jul | Aug | Sep | Oct | Nov | Dec 
2010: Jan | Feb | Mar | Apr | May | Jun | Jul | Aug | Sep | Oct | Nov | Dec 
2009: Jan | Feb | Mar | Apr | May | Jun | Jul | Aug | Sep | Oct | Nov | Dec 
2008: Jan | Feb | Mar | Apr | May | Jun | Jul | Aug | Sep | Oct | Nov | Dec 
2007: Jan | Feb | Mar | Apr | May | Jun | Jul | Aug | Sep | Oct | Nov | Dec 

Report for 2014 11
MONTHLY CLIMATOLOGICAL SUMMARY for November 2014 CITY: Blahová ELEV: 118 m LAT: 48° 5' 7" North LONG: 17° 32' 48" East TEMPERATURE (°C), BAROMETER (hPa), RAIN (mm), WIND SPEED (m/s) MEAN TEMPERATURE WIND DOM trans Ground DAY TEMP HIGH TIME LOW TIME HUM Baro Rain SPEED HIGH TIME DIR pirat min.temp time ------------------------------------------------------------------------------------------------------------------------------ 1 4.4 5.7 15:46 0.4 00:49 91 1025.5 0.1 0.4 2.2 02:45 E-NE 0.162 1.6 00:00 2 6.1 11.3 15:24 3.8 06:04 91 1022.0 0.1 1.5 4.9 16:35 E-NE 0.234 3.3 23:48 3 7.3 11.3 12:49 3.1 06:16 85 1014.3 0.3 3.0 8.8 13:55 E 0.587 2.9 03:59 4 13.1 17.8 12:46 6.9 00:25 70 1006.1 0.0 4.8 18.4 12:47 SE 1.677 6.0 02:07 5 13.3 19.6 12:41 8.6 06:15 75 1007.1 0.0 3.1 11.8 12:19 E 1.410 7.0 06:15 6 12.7 15.0 13:15 11.5 02:21 83 1012.2 1.5 2.2 8.4 04:54 E 0.659 10.7 03:03 7 13.9 16.2 14:47 11.1 03:32 86 1010.7 1.4 1.6 6.3 10:27 E 0.588 10.5 03:19 8 9.9 13.4 00:00 8.6 23:45 87 1015.5 1.9 1.0 5.4 14:11 W 0.563 9.2 23:33 9 10.3 15.3 13:38 6.4 04:57 86 1014.7 0.1 1.2 5.5 19:14 E 0.724 6.6 04:20 10 11.6 16.7 13:22 9.8 05:18 87 1015.3 0.0 3.2 9.3 13:31 E 0.778 9.4 23:48 11 10.8 16.7 12:26 9.0 21:20 86 1014.1 0.2 2.6 8.8 14:14 E 0.814 8.4 06:29 12 10.1 13.3 13:29 8.8 06:12 86 1009.3 0.0 2.6 8.3 13:24 E 0.644 8.0 23:37 13 9.9 15.0 13:56 7.5 06:05 82 1012.7 0.0 0.8 3.5 11:14 N-NE 1.069 6.8 06:06 14 10.6 15.4 13:53 8.3 00:59 83 1015.2 0.0 2.0 5.4 20:45 E 0.931 8.3 00:00 15 9.6 12.8 11:05 8.1 06:42 85 1010.3 0.1 4.4 12.3 11:14 E 0.538 8.1 06:38 16 7.6 8.7 00:00 6.7 07:37 89 1007.9 1.4 2.8 7.8 07:34 E 0.237 7.4 04:53 17 8.1 8.5 12:51 7.8 06:53 90 1010.6 4.3 2.6 6.0 21:44 E 0.221 8.2 23:04 18 8.1 10.3 13:46 6.8 23:50 89 1008.8 11.0 2.0 9.5 09:28 E 0.318 7.7 23:44 19 7.3 11.1 13:26 4.8 07:21 87 1017.3 0.8 1.5 5.9 23:44 W 0.436 5.2 07:20 20 5.4 9.3 12:42 1.3 23:32 83 1024.2 0.1 2.2 9.3 10:13 W 0.513 1.0 23:36 21 3.5 8.6 11:54 0.0 23:58 84 1024.5 0.2 0.5 5.9 11:58 W 0.517 -0.8 23:41 22 4.4 6.2 15:07 -0.8 03:42 88 1026.3 0.0 1.0 3.1 13:43 E-NE 0.227 -0.9 00:10 23 5.6 8.7 11:37 4.5 07:17 81 1028.8 0.1 1.4 4.9 10:23 E 0.575 5.2 06:40 24 3.9 5.9 11:45 1.6 08:09 82 1027.1 2.1 1.3 6.9 23:27 E 0.410 0.5 07:26 25 3.0 4.0 14:26 2.6 21:34 89 1026.7 2.6 0.6 3.5 02:40 E-NE 0.163 2.8 22:21 26 2.8 4.2 14:40 1.3 06:34 88 1023.1 0.0 1.4 4.3 14:18 E 0.215 1.8 05:10 27 1.4 2.5 11:04 0.4 23:57 85 1018.3 0.0 3.2 7.9 07:13 E 0.277 1.6 23:18 28 1.0 1.3 13:32 0.1 01:46 90 1019.1 0.3 2.0 5.3 02:33 E-NE 0.135 1.4 02:15 29 2.2 2.6 14:42 1.3 00:00 91 1019.2 1.2 1.3 3.9 07:23 E-NE 0.133 2.6 00:11 30 2.2 2.9 09:45 1.6 22:19 91 1017.0 1.2 2.7 6.0 23:46 E-NE 0.136 2.7 22:18 ------------------------------------------------------------------------------------------------------------------------------ Avg: 7.3 19.6 5 -0.8 22 86 1016.8 31.1 2.0 18.4 4 E 15.892 Wind Run 6522.7 km Calm Values 3648 Calm in % 8.5 % Sun 63:17 h Distribution WD Values 39521 Distribution WD N-NO 4.5 % Distribution WD NO 5.1 % Distribution WD NO-O 21.5 % Distribution WD O 31.5 % Distribution WD O-SO 15.7 % Distribution WD SO 5.6 % Distribution WD SO-S 1.0 % Distribution WD S 0.8 % Distribution WD S-SW 0.6 % Distribution WD SW 0.9 % Distribution WD SW-W 1.1 % Distribution WD W 4.2 % Distribution WD W-NW 3.0 % Distribution WD NW 0.9 % Distribution WD NW-N 1.8 % Distribution WD N 1.7 % Rain days >0.0 mm Month 21 Rain days >2.0 mm Month 4 Rain days >20.0 mm Month 0 Ice days max < 0°C 0 Cold days min < 0°C 1 Cool days max < 10°C 14 Summer days max >=25°C 0 Hot days max >=30°C 0 Last year same Month: Ice days max < 0°C 0 Last year same Month: Cold days min < 0°C 5 Last year same Month: Cool days max < 10°C 18 Last year same Month: Summer days max >=25°C 0 Last year same Month: Hot days max >=30°C 0 © 1999-2014 Werner Krenn / Mischa Thurnherr - Weatherstation Operating- and Data Acquisition Software - V2.97.12


  ©UMa Astronomy

Creative Commons License
Meteo by UMa Astronomy is licensed under a Creative Commons Attribution-NonCommercial-NoDerivs 3.0 Unported License.