Blahová 11/12/2019
 Last update: 16:38
Updated every 10 minutes
 Cold 
 Akt.temp: 8.8°C
 Max.temp: 10.1°C
 Min.temp: 6.1°C
 Devpoint: 5.4 °C
 Wind speed: 0.1m/s
 Wind direction: E-NE
 Max wind gust: 6.7m/s
 Precipitation: 8.7mm
 Pressure: 1005.8 hPa
 P.tendency: -1.8 hPa/3h
 Humidity: 79%
 Abs.humidity: 6.88 g/m3
Ground temperature
Min.temp 6.1°C /06:05
Akt.temp
9.4°C

2019: Jan | Feb | Mar | Apr | May | Jun | Jul | Aug | Sep | Oct | Nov | Dec 
2018: Jan | Feb | Mar | Apr | May | Jun | Jul | Aug | Sep | Oct | Nov | Dec 
2017: Jan | Feb | Mar | Apr | May | Jun | Jul | Aug | Sep | Oct | Nov | Dec 
2016: Jan | Feb | Mar | Apr | May | Jun | Jul | Aug | Sep | Oct | Nov | Dec 
2015: Jan | Feb | Mar | Apr | May | Jun | Jul | Aug | Sep | Oct | Nov | Dec 
2014: Jan | Feb | Mar | Apr | May | Jun | Jul | Aug | Sep | Oct | Nov | Dec 
2013: Jan | Feb | Mar | Apr | May | Jun | Jul | Aug | Sep | Oct | Nov | Dec 
2012: Jan | Feb | Mar | Apr | May | Jun | Jul | Aug | Sep | Oct | Nov | Dec 
2011: Jan | Feb | Mar | Apr | May | Jun | Jul | Aug | Sep | Oct | Nov | Dec 
2010: Jan | Feb | Mar | Apr | May | Jun | Jul | Aug | Sep | Oct | Nov | Dec 
2009: Jan | Feb | Mar | Apr | May | Jun | Jul | Aug | Sep | Oct | Nov | Dec 
2008: Jan | Feb | Mar | Apr | May | Jun | Jul | Aug | Sep | Oct | Nov | Dec 
2007: Jan | Feb | Mar | Apr | May | Jun | Jul | Aug | Sep | Oct | Nov | Dec 

Report for 2014 12
MONTHLY CLIMATOLOGICAL SUMMARY for December 2014 CITY: Blahová ELEV: 118 m LAT: 48° 5' 7" North LONG: 17° 32' 48" East TEMPERATURE (°C), BAROMETER (hPa), RAIN (mm), WIND SPEED (m/s) MEAN TEMPERATURE WIND DOM trans Ground DAY TEMP HIGH TIME LOW TIME HUM Baro Rain SPEED HIGH TIME DIR pirat min.temp time ------------------------------------------------------------------------------------------------------------------------------ 1 1.6 1.9 07:10 1.0 21:46 91 1013.7 27.6 3.1 7.2 16:04 E-NE 0.141 2.0 20:50 2 1.7 2.3 14:17 1.0 01:09 91 1013.1 6.5 2.0 6.0 02:37 E-NE 0.131 2.1 00:00 3 3.7 4.9 14:07 2.2 00:00 91 1019.5 0.5 1.6 4.3 13:12 E-NE 0.158 3.2 00:00 4 5.4 7.4 12:57 4.2 01:50 87 1020.6 0.0 1.0 4.5 23:42 E 0.372 4.5 19:53 5 5.8 7.5 13:03 4.7 06:28 86 1019.1 0.5 1.4 4.6 12:42 E 0.372 5.3 07:03 6 6.0 7.0 13:38 5.3 06:03 88 1018.3 0.8 0.9 2.9 14:02 E-NE 0.241 5.9 07:00 7 5.3 6.7 12:50 4.1 22:47 89 1016.5 8.5 1.6 4.9 19:41 W 0.212 4.9 23:11 8 4.4 5.6 11:15 3.3 21:44 85 1016.8 2.1 2.5 7.7 10:06 W 0.340 3.1 21:50 9 2.4 5.1 11:46 0.1 23:38 79 1021.7 0.0 3.3 9.3 14:06 W-NW 0.484 -0.3 23:34 10 -0.1 3.7 13:59 -2.4 19:24 81 1022.9 0.0 1.8 6.0 02:12 W 0.448 -2.6 18:18 11 0.3 3.2 14:07 -1.7 06:01 86 1017.7 0.0 0.4 2.9 23:25 SE 0.262 -1.3 05:25 12 3.9 8.1 13:17 0.7 23:43 77 1015.3 0.0 2.6 8.0 16:42 SE 0.687 -0.4 23:43 13 1.3 4.4 13:58 -0.4 23:39 86 1015.9 0.1 1.9 5.4 10:32 E-NE 0.284 -1.3 23:18 14 2.0 4.9 15:07 -0.5 00:36 88 1019.7 0.1 0.8 2.7 02:12 N-NE 0.225 -1.7 00:22 15 2.2 3.7 14:24 0.7 21:46 89 1019.4 0.1 0.4 2.3 10:52 SE 0.177 -0.1 02:02 16 3.1 5.6 13:27 1.3 07:48 90 1013.7 1.6 0.5 3.8 22:22 E 0.181 2.5 07:44 17 4.1 7.8 13:29 1.3 20:44 86 1012.1 0.3 1.0 5.3 12:48 W 0.503 0.7 16:23 18 6.1 9.1 14:19 3.0 01:26 86 1015.5 0.5 1.7 4.6 13:08 S 0.374 3.6 00:02 19 8.9 14.4 13:44 5.4 08:18 82 1015.8 1.9 2.4 8.6 10:31 S 0.839 4.3 08:20 20 7.8 11.7 00:23 4.3 07:40 74 1018.7 0.5 2.5 12.8 02:18 W 0.771 2.3 07:33 21 5.2 8.2 13:29 3.2 07:52 70 1024.8 0.0 4.1 15.0 11:11 W 0.887 2.6 17:42 22 5.7 9.4 21:38 2.7 03:20 74 1021.4 0.7 2.5 9.5 18:47 S-SW 0.300 2.6 03:03 23 8.9 11.1 14:15 5.7 23:55 69 1019.1 0.0 2.1 12.2 12:01 W 1.009 2.7 23:57 24 4.9 11.3 14:05 -0.3 08:04 74 1019.4 0.0 1.7 13.6 14:12 S 1.205 -1.2 08:03 25 5.4 9.8 09:52 2.5 20:57 77 1019.8 0.0 2.1 7.9 11:04 W 0.359 1.6 20:48 26 0.8 3.4 13:15 -4.4 23:52 75 1022.1 0.0 2.5 11.1 14:31 W 0.536 -5.5 23:49 27 -3.4 0.1 12:46 -7.3 08:03 78 1013.9 0.3 1.8 10.3 18:31 E 0.352 -7.6 07:55 28 -3.7 -1.8 11:29 -8.0 23:59 83 1011.5 2.5 4.7 13.7 21:11 N-NW 0.182 -7.5 23:47 29 -6.1 -4.3 14:06 -8.1 00:34 79 1024.3 0.0 3.2 13.6 00:02 W 0.186 -8.7 21:51 30 -7.0 -2.6 11:48 -11.4 23:11 74 1031.0 0.0 2.5 9.2 13:01 N-NW 0.324 -12.5 23:09 31 -8.9 -4.4 12:21 -13.8 04:45 77 1036.1 0.0 0.3 2.5 09:30 E 0.200 -14.4 04:58 ------------------------------------------------------------------------------------------------------------------------------ Avg: 2.5 14.4 19 -13.8 31 82 1019.0 55.0 2.0 15.0 21 W 12.743 Wind Run 6501.0 km Calm Values 4618 Calm in % 10.4 % Sun 224:54 h Distribution WD Values 39983 Distribution WD N-NO 3.9 % Distribution WD NO 3.8 % Distribution WD NO-O 13.2 % Distribution WD O 9.5 % Distribution WD O-SO 4.0 % Distribution WD SO 4.0 % Distribution WD SO-S 2.6 % Distribution WD S 6.0 % Distribution WD S-SW 6.2 % Distribution WD SW 6.1 % Distribution WD SW-W 4.7 % Distribution WD W 14.5 % Distribution WD W-NW 10.2 % Distribution WD NW 3.2 % Distribution WD NW-N 5.7 % Distribution WD N 2.4 % Rain days >0.0 mm Month 18 Rain days >2.0 mm Month 5 Rain days >20.0 mm Month 1 Ice days max < 0°C 4 Cold days min < 0°C 11 Cool days max < 10°C 27 Summer days max >=25°C 0 Hot days max >=30°C 0 Last year same Month: Ice days max < 0°C 3 Last year same Month: Cold days min < 0°C 17 Last year same Month: Cool days max < 10°C 30 Last year same Month: Summer days max >=25°C 0 Last year same Month: Hot days max >=30°C 0 © 1999-2014 Werner Krenn / Mischa Thurnherr - Weatherstation Operating- and Data Acquisition Software - V2.97.12


  ©UMa Astronomy

Creative Commons License
Meteo by UMa Astronomy is licensed under a Creative Commons Attribution-NonCommercial-NoDerivs 3.0 Unported License.