Blahová 11/13/2019
 Last update: 21:18
Updated every 10 minutes
 Cold 
 Akt.temp: 5.2°C
 Max.temp: 9.9°C
 Min.temp: 4.8°C
 Devpoint: 1.7 °C
 Wind speed: 1.6m/s
 Wind direction: W
 Max wind gust: 7.7m/s
 Precipitation: 11.9mm
 Pressure: 1006.4 hPa
 P.tendency: +3.6 hPa/3h
 Humidity: 78%
 Abs.humidity: 5.37 g/m3
Ground temperature
Min.temp 5.8°C /18:24
Akt.temp
6.5°C

2019: Jan | Feb | Mar | Apr | May | Jun | Jul | Aug | Sep | Oct | Nov | Dec 
2018: Jan | Feb | Mar | Apr | May | Jun | Jul | Aug | Sep | Oct | Nov | Dec 
2017: Jan | Feb | Mar | Apr | May | Jun | Jul | Aug | Sep | Oct | Nov | Dec 
2016: Jan | Feb | Mar | Apr | May | Jun | Jul | Aug | Sep | Oct | Nov | Dec 
2015: Jan | Feb | Mar | Apr | May | Jun | Jul | Aug | Sep | Oct | Nov | Dec 
2014: Jan | Feb | Mar | Apr | May | Jun | Jul | Aug | Sep | Oct | Nov | Dec 
2013: Jan | Feb | Mar | Apr | May | Jun | Jul | Aug | Sep | Oct | Nov | Dec 
2012: Jan | Feb | Mar | Apr | May | Jun | Jul | Aug | Sep | Oct | Nov | Dec 
2011: Jan | Feb | Mar | Apr | May | Jun | Jul | Aug | Sep | Oct | Nov | Dec 
2010: Jan | Feb | Mar | Apr | May | Jun | Jul | Aug | Sep | Oct | Nov | Dec 
2009: Jan | Feb | Mar | Apr | May | Jun | Jul | Aug | Sep | Oct | Nov | Dec 
2008: Jan | Feb | Mar | Apr | May | Jun | Jul | Aug | Sep | Oct | Nov | Dec 
2007: Jan | Feb | Mar | Apr | May | Jun | Jul | Aug | Sep | Oct | Nov | Dec 

Report for 2015 01
MONTHLY CLIMATOLOGICAL SUMMARY for January 2015 CITY: Blahová ELEV: 118 m LAT: 48° 5' 7" North LONG: 17° 32' 48" East TEMPERATURE (°C), BAROMETER (hPa), RAIN (mm), WIND SPEED (m/s) MEAN TEMPERATURE WIND DOM trans Ground DAY TEMP HIGH TIME LOW TIME HUM Baro Rain SPEED HIGH TIME DIR pirat min.temp time ------------------------------------------------------------------------------------------------------------------------------ 1 -3.0 -1.8 22:04 -6.2 00:00 84 1034.5 1.3 0.3 2.4 22:40 SE 0.158 -4.9 00:00 2 0.6 3.7 23:23 -4.4 05:58 87 1027.6 0.9 1.4 6.8 23:35 SE 0.236 -4.6 05:29 3 2.3 5.9 10:57 -0.2 23:46 77 1021.3 5.5 1.2 10.9 03:20 W 0.568 0.7 22:42 4 2.3 4.6 12:54 -0.2 00:00 80 1020.8 5.3 4.8 14.1 16:30 W 0.370 0.4 23:32 5 0.8 2.0 12:46 -0.4 08:18 82 1024.0 0.9 3.0 10.9 19:45 W 0.183 -0.6 05:31 6 -2.0 2.5 13:26 -6.1 23:36 71 1027.9 0.0 1.6 10.6 12:33 W-NW 0.565 -7.1 23:35 7 -4.9 -3.8 13:53 -6.6 00:47 74 1033.5 0.0 2.1 7.4 10:28 E 0.345 -7.3 00:41 8 -3.3 -2.6 14:19 -5.5 00:00 82 1031.5 0.0 2.1 5.2 18:57 E-NE 0.192 -3.9 00:00 9 5.8 8.5 21:36 -2.9 00:00 76 1018.3 1.4 3.4 12.8 22:50 E 0.397 -1.9 00:00 10 11.7 15.4 14:36 3.8 06:56 74 1008.5 13.0 3.8 18.7 13:00 W 1.019 4.6 06:52 11 3.8 14.2 00:03 1.9 23:45 69 1014.8 1.3 3.3 16.3 13:41 W 0.683 1.3 23:47 12 4.3 7.4 12:43 1.3 23:42 73 1021.9 0.0 3.1 15.2 12:10 W 0.579 0.5 23:58 13 2.2 7.2 13:56 -1.0 01:04 79 1019.3 0.0 1.4 4.8 05:50 E-NE 0.657 -2.5 01:30 14 2.2 5.3 12:47 -1.0 07:37 85 1013.1 2.1 1.2 3.9 10:40 E-NE 0.350 -2.3 07:51 15 3.1 6.8 11:31 -1.2 08:05 79 1017.7 0.0 2.4 8.4 00:48 E 0.507 -2.5 07:54 16 6.8 11.5 15:24 1.3 03:20 84 1012.2 0.0 2.7 7.9 10:39 E 0.615 -0.4 03:30 17 6.2 9.7 10:46 4.2 23:55 80 1013.3 0.0 2.1 9.4 09:08 W 0.539 3.6 03:15 18 3.6 5.8 13:03 1.7 23:57 83 1017.5 0.0 0.3 4.3 02:14 W 0.376 -0.4 23:54 19 1.1 6.7 12:31 -2.0 23:58 85 1013.6 0.0 0.1 2.9 12:29 N-NW 0.410 -3.1 23:55 20 2.5 5.5 14:33 -2.2 00:46 87 1012.3 0.0 1.1 7.2 14:39 E 0.218 -3.5 00:37 21 4.4 6.2 14:34 2.3 07:10 86 1014.8 0.2 0.3 2.6 23:50 W 0.286 2.2 07:43 22 5.9 7.2 13:43 4.3 00:00 88 1014.1 0.2 0.5 3.7 13:00 E 0.267 3.6 00:00 23 5.0 8.2 11:54 2.6 23:58 84 1014.3 0.1 4.6 11.1 21:52 N-NW 0.388 1.6 23:59 24 -0.1 2.7 00:00 -0.3 18:14 87 1013.3 13.0 4.3 13.1 02:19 W-NW 0.147 -0.2 16:37 25 0.2 0.8 20:05 -1.1 06:09 86 1021.0 7.8 3.9 12.8 01:46 W-NW 0.167 -1.0 07:04 26 -2.4 2.7 13:24 -6.1 21:46 78 1022.9 0.0 1.3 7.0 06:19 W-NW 0.458 -6.7 21:33 27 -2.8 -0.6 14:01 -8.7 03:11 87 1016.0 2.7 1.1 4.3 23:55 E 0.161 -8.5 03:09 28 0.3 4.5 13:53 -4.7 07:41 82 1013.8 0.0 2.2 7.5 23:15 W 0.370 -6.4 07:39 29 -0.8 0.9 12:21 -1.5 21:50 87 996.9 2.8 2.6 7.8 23:51 SE 0.158 -1.6 02:15 30 0.6 1.3 07:39 -1.0 00:00 84 977.9 26.8 2.6 9.9 20:18 E 0.136 -1.0 00:00 31 -3.1 4.8 13:55 -8.0 22:31 81 987.7 0.0 1.0 7.2 01:10 S-SW 0.441 -6.6 22:23 ------------------------------------------------------------------------------------------------------------------------------ Avg: 1.7 15.4 10 -8.7 27 81 1016.0 85.3 2.1 18.7 10 W 11.948 Wind Run 7236.5 km Calm Values 5962 Calm in % 13.4 % Sun 62:28 h Distribution WD Values 38645 Distribution WD N-NO 2.6 % Distribution WD NO 2.7 % Distribution WD NO-O 9.3 % Distribution WD O 12.7 % Distribution WD O-SO 7.5 % Distribution WD SO 5.9 % Distribution WD SO-S 2.5 % Distribution WD S 4.6 % Distribution WD S-SW 3.9 % Distribution WD SW 4.4 % Distribution WD SW-W 5.6 % Distribution WD W 17.7 % Distribution WD W-NW 11.1 % Distribution WD NW 3.3 % Distribution WD NW-N 4.9 % Distribution WD N 1.3 % Rain days >0.0 mm Month 17 Rain days >2.0 mm Month 9 Rain days >20.0 mm Month 1 Ice days max < 0°C 4 Cold days min < 0°C 22 Cool days max < 10°C 28 Summer days max >=25°C 0 Hot days max >=30°C 0 Last year same Month: Ice days max < 0°C 5 Last year same Month: Cold days min < 0°C 17 Last year same Month: Cool days max < 10°C 27 Last year same Month: Summer days max >=25°C 0 Last year same Month: Hot days max >=30°C 0 © 1999-2014 Werner Krenn / Mischa Thurnherr - Weatherstation Operating- and Data Acquisition Software - V2.97.12


  ©UMa Astronomy

Creative Commons License
Meteo by UMa Astronomy is licensed under a Creative Commons Attribution-NonCommercial-NoDerivs 3.0 Unported License.