Blahová 11/12/2019
 Last update: 17:48
Updated every 10 minutes
 Cold 
 Akt.temp: 8.7°C
 Max.temp: 10.1°C
 Min.temp: 6.1°C
 Devpoint: 5.1 °C
 Wind speed: 1.0m/s
 Wind direction: N-NW
 Max wind gust: 6.7m/s
 Precipitation: 12.5mm
 Pressure: 1004.7 hPa
 P.tendency: -1.2 hPa/3h
 Humidity: 78%
 Abs.humidity: 6.75 g/m3
Ground temperature
Min.temp 6.1°C /06:05
Akt.temp
9.3°C

2019: Jan | Feb | Mar | Apr | May | Jun | Jul | Aug | Sep | Oct | Nov | Dec 
2018: Jan | Feb | Mar | Apr | May | Jun | Jul | Aug | Sep | Oct | Nov | Dec 
2017: Jan | Feb | Mar | Apr | May | Jun | Jul | Aug | Sep | Oct | Nov | Dec 
2016: Jan | Feb | Mar | Apr | May | Jun | Jul | Aug | Sep | Oct | Nov | Dec 
2015: Jan | Feb | Mar | Apr | May | Jun | Jul | Aug | Sep | Oct | Nov | Dec 
2014: Jan | Feb | Mar | Apr | May | Jun | Jul | Aug | Sep | Oct | Nov | Dec 
2013: Jan | Feb | Mar | Apr | May | Jun | Jul | Aug | Sep | Oct | Nov | Dec 
2012: Jan | Feb | Mar | Apr | May | Jun | Jul | Aug | Sep | Oct | Nov | Dec 
2011: Jan | Feb | Mar | Apr | May | Jun | Jul | Aug | Sep | Oct | Nov | Dec 
2010: Jan | Feb | Mar | Apr | May | Jun | Jul | Aug | Sep | Oct | Nov | Dec 
2009: Jan | Feb | Mar | Apr | May | Jun | Jul | Aug | Sep | Oct | Nov | Dec 
2008: Jan | Feb | Mar | Apr | May | Jun | Jul | Aug | Sep | Oct | Nov | Dec 
2007: Jan | Feb | Mar | Apr | May | Jun | Jul | Aug | Sep | Oct | Nov | Dec 

Report for 2015 02
MONTHLY CLIMATOLOGICAL SUMMARY for February 2015 CITY: Blahová ELEV: 118 m LAT: 48° 5' 7" North LONG: 17° 32' 48" East TEMPERATURE (°C), BAROMETER (hPa), RAIN (mm), WIND SPEED (m/s) MEAN TEMPERATURE WIND DOM trans Ground DAY TEMP HIGH TIME LOW TIME HUM Baro Rain SPEED HIGH TIME DIR pirat min.temp time ------------------------------------------------------------------------------------------------------------------------------ 1 -1.8 2.1 13:19 -6.5 00:00 85 994.0 0.0 1.1 3.1 21:48 N 0.273 -6.1 00:00 2 -0.3 3.3 13:12 -5.5 06:05 83 999.0 0.0 2.3 7.9 20:58 W 0.396 -4.5 05:40 3 -0.7 3.7 13:09 -6.9 08:00 83 1005.6 0.1 1.7 3.9 11:48 E-NE 0.387 -6.6 07:55 4 -1.6 2.9 14:01 -7.2 23:17 85 1011.4 0.6 0.6 5.2 13:18 W 0.272 -6.6 23:13 5 -4.1 0.9 13:41 -8.3 05:06 81 1018.4 0.0 1.6 5.6 17:12 N-NW 0.333 -7.9 04:43 6 -2.1 1.3 13:25 -4.7 01:36 73 1018.7 0.0 5.3 11.1 17:23 N-NW 0.441 -4.4 01:30 7 -4.0 0.8 13:49 -8.9 07:21 75 1021.6 0.0 2.0 8.8 23:33 W 0.410 -8.6 07:21 8 -1.7 1.8 12:19 -3.5 23:07 74 1014.8 0.4 5.8 17.8 12:59 W 0.338 -3.7 23:22 9 -0.2 1.8 23:51 -3.9 02:36 83 1016.1 0.6 4.2 11.5 09:42 W 0.166 -3.9 00:15 10 2.9 3.6 14:43 1.8 00:00 83 1024.6 0.0 3.5 11.0 08:48 W 0.282 2.2 00:09 11 1.3 6.1 13:51 -2.8 23:53 83 1026.5 0.0 1.9 7.3 05:22 W 0.441 -3.4 23:52 12 1.0 5.1 13:39 -3.0 00:06 85 1028.0 0.0 1.1 5.2 10:47 E 0.350 -3.4 00:00 13 0.3 4.8 14:32 -3.4 06:52 79 1024.2 0.0 2.0 7.0 14:27 E 0.535 -4.4 07:12 14 2.9 7.2 14:50 -2.5 06:09 78 1017.3 0.0 2.7 7.7 10:20 E 0.592 -3.5 06:01 15 3.4 8.6 15:09 -0.2 23:25 74 1019.3 0.0 2.1 7.2 10:34 E-NE 0.753 -2.9 23:48 16 2.1 9.3 14:35 -3.0 06:45 76 1025.5 0.0 1.5 4.2 22:11 E-NE 0.888 -4.8 06:45 17 -0.3 4.3 13:02 -1.9 22:28 77 1036.5 0.0 2.7 8.9 12:57 E 0.499 -3.3 20:59 18 0.8 5.7 13:28 -4.4 07:06 74 1039.4 0.0 0.8 5.4 17:40 W 0.625 -5.5 07:08 19 -0.5 3.3 14:56 -4.7 23:56 81 1030.6 0.0 0.8 4.0 11:47 W 0.401 -5.6 23:29 20 1.2 7.2 14:18 -4.6 00:00 79 1020.1 0.1 1.2 3.9 23:47 N-NE 0.587 -5.7 00:09 21 6.1 11.7 14:02 -0.1 00:38 69 1005.0 0.0 4.5 12.0 11:57 SE 1.326 -0.9 00:35 22 4.7 8.5 14:33 0.7 06:09 79 1008.0 1.7 2.0 9.6 01:27 E-NE 0.819 -0.4 06:17 23 5.5 6.8 15:02 4.0 00:00 87 1005.0 0.1 1.5 7.0 19:40 SE 0.237 4.7 00:00 24 5.3 6.1 14:40 2.7 11:02 89 1007.9 21.3 2.7 8.2 23:46 W-NW 0.208 4.9 06:45 25 4.4 6.2 14:38 3.4 22:32 86 1014.8 6.1 5.3 13.2 12:41 W-NW 0.324 4.1 22:17 26 4.3 5.7 12:24 3.5 06:28 85 1017.6 0.1 2.4 9.6 04:25 W-NW 0.311 3.8 06:40 27 4.6 7.9 12:46 1.5 07:36 82 1014.8 0.1 1.0 5.9 14:45 E-SE 0.455 1.6 07:06 28 4.1 9.8 15:40 0.5 23:36 82 1018.5 0.0 1.6 6.9 13:06 W 0.627 -0.8 23:59 ------------------------------------------------------------------------------------------------------------------------------ Avg: 1.3 11.7 21 -8.9 7 80 1017.3 31.4 2.4 17.8 8 W 13.277 Wind Run 6709.8 km Calm Values 2680 Calm in % 6.7 % Sun 121:11 h Distribution WD Values 37601 Distribution WD N-NO 3.8 % Distribution WD NO 2.7 % Distribution WD NO-O 9.8 % Distribution WD O 13.5 % Distribution WD O-SO 6.8 % Distribution WD SO 4.1 % Distribution WD SO-S 1.4 % Distribution WD S 1.4 % Distribution WD S-SW 1.8 % Distribution WD SW 3.5 % Distribution WD SW-W 5.8 % Distribution WD W 18.5 % Distribution WD W-NW 11.0 % Distribution WD NW 3.2 % Distribution WD NW-N 7.7 % Distribution WD N 5.1 % Rain days >0.0 mm Month 11 Rain days >2.0 mm Month 2 Rain days >20.0 mm Month 1 Ice days max < 0°C 0 Cold days min < 0°C 20 Cool days max < 10°C 27 Summer days max >=25°C 0 Hot days max >=30°C 0 Last year same Month: Ice days max < 0°C 1 Last year same Month: Cold days min < 0°C 15 Last year same Month: Cool days max < 10°C 23 Last year same Month: Summer days max >=25°C 0 Last year same Month: Hot days max >=30°C 0 © 1999-2014 Werner Krenn / Mischa Thurnherr - Weatherstation Operating- and Data Acquisition Software - V2.97.12


  ©UMa Astronomy

Creative Commons License
Meteo by UMa Astronomy is licensed under a Creative Commons Attribution-NonCommercial-NoDerivs 3.0 Unported License.