Blahová 10/17/2019
 Last update: 23:48
Updated every 10 minutes
 Cold 
 Akt.temp: 9.7°C
 Max.temp: 20.1°C
 Min.temp: 5.3°C
 Devpoint: 6.1 °C
 Wind speed: 0.0m/s
 Wind direction: E-SE
 Max wind gust: 3.4m/s
 Precipitation: 0.2mm
 Pressure: 1016.1 hPa
 P.tendency: -0.3 hPa/3h
 Humidity: 78%
 Abs.humidity: 7.19 g/m3
Ground temperature
Min.temp 5.3°C /01:51
Akt.temp
7.2°C

2019: Jan | Feb | Mar | Apr | May | Jun | Jul | Aug | Sep | Oct | Nov | Dec 
2018: Jan | Feb | Mar | Apr | May | Jun | Jul | Aug | Sep | Oct | Nov | Dec 
2017: Jan | Feb | Mar | Apr | May | Jun | Jul | Aug | Sep | Oct | Nov | Dec 
2016: Jan | Feb | Mar | Apr | May | Jun | Jul | Aug | Sep | Oct | Nov | Dec 
2015: Jan | Feb | Mar | Apr | May | Jun | Jul | Aug | Sep | Oct | Nov | Dec 
2014: Jan | Feb | Mar | Apr | May | Jun | Jul | Aug | Sep | Oct | Nov | Dec 
2013: Jan | Feb | Mar | Apr | May | Jun | Jul | Aug | Sep | Oct | Nov | Dec 
2012: Jan | Feb | Mar | Apr | May | Jun | Jul | Aug | Sep | Oct | Nov | Dec 
2011: Jan | Feb | Mar | Apr | May | Jun | Jul | Aug | Sep | Oct | Nov | Dec 
2010: Jan | Feb | Mar | Apr | May | Jun | Jul | Aug | Sep | Oct | Nov | Dec 
2009: Jan | Feb | Mar | Apr | May | Jun | Jul | Aug | Sep | Oct | Nov | Dec 
2008: Jan | Feb | Mar | Apr | May | Jun | Jul | Aug | Sep | Oct | Nov | Dec 
2007: Jan | Feb | Mar | Apr | May | Jun | Jul | Aug | Sep | Oct | Nov | Dec 

Report for 2015 03
MONTHLY CLIMATOLOGICAL SUMMARY for March 2015 CITY: Blahová ELEV: 118 m LAT: 48° 5' 7" North LONG: 17° 32' 48" East TEMPERATURE (°C), BAROMETER (hPa), RAIN (mm), WIND SPEED (m/s) MEAN TEMPERATURE WIND DOM trans Ground DAY TEMP HIGH TIME LOW TIME HUM Baro Rain SPEED HIGH TIME DIR pirat min.temp time ------------------------------------------------------------------------------------------------------------------------------ 1 5.4 10.5 13:04 -2.7 06:20 81 1012.4 0.1 1.8 8.3 12:25 S 0.747 -3.0 06:28 2 5.3 10.5 11:42 2.9 22:46 83 1009.9 2.9 3.3 11.4 13:56 W 0.348 1.7 22:27 3 3.0 9.5 13:51 -0.9 22:04 68 1022.3 0.0 3.1 15.1 10:33 W 1.196 -2.0 22:01 4 2.4 7.7 14:43 -0.5 05:18 74 1024.1 0.0 0.9 7.9 11:45 W 0.660 -2.0 03:46 5 3.1 9.3 13:26 -2.4 06:08 72 1029.1 0.0 2.8 9.8 18:40 N-NW 1.100 -2.9 05:40 6 2.3 8.8 13:51 -2.3 23:52 68 1034.0 0.0 2.4 8.4 10:01 W-NW 1.133 -3.8 22:52 7 2.7 11.9 15:28 -4.4 04:11 70 1034.5 0.0 0.8 5.4 14:02 W-NW 1.394 -5.2 04:15 8 3.3 11.1 14:12 -4.2 06:34 63 1031.3 0.1 1.3 5.3 14:35 E-SE 1.624 -5.4 06:16 9 3.2 11.6 14:49 -3.2 03:05 69 1028.6 0.0 1.0 6.3 12:29 E 1.450 -4.5 05:41 10 5.1 15.0 14:12 -2.4 05:37 68 1023.7 0.0 1.1 4.5 12:55 W 1.964 -3.7 05:41 11 4.0 10.3 11:15 -1.8 05:08 80 1021.1 2.0 5.2 12.8 13:55 W-NW 0.556 -2.6 04:25 12 4.5 7.2 14:58 2.4 01:20 71 1023.2 0.7 5.4 11.9 16:09 W-NW 0.650 2.4 01:26 13 4.7 8.0 13:38 3.3 01:01 78 1019.9 0.0 3.2 8.6 09:07 W-NW 0.635 3.5 01:00 14 4.1 7.0 13:57 2.5 22:20 82 1023.9 0.7 1.4 6.3 07:06 W 0.609 3.2 03:50 15 6.0 10.3 14:35 2.5 00:02 80 1031.3 0.2 1.2 6.4 10:54 E 0.731 1.9 21:35 16 8.6 13.7 14:54 3.7 06:09 72 1032.5 0.1 2.4 12.2 10:44 E 1.409 1.9 06:08 17 6.7 14.8 14:44 1.7 23:00 69 1029.9 0.0 1.1 6.9 10:25 E 1.685 0.2 23:52 18 5.2 12.7 14:38 -0.4 23:55 57 1025.7 0.0 1.1 7.4 11:19 E-NE 1.728 -1.3 23:07 19 5.0 12.6 14:23 -1.2 01:42 59 1019.1 0.0 1.3 4.3 13:42 W 1.758 -2.8 05:55 20 3.8 11.6 15:00 -1.1 04:38 67 1023.3 0.0 1.8 6.7 09:34 E-NE 1.450 -3.5 04:43 21 8.3 16.0 15:13 -1.4 03:01 62 1014.2 0.0 1.0 5.2 11:54 E-NE 1.981 -3.6 03:41 22 6.1 11.5 13:06 0.5 23:53 66 1019.5 0.0 3.9 11.0 11:15 N-NW 1.183 0.1 23:59 23 4.7 11.6 15:01 -3.2 05:47 67 1018.0 0.0 0.9 4.3 12:04 E 1.413 -3.9 05:49 24 8.9 15.8 15:10 0.6 03:00 67 1012.0 0.0 2.9 9.9 14:14 E 1.809 -1.5 02:45 25 12.1 16.3 13:29 3.8 02:18 67 1008.8 0.1 2.9 7.7 15:34 E 1.649 1.6 02:21 26 11.8 17.3 16:25 8.2 07:34 80 1007.6 2.9 2.5 6.9 08:08 E 1.267 8.4 20:57 27 8.8 10.3 14:09 7.7 06:48 72 1013.2 0.1 5.0 12.5 10:03 W 0.861 7.4 23:01 28 7.5 10.9 09:58 3.6 23:59 65 1016.1 0.0 3.8 13.1 00:53 W-NW 1.187 2.0 22:32 29 8.2 13.5 16:12 -1.2 04:44 80 1007.7 2.1 1.5 5.6 13:28 S 0.944 -2.1 03:39 30 7.3 12.0 14:29 3.7 23:58 74 1003.9 5.0 5.1 20.6 16:53 W 1.059 2.6 23:51 31 7.7 12.9 16:40 1.2 04:31 80 1002.3 13.6 5.2 17.8 23:50 W 0.489 0.1 04:24 ------------------------------------------------------------------------------------------------------------------------------ Avg: 5.8 17.3 26 -4.4 7 71 1020.1 30.6 2.5 20.6 30 W 36.668 Wind Run 8236.8 km Calm Values 2782 Calm in % 6.2 % Sun 159:08 h Distribution WD Values 41783 Distribution WD N-NO 2.7 % Distribution WD NO 1.9 % Distribution WD NO-O 8.4 % Distribution WD O 12.4 % Distribution WD O-SO 7.6 % Distribution WD SO 6.4 % Distribution WD SO-S 3.3 % Distribution WD S 4.5 % Distribution WD S-SW 3.1 % Distribution WD SW 3.0 % Distribution WD SW-W 4.4 % Distribution WD W 15.5 % Distribution WD W-NW 12.4 % Distribution WD NW 4.3 % Distribution WD NW-N 7.9 % Distribution WD N 2.2 % Rain days >0.0 mm Month 14 Rain days >2.0 mm Month 5 Rain days >20.0 mm Month 0 Ice days max < 0°C 0 Cold days min < 0°C 16 Cool days max < 10°C 7 Summer days max >=25°C 0 Hot days max >=30°C 0 Last year same Month: Ice days max < 0°C 0 Last year same Month: Cold days min < 0°C 6 Last year same Month: Cool days max < 10°C 2 Last year same Month: Summer days max >=25°C 0 Last year same Month: Hot days max >=30°C 0 © 1999-2014 Werner Krenn / Mischa Thurnherr - Weatherstation Operating- and Data Acquisition Software - V2.97.12


  ©UMa Astronomy

Creative Commons License
Meteo by UMa Astronomy is licensed under a Creative Commons Attribution-NonCommercial-NoDerivs 3.0 Unported License.