Blahová 12/09/2019
 Last update: 10:53
Updated every 10 minutes
 Cold 
 Akt.temp: 3.7°C
 Max.temp: 3.7°C
 Min.temp: 2.5°C
 Devpoint: 0.7 °C
 Wind speed: 0.1m/s
 Wind direction: E-SE
 Max wind gust: 4.3m/s
 Precipitation: 0.0mm
 Pressure: 1008.8 hPa
 P.tendency: +0.1 hPa/3h
 Humidity: 81%
 Abs.humidity: 5.05 g/m3
Ground temperature
Min.temp 2.6°C /03:03
Akt.temp
4.7°C

2019: Jan | Feb | Mar | Apr | May | Jun | Jul | Aug | Sep | Oct | Nov | Dec 
2018: Jan | Feb | Mar | Apr | May | Jun | Jul | Aug | Sep | Oct | Nov | Dec 
2017: Jan | Feb | Mar | Apr | May | Jun | Jul | Aug | Sep | Oct | Nov | Dec 
2016: Jan | Feb | Mar | Apr | May | Jun | Jul | Aug | Sep | Oct | Nov | Dec 
2015: Jan | Feb | Mar | Apr | May | Jun | Jul | Aug | Sep | Oct | Nov | Dec 
2014: Jan | Feb | Mar | Apr | May | Jun | Jul | Aug | Sep | Oct | Nov | Dec 
2013: Jan | Feb | Mar | Apr | May | Jun | Jul | Aug | Sep | Oct | Nov | Dec 
2012: Jan | Feb | Mar | Apr | May | Jun | Jul | Aug | Sep | Oct | Nov | Dec 
2011: Jan | Feb | Mar | Apr | May | Jun | Jul | Aug | Sep | Oct | Nov | Dec 
2010: Jan | Feb | Mar | Apr | May | Jun | Jul | Aug | Sep | Oct | Nov | Dec 
2009: Jan | Feb | Mar | Apr | May | Jun | Jul | Aug | Sep | Oct | Nov | Dec 
2008: Jan | Feb | Mar | Apr | May | Jun | Jul | Aug | Sep | Oct | Nov | Dec 
2007: Jan | Feb | Mar | Apr | May | Jun | Jul | Aug | Sep | Oct | Nov | Dec 

Report for 2015 04
MONTHLY CLIMATOLOGICAL SUMMARY for April 2015 CITY: Blahová ELEV: 118 m LAT: 48° 5' 7" North LONG: 17° 32' 48" East TEMPERATURE (°C), BAROMETER (hPa), RAIN (mm), WIND SPEED (m/s) MEAN TEMPERATURE WIND DOM trans Ground DAY TEMP HIGH TIME LOW TIME HUM Baro Rain SPEED HIGH TIME DIR pirat min.temp time ------------------------------------------------------------------------------------------------------------------------------ 1 4.6 9.3 13:38 2.3 07:48 76 1011.6 3.5 4.9 17.1 12:21 W 1.020 1.2 22:24 2 3.5 7.5 10:44 1.3 03:10 81 1010.6 4.6 3.8 17.0 16:43 W 0.433 -0.4 03:32 3 5.2 10.0 14:04 1.1 04:04 62 1017.1 0.0 4.4 15.6 08:32 W 1.805 0.1 19:39 4 5.1 11.4 13:29 0.4 05:08 64 1012.8 0.0 1.8 5.7 19:23 N-NW 2.076 -1.5 05:37 5 4.4 10.5 14:04 -1.4 04:52 65 1018.3 0.0 3.8 10.5 14:53 N-NW 1.850 -2.9 04:55 6 4.3 8.9 12:56 -0.7 05:04 67 1022.0 0.0 4.7 14.0 11:46 N-NW 1.599 -2.3 05:20 7 7.1 10.3 14:57 1.3 04:28 58 1028.1 0.0 4.3 14.2 12:11 N-NW 1.734 0.7 04:53 8 7.8 12.2 12:31 6.3 00:40 77 1027.5 1.0 3.6 12.0 10:33 W 0.681 6.0 00:36 9 9.2 16.5 14:10 4.2 23:36 68 1028.9 0.0 1.1 7.8 08:02 W-NW 2.814 1.6 23:39 10 10.7 18.7 14:33 2.1 05:30 62 1024.3 0.0 2.3 8.9 10:32 E 3.504 0.3 05:01 11 14.7 21.0 14:25 4.9 04:59 56 1021.7 0.0 1.9 9.4 19:55 E-NE 4.257 1.8 04:46 12 13.3 20.8 11:48 6.7 23:51 64 1027.3 0.0 2.1 11.2 06:12 W 3.375 5.0 23:55 13 11.9 21.7 12:34 3.7 04:49 59 1025.0 0.1 2.7 15.2 15:38 W 3.357 2.4 04:55 14 9.6 16.2 14:11 2.4 04:54 55 1024.9 0.0 2.4 9.6 11:52 W 3.238 1.4 05:24 15 15.8 23.7 15:48 4.1 00:43 55 1016.4 0.0 2.1 11.8 14:52 S-SW 4.986 2.8 00:58 16 18.5 27.0 13:21 6.7 05:26 46 1010.8 0.0 2.7 12.3 13:29 S-SW 7.400 4.5 05:16 17 13.1 19.3 14:09 8.4 23:57 73 1010.2 2.9 2.8 6.4 10:46 W-NW 2.793 7.6 23:58 18 5.9 11.3 13:43 0.5 23:35 63 1020.1 0.1 2.7 12.2 14:22 W-NW 1.967 -0.3 23:59 19 7.1 14.0 16:14 -2.1 05:11 61 1020.7 0.0 0.6 6.2 11:39 W 2.587 -2.8 04:47 20 12.4 18.1 14:05 0.4 03:15 53 1017.9 0.0 3.6 12.2 14:58 W 3.593 -0.1 02:54 21 12.9 19.9 15:55 6.4 05:53 47 1020.2 0.0 4.0 13.7 16:02 W 3.962 5.6 04:17 22 11.9 20.4 13:15 5.1 04:47 54 1020.1 0.0 1.3 7.0 09:16 W 4.117 2.8 04:50 23 14.9 21.3 13:54 4.6 02:25 52 1015.8 0.0 2.0 6.9 16:14 E 4.690 2.6 04:32 24 12.7 21.2 13:34 4.1 04:59 64 1014.5 0.0 1.7 7.5 13:41 W 3.891 2.8 04:45 25 16.0 23.5 13:22 5.0 03:58 60 1011.8 0.0 2.0 8.4 11:57 E-SE 4.838 3.7 04:33 26 16.1 23.7 13:08 9.0 02:36 66 1008.8 0.0 1.0 3.8 12:31 E-NE 4.082 7.5 01:53 27 18.3 23.9 14:03 9.1 02:43 60 1003.8 0.0 3.9 14.5 15:25 SE 4.905 6.9 03:22 28 10.8 17.3 08:47 5.8 21:55 81 1008.8 6.5 5.0 16.0 19:47 W 0.847 6.2 23:54 29 9.2 15.8 13:56 2.7 23:56 63 1019.0 0.0 2.7 10.6 00:28 W-NW 2.812 1.6 23:55 30 11.4 18.9 13:11 1.1 02:04 67 1015.2 0.0 1.1 7.4 09:07 S 3.396 0.5 04:14 ------------------------------------------------------------------------------------------------------------------------------ Avg: 10.6 27.0 16 -2.1 19 62 1017.8 18.8 2.8 17.1 1 W 92.606 Wind Run 9022.0 km Calm Values 2487 Calm in % 5.8 % Sun 260:33 h Distribution WD Values 40688 Distribution WD N-NO 1.9 % Distribution WD NO 1.1 % Distribution WD NO-O 3.4 % Distribution WD O 4.1 % Distribution WD O-SO 4.4 % Distribution WD SO 4.7 % Distribution WD SO-S 2.7 % Distribution WD S 5.1 % Distribution WD S-SW 5.5 % Distribution WD SW 5.2 % Distribution WD SW-W 6.7 % Distribution WD W 21.5 % Distribution WD W-NW 12.7 % Distribution WD NW 5.4 % Distribution WD NW-N 12.5 % Distribution WD N 3.1 % Rain days >0.0 mm Month 7 Rain days >2.0 mm Month 4 Rain days >20.0 mm Month 0 Ice days max < 0°C 0 Cold days min < 0°C 3 Cool days max < 10°C 3 Summer days max >=25°C 1 Hot days max >=30°C 0 Last year same Month: Ice days max < 0°C 0 Last year same Month: Cold days min < 0°C 0 Last year same Month: Cool days max < 10°C 1 Last year same Month: Summer days max >=25°C 0 Last year same Month: Hot days max >=30°C 0 © 1999-2014 Werner Krenn / Mischa Thurnherr - Weatherstation Operating- and Data Acquisition Software - V2.97.12


  ©UMa Astronomy

Creative Commons License
Meteo by UMa Astronomy is licensed under a Creative Commons Attribution-NonCommercial-NoDerivs 3.0 Unported License.