Blahová 09/20/2019
 Last update: 08:48
Updated every 10 minutes
 Cold 
 Akt.temp: 10.9°C
 Max.temp: 10.9°C
 Min.temp: 3.3°C
 Devpoint: 6.3 °C
 Wind speed: 1.4m/s
 Wind direction: N
 Max wind gust: 2.9m/s
 Precipitation: 0.0mm
 Pressure: 1028.3 hPa
 P.tendency: +1.5 hPa/3h
 Humidity: 73%
 Abs.humidity: 7.26 g/m3
Ground temperature
Min.temp 2.5°C /05:08
Akt.temp
12.8°C

2019: Jan | Feb | Mar | Apr | May | Jun | Jul | Aug | Sep | Oct | Nov | Dec 
2018: Jan | Feb | Mar | Apr | May | Jun | Jul | Aug | Sep | Oct | Nov | Dec 
2017: Jan | Feb | Mar | Apr | May | Jun | Jul | Aug | Sep | Oct | Nov | Dec 
2016: Jan | Feb | Mar | Apr | May | Jun | Jul | Aug | Sep | Oct | Nov | Dec 
2015: Jan | Feb | Mar | Apr | May | Jun | Jul | Aug | Sep | Oct | Nov | Dec 
2014: Jan | Feb | Mar | Apr | May | Jun | Jul | Aug | Sep | Oct | Nov | Dec 
2013: Jan | Feb | Mar | Apr | May | Jun | Jul | Aug | Sep | Oct | Nov | Dec 
2012: Jan | Feb | Mar | Apr | May | Jun | Jul | Aug | Sep | Oct | Nov | Dec 
2011: Jan | Feb | Mar | Apr | May | Jun | Jul | Aug | Sep | Oct | Nov | Dec 
2010: Jan | Feb | Mar | Apr | May | Jun | Jul | Aug | Sep | Oct | Nov | Dec 
2009: Jan | Feb | Mar | Apr | May | Jun | Jul | Aug | Sep | Oct | Nov | Dec 
2008: Jan | Feb | Mar | Apr | May | Jun | Jul | Aug | Sep | Oct | Nov | Dec 
2007: Jan | Feb | Mar | Apr | May | Jun | Jul | Aug | Sep | Oct | Nov | Dec 

Report for 2015 05
MONTHLY CLIMATOLOGICAL SUMMARY for May 2015 CITY: Blahová ELEV: 118 m LAT: 48° 5' 7" North LONG: 17° 32' 48" East TEMPERATURE (°C), BAROMETER (hPa), RAIN (mm), WIND SPEED (m/s) MEAN TEMPERATURE WIND DOM trans Ground DAY TEMP HIGH TIME LOW TIME HUM Baro Rain SPEED HIGH TIME DIR pirat min.temp time ------------------------------------------------------------------------------------------------------------------------------ 1 13.1 17.3 13:37 6.5 01:56 74 1007.1 0.0 1.3 5.5 12:22 S-SW 2.165 5.4 01:40 2 11.3 16.9 13:29 6.2 23:59 78 1010.7 4.5 1.7 8.2 12:36 W 1.875 5.1 23:31 3 10.7 13.2 15:07 4.4 02:36 84 1013.2 0.6 2.2 5.2 13:27 E-NE 0.962 4.1 02:03 4 17.2 22.4 15:18 10.7 00:00 81 1012.7 0.1 1.0 3.8 17:42 E-NE 2.288 11.6 00:00 5 21.1 26.4 14:49 14.2 03:49 70 1009.1 0.1 2.2 7.7 15:27 E-NE 4.244 12.6 00:58 6 17.7 26.1 12:49 12.9 22:56 79 1012.3 2.7 2.5 9.3 16:14 W 3.357 12.6 22:42 7 16.0 22.5 12:13 10.4 04:58 66 1017.9 0.1 2.0 7.9 12:54 W 4.115 9.6 23:57 8 16.9 23.1 15:02 9.4 04:57 64 1016.0 0.0 1.6 6.3 14:34 E 4.401 9.0 03:05 9 17.6 23.9 13:06 9.4 03:41 68 1017.5 0.0 2.5 9.4 15:34 W 4.588 8.6 04:11 10 15.6 20.8 11:20 10.3 23:48 58 1023.0 0.0 3.7 13.5 11:02 W 4.013 8.1 23:45 11 13.5 20.9 13:59 6.4 23:59 61 1025.9 0.0 1.7 7.9 09:17 N-NW 4.113 4.8 02:35 12 17.4 23.8 14:06 5.3 02:11 55 1021.3 0.0 2.0 9.1 09:50 E-SE 5.132 4.4 03:10 13 19.1 24.4 13:50 11.9 05:08 64 1014.1 0.0 1.6 6.7 10:28 W 4.181 10.7 04:21 14 14.4 21.5 11:31 10.4 22:57 73 1009.2 4.1 1.5 9.7 10:54 W 2.176 9.3 21:52 15 11.7 15.0 15:03 8.5 03:55 83 1014.8 0.7 0.6 3.7 15:34 N 0.964 8.4 03:36 16 16.8 23.3 14:19 9.1 04:23 70 1019.4 0.0 2.0 5.9 13:54 S-SW 4.217 8.8 04:06 17 15.6 21.2 14:27 10.8 23:59 66 1020.9 0.0 2.6 9.9 15:14 W 3.601 8.5 23:49 18 17.5 23.2 14:15 7.3 04:31 64 1012.8 0.0 1.9 7.9 13:44 E-SE 3.808 5.8 03:44 19 18.4 27.3 13:04 12.0 03:00 71 1007.9 13.9 1.7 9.2 16:11 E 5.093 9.8 02:48 20 15.9 26.1 14:22 10.5 23:41 79 1010.5 8.1 1.1 12.8 16:34 W 4.097 10.9 03:44 21 12.4 14.5 12:07 10.3 03:06 80 1017.7 2.2 2.7 8.8 20:43 W 0.987 10.8 03:15 22 11.8 13.0 07:31 10.9 20:30 83 1017.8 8.7 3.0 10.3 06:41 N-NW 0.701 11.4 00:07 23 13.1 14.5 15:24 10.8 00:44 90 1012.5 16.8 1.5 6.8 08:08 N-NW 0.514 11.5 03:35 24 14.4 20.3 13:31 11.4 04:25 83 1014.3 0.0 2.5 7.7 19:03 W 1.608 10.8 23:22 25 14.8 18.1 10:24 10.6 03:15 83 1008.8 1.4 2.4 7.9 08:49 W-NW 0.987 9.9 03:28 26 13.9 18.0 12:46 11.0 23:44 83 1009.9 14.8 3.9 10.7 13:13 W-NW 1.341 11.2 23:51 27 11.2 15.1 10:28 9.3 21:38 71 1016.8 0.0 3.4 11.1 08:43 W-NW 1.533 8.4 20:45 28 11.3 17.5 16:08 6.2 23:55 72 1016.9 0.0 1.1 5.6 13:41 N-NW 2.435 6.4 23:49 29 16.7 23.2 14:12 5.2 03:28 68 1013.0 0.0 1.0 5.2 15:39 SE 3.994 4.9 03:32 30 17.8 25.7 14:58 11.4 04:37 75 1014.2 6.1 1.3 9.7 18:47 E 4.504 9.7 02:23 31 18.0 23.7 14:24 12.1 04:40 71 1017.8 0.2 1.2 5.2 15:43 W 4.395 12.4 04:54 ------------------------------------------------------------------------------------------------------------------------------ Avg: 15.2 27.3 19 4.4 3 73 1014.7 85.3 2.0 13.5 10 W 92.388 Wind Run 6830.5 km Calm Values 2634 Calm in % 5.9 % Sun 213:45 h Distribution WD Values 41961 Distribution WD N-NO 4.3 % Distribution WD NO 2.4 % Distribution WD NO-O 6.5 % Distribution WD O 6.2 % Distribution WD O-SO 5.2 % Distribution WD SO 4.4 % Distribution WD SO-S 2.1 % Distribution WD S 3.2 % Distribution WD S-SW 3.0 % Distribution WD SW 3.2 % Distribution WD SW-W 5.3 % Distribution WD W 19.8 % Distribution WD W-NW 14.1 % Distribution WD NW 4.6 % Distribution WD NW-N 10.8 % Distribution WD N 4.9 % Rain days >0.0 mm Month 17 Rain days >2.0 mm Month 10 Rain days >20.0 mm Month 0 Ice days max < 0°C 0 Cold days min < 0°C 0 Cool days max < 10°C 0 Summer days max >=25°C 5 Hot days max >=30°C 0 Last year same Month: Ice days max < 0°C 0 Last year same Month: Cold days min < 0°C 0 Last year same Month: Cool days max < 10°C 0 Last year same Month: Summer days max >=25°C 7 Last year same Month: Hot days max >=30°C 0 © 1999-2014 Werner Krenn / Mischa Thurnherr - Weatherstation Operating- and Data Acquisition Software - V2.97.12


  ©UMa Astronomy

Creative Commons License
Meteo by UMa Astronomy is licensed under a Creative Commons Attribution-NonCommercial-NoDerivs 3.0 Unported License.