Blahová 09/20/2019
 Last update: 09:08
Updated every 10 minutes
 Cold 
 Akt.temp: 10.9°C
 Max.temp: 10.9°C
 Min.temp: 3.3°C
 Devpoint: 6.3 °C
 Wind speed: 1.3m/s
 Wind direction: E
 Max wind gust: 2.9m/s
 Precipitation: 0.0mm
 Pressure: 1028.4 hPa
 P.tendency: +1.5 hPa/3h
 Humidity: 73%
 Abs.humidity: 7.26 g/m3
Ground temperature
Min.temp 2.5°C /05:08
Akt.temp
13.6°C

2019: Jan | Feb | Mar | Apr | May | Jun | Jul | Aug | Sep | Oct | Nov | Dec 
2018: Jan | Feb | Mar | Apr | May | Jun | Jul | Aug | Sep | Oct | Nov | Dec 
2017: Jan | Feb | Mar | Apr | May | Jun | Jul | Aug | Sep | Oct | Nov | Dec 
2016: Jan | Feb | Mar | Apr | May | Jun | Jul | Aug | Sep | Oct | Nov | Dec 
2015: Jan | Feb | Mar | Apr | May | Jun | Jul | Aug | Sep | Oct | Nov | Dec 
2014: Jan | Feb | Mar | Apr | May | Jun | Jul | Aug | Sep | Oct | Nov | Dec 
2013: Jan | Feb | Mar | Apr | May | Jun | Jul | Aug | Sep | Oct | Nov | Dec 
2012: Jan | Feb | Mar | Apr | May | Jun | Jul | Aug | Sep | Oct | Nov | Dec 
2011: Jan | Feb | Mar | Apr | May | Jun | Jul | Aug | Sep | Oct | Nov | Dec 
2010: Jan | Feb | Mar | Apr | May | Jun | Jul | Aug | Sep | Oct | Nov | Dec 
2009: Jan | Feb | Mar | Apr | May | Jun | Jul | Aug | Sep | Oct | Nov | Dec 
2008: Jan | Feb | Mar | Apr | May | Jun | Jul | Aug | Sep | Oct | Nov | Dec 
2007: Jan | Feb | Mar | Apr | May | Jun | Jul | Aug | Sep | Oct | Nov | Dec 

Report for 2015 06
MONTHLY CLIMATOLOGICAL SUMMARY for June 2015 CITY: Blahová ELEV: 118 m LAT: 48° 5' 7" North LONG: 17° 32' 48" East TEMPERATURE (°C), BAROMETER (hPa), RAIN (mm), WIND SPEED (m/s) MEAN TEMPERATURE WIND DOM trans Ground DAY TEMP HIGH TIME LOW TIME HUM Baro Rain SPEED HIGH TIME DIR pirat min.temp time ------------------------------------------------------------------------------------------------------------------------------ 1 20.2 26.7 14:17 12.5 04:33 72 1017.0 0.0 1.4 6.4 10:53 E 4.214 12.0 04:11 2 20.2 28.4 16:04 14.4 03:55 74 1018.7 3.2 0.6 4.6 14:03 SE 4.806 13.8 02:24 3 23.6 31.0 15:05 14.7 01:53 68 1020.1 0.1 1.1 5.8 12:41 S 6.565 13.9 02:55 4 21.5 28.3 13:45 14.9 23:58 63 1023.1 0.0 2.8 9.2 13:02 N-NW 5.069 13.7 23:53 5 18.7 25.8 14:35 12.8 04:18 72 1023.1 0.0 0.8 5.3 09:09 N-NW 4.157 12.1 23:56 6 21.4 28.2 14:19 12.0 01:24 65 1022.7 0.0 1.5 5.2 12:52 E-NE 5.619 10.9 04:01 7 22.8 30.8 13:10 13.3 04:25 67 1023.0 0.0 0.4 4.6 11:47 E 6.164 12.7 03:49 8 23.0 31.0 13:59 14.8 04:08 67 1017.1 0.0 1.1 4.5 19:02 N-NW 6.498 14.0 04:04 9 20.8 27.7 14:03 15.3 23:53 73 1017.8 1.5 2.4 7.8 15:32 N-NW 4.834 14.8 23:50 10 20.7 27.6 14:44 12.5 03:38 69 1020.0 0.0 1.8 6.0 09:02 W 4.622 12.3 03:45 11 21.4 29.7 13:36 13.9 03:49 70 1017.3 0.0 0.7 3.9 00:01 W 5.624 13.4 03:41 12 24.4 30.4 13:06 16.0 00:40 67 1013.5 0.0 2.3 9.3 14:12 E-SE 6.179 15.3 00:20 13 24.5 31.5 16:11 15.5 04:24 62 1009.5 0.1 1.8 9.8 19:42 E-SE 6.236 14.2 04:10 14 24.0 30.4 14:55 15.0 04:03 69 1009.0 0.0 1.0 4.8 15:12 SE 5.908 14.5 04:05 15 20.4 26.5 13:33 15.4 23:53 69 1010.9 0.0 3.5 10.6 20:02 W 3.292 14.8 23:36 16 19.0 24.5 13:42 14.1 03:39 54 1016.2 0.0 3.2 10.3 07:45 N-NW 5.010 13.5 03:56 17 14.7 20.3 12:43 10.6 23:57 61 1018.3 0.0 3.0 10.5 09:42 N-NW 2.676 9.8 23:37 18 18.9 24.0 12:12 7.1 03:34 59 1013.0 0.0 1.7 7.5 14:48 W 4.227 6.9 03:35 19 17.2 20.7 13:27 13.6 23:52 72 1012.7 0.0 3.0 8.9 12:19 W 3.006 13.6 23:17 20 15.1 20.5 14:56 10.6 23:59 66 1014.6 0.1 2.7 10.3 16:21 W 3.154 10.3 23:59 21 16.2 21.3 13:17 8.5 04:17 63 1016.4 0.0 2.6 8.5 14:51 W 3.253 8.3 04:05 22 18.6 25.2 16:18 9.4 03:59 65 1013.0 0.0 2.9 8.2 17:41 S 4.406 8.3 03:44 23 13.2 15.1 08:07 11.5 23:26 84 1012.8 4.3 1.5 7.9 08:21 S 0.631 11.9 23:28 24 15.3 21.1 15:14 10.3 03:46 68 1020.1 0.0 2.0 6.9 13:14 W 3.516 9.5 23:56 25 17.4 23.8 14:32 8.9 02:06 59 1021.5 0.0 2.2 8.6 12:49 N-NW 4.410 8.3 02:00 26 19.5 26.1 14:56 7.9 03:38 60 1018.2 0.0 1.5 8.4 10:22 N-NW 5.486 7.4 03:43 27 20.1 25.9 13:56 14.1 02:27 69 1015.0 0.0 1.7 11.8 14:45 W 4.286 13.2 02:14 28 19.5 24.5 15:54 15.3 23:57 71 1018.4 0.1 2.7 9.4 15:05 W 3.016 14.8 23:22 29 18.9 24.7 16:34 11.7 04:54 65 1020.6 0.0 1.4 6.3 15:13 W 3.285 11.6 03:58 30 21.7 28.7 14:48 10.5 03:34 59 1020.3 0.0 1.4 5.5 16:05 N-NW 6.352 9.8 03:34 ------------------------------------------------------------------------------------------------------------------------------ Avg: 19.8 31.5 13 7.1 18 67 1017.1 9.5 1.9 11.8 27 W 136.499 Wind Run 6058.0 km Calm Values 3025 Calm in % 7.0 % Sun 346:12 h Distribution WD Values 40087 Distribution WD N-NO 2.3 % Distribution WD NO 1.2 % Distribution WD NO-O 4.7 % Distribution WD O 5.3 % Distribution WD O-SO 5.6 % Distribution WD SO 6.1 % Distribution WD SO-S 3.5 % Distribution WD S 5.6 % Distribution WD S-SW 3.5 % Distribution WD SW 3.4 % Distribution WD SW-W 5.3 % Distribution WD W 18.0 % Distribution WD W-NW 12.1 % Distribution WD NW 4.7 % Distribution WD NW-N 13.4 % Distribution WD N 5.2 % Rain days >0.0 mm Month 7 Rain days >2.0 mm Month 2 Rain days >20.0 mm Month 0 Ice days max < 0°C 0 Cold days min < 0°C 0 Cool days max < 10°C 0 Summer days max >=25°C 19 Hot days max >=30°C 6 Last year same Month: Ice days max < 0°C 0 Last year same Month: Cold days min < 0°C 0 Last year same Month: Cool days max < 10°C 0 Last year same Month: Summer days max >=25°C 17 Last year same Month: Hot days max >=30°C 4 © 1999-2014 Werner Krenn / Mischa Thurnherr - Weatherstation Operating- and Data Acquisition Software - V2.97.12


  ©UMa Astronomy

Creative Commons License
Meteo by UMa Astronomy is licensed under a Creative Commons Attribution-NonCommercial-NoDerivs 3.0 Unported License.