Blahová 12/15/2019
 Last update: 15:58
Updated every 10 minutes
 Cold 
 Akt.temp: 5.6°C
 Max.temp: 6.9°C
 Min.temp: 1.0°C
 Devpoint: 2.4 °C
 Wind speed: 0.9m/s
 Wind direction: NE
 Max wind gust: 5.0m/s
 Precipitation: 0.0mm
 Pressure: 1010.9 hPa
 P.tendency: +0.8 hPa/3h
 Humidity: 80%
 Abs.humidity: 5.66 g/m3
Ground temperature
Min.temp 1.1°C /07:46
Akt.temp
4.4°C

2019: Jan | Feb | Mar | Apr | May | Jun | Jul | Aug | Sep | Oct | Nov | Dec 
2018: Jan | Feb | Mar | Apr | May | Jun | Jul | Aug | Sep | Oct | Nov | Dec 
2017: Jan | Feb | Mar | Apr | May | Jun | Jul | Aug | Sep | Oct | Nov | Dec 
2016: Jan | Feb | Mar | Apr | May | Jun | Jul | Aug | Sep | Oct | Nov | Dec 
2015: Jan | Feb | Mar | Apr | May | Jun | Jul | Aug | Sep | Oct | Nov | Dec 
2014: Jan | Feb | Mar | Apr | May | Jun | Jul | Aug | Sep | Oct | Nov | Dec 
2013: Jan | Feb | Mar | Apr | May | Jun | Jul | Aug | Sep | Oct | Nov | Dec 
2012: Jan | Feb | Mar | Apr | May | Jun | Jul | Aug | Sep | Oct | Nov | Dec 
2011: Jan | Feb | Mar | Apr | May | Jun | Jul | Aug | Sep | Oct | Nov | Dec 
2010: Jan | Feb | Mar | Apr | May | Jun | Jul | Aug | Sep | Oct | Nov | Dec 
2009: Jan | Feb | Mar | Apr | May | Jun | Jul | Aug | Sep | Oct | Nov | Dec 
2008: Jan | Feb | Mar | Apr | May | Jun | Jul | Aug | Sep | Oct | Nov | Dec 
2007: Jan | Feb | Mar | Apr | May | Jun | Jul | Aug | Sep | Oct | Nov | Dec 

Report for 2015 07
MONTHLY CLIMATOLOGICAL SUMMARY for July 2015 CITY: Blahová ELEV: 118 m LAT: 48° 5' 7" North LONG: 17° 32' 48" East TEMPERATURE (°C), BAROMETER (hPa), RAIN (mm), WIND SPEED (m/s) MEAN TEMPERATURE WIND DOM trans Ground DAY TEMP HIGH TIME LOW TIME HUM Baro Rain SPEED HIGH TIME DIR pirat min.temp time ------------------------------------------------------------------------------------------------------------------------------ 1 22.9 30.3 17:01 13.7 03:53 63 1021.0 0.0 0.2 3.4 12:53 N-NW 6.371 13.4 03:57 2 23.6 31.5 14:41 15.8 04:29 63 1023.0 0.0 0.7 4.3 09:54 N 6.863 15.3 03:30 3 22.7 30.1 13:54 15.7 04:15 58 1026.4 0.0 1.1 6.3 09:43 E-NE 6.444 14.8 04:09 4 23.8 32.2 14:17 13.3 04:09 56 1022.1 0.0 0.9 4.2 13:03 E-NE 8.047 13.6 03:32 5 27.7 35.7 14:30 14.3 04:07 50 1017.2 0.0 1.5 5.3 13:20 S 10.250 14.0 03:48 6 27.2 34.8 17:00 16.6 04:08 60 1016.9 0.0 1.0 8.1 12:13 W 7.342 15.5 04:06 7 30.0 36.3 14:48 20.2 02:15 56 1012.6 0.0 1.7 7.6 12:17 SE 9.078 18.5 02:21 8 23.4 33.7 10:37 16.0 23:54 69 1010.4 13.5 2.5 11.5 15:03 W 5.409 16.5 23:52 9 18.1 24.8 15:08 12.5 22:45 68 1016.7 0.2 2.4 11.8 17:23 W 4.118 11.9 22:45 10 18.0 24.2 16:11 10.0 04:19 51 1019.9 0.0 2.0 9.3 12:33 W 4.739 9.7 04:20 11 19.2 27.0 15:19 7.7 03:38 56 1017.1 0.0 0.7 5.0 13:16 W 5.906 7.5 04:10 12 23.5 31.5 16:24 10.9 04:18 54 1013.7 0.0 0.8 5.6 17:33 W 6.856 10.6 04:10 13 20.8 25.8 14:54 17.8 23:58 62 1015.7 0.1 2.3 11.4 02:43 W 4.042 17.2 23:59 14 22.0 25.9 14:11 15.6 03:46 70 1015.8 0.5 2.4 9.2 14:10 W 3.590 15.3 03:18 15 22.0 29.2 15:16 18.3 23:28 68 1018.0 0.3 1.4 8.2 11:44 W 5.339 17.2 23:18 16 25.5 31.9 14:01 17.2 04:44 59 1018.0 0.0 1.5 4.7 13:32 E 6.899 16.0 04:15 17 27.8 35.7 14:33 18.8 04:26 54 1016.6 0.0 0.6 8.9 20:29 E-NE 9.383 18.1 03:26 18 25.4 33.0 16:15 19.6 02:13 63 1016.4 0.0 1.2 6.7 02:23 S 7.097 18.4 00:39 19 27.8 34.9 14:43 17.7 02:25 60 1010.5 0.0 1.5 7.8 13:42 SE 8.445 16.9 02:29 20 25.4 31.5 13:34 19.5 23:06 60 1014.2 0.0 1.8 11.1 00:32 W 6.902 18.0 23:59 21 28.5 35.3 14:54 16.7 04:15 55 1014.8 0.0 1.2 6.1 14:18 SE 9.326 15.8 04:09 22 28.5 36.4 14:45 18.6 04:43 58 1013.0 0.0 1.1 5.8 16:52 SE 9.697 17.8 04:11 23 28.2 34.5 12:35 19.7 04:41 57 1012.1 0.0 2.9 9.9 14:56 W 7.989 18.9 03:14 24 28.5 33.6 13:45 20.9 04:47 57 1011.9 0.0 2.4 5.6 03:12 N-NW 7.409 19.9 04:53 25 26.0 32.9 14:06 18.7 23:54 60 1008.2 0.3 3.9 11.5 23:02 W 7.771 18.5 23:47 26 19.9 25.9 14:18 16.0 23:58 57 1012.6 0.2 2.5 8.7 08:22 W 5.601 15.3 23:06 27 18.0 23.5 15:47 13.5 03:26 78 1008.2 1.7 0.5 5.4 19:12 S 2.620 13.6 02:46 28 20.2 24.2 14:15 12.8 04:39 68 1009.7 0.1 1.5 7.3 14:22 S 3.531 11.9 04:25 29 16.6 19.9 17:23 15.0 05:55 82 1011.9 6.7 1.1 6.9 05:12 S 1.094 15.3 05:35 30 17.7 24.5 14:36 13.8 23:05 69 1014.5 2.6 1.3 6.7 12:42 W 4.193 13.0 22:56 31 17.3 26.4 14:02 11.0 23:57 63 1017.0 0.1 1.0 7.6 12:55 N-NW 5.951 10.0 23:53 ------------------------------------------------------------------------------------------------------------------------------ Avg: 23.4 36.4 22 7.7 11 61 1015.3 26.4 1.5 11.8 9 W 198.300 Wind Run 5277.6 km Calm Values 4791 Calm in % 10.7 % Sun 347:48 h Distribution WD Values 39821 Distribution WD N-NO 3.4 % Distribution WD NO 2.0 % Distribution WD NO-O 5.9 % Distribution WD O 5.4 % Distribution WD O-SO 5.7 % Distribution WD SO 7.1 % Distribution WD SO-S 4.7 % Distribution WD S 8.4 % Distribution WD S-SW 6.9 % Distribution WD SW 6.0 % Distribution WD SW-W 6.9 % Distribution WD W 16.4 % Distribution WD W-NW 7.2 % Distribution WD NW 2.2 % Distribution WD NW-N 7.4 % Distribution WD N 4.4 % Rain days >0.0 mm Month 12 Rain days >2.0 mm Month 3 Rain days >20.0 mm Month 0 Ice days max < 0°C 0 Cold days min < 0°C 0 Cool days max < 10°C 0 Summer days max >=25°C 25 Hot days max >=30°C 19 Last year same Month: Ice days max < 0°C 0 Last year same Month: Cold days min < 0°C 0 Last year same Month: Cool days max < 10°C 0 Last year same Month: Summer days max >=25°C 27 Last year same Month: Hot days max >=30°C 10 © 1999-2014 Werner Krenn / Mischa Thurnherr - Weatherstation Operating- and Data Acquisition Software - V2.97.12


  ©UMa Astronomy

Creative Commons License
Meteo by UMa Astronomy is licensed under a Creative Commons Attribution-NonCommercial-NoDerivs 3.0 Unported License.