Blahová 10/17/2019
 Last update: 23:48
Updated every 10 minutes
 Cold 
 Akt.temp: 9.7°C
 Max.temp: 20.1°C
 Min.temp: 5.3°C
 Devpoint: 6.1 °C
 Wind speed: 0.0m/s
 Wind direction: E-SE
 Max wind gust: 3.4m/s
 Precipitation: 0.2mm
 Pressure: 1016.1 hPa
 P.tendency: -0.3 hPa/3h
 Humidity: 78%
 Abs.humidity: 7.19 g/m3
Ground temperature
Min.temp 5.3°C /01:51
Akt.temp
7.2°C

2019: Jan | Feb | Mar | Apr | May | Jun | Jul | Aug | Sep | Oct | Nov | Dec 
2018: Jan | Feb | Mar | Apr | May | Jun | Jul | Aug | Sep | Oct | Nov | Dec 
2017: Jan | Feb | Mar | Apr | May | Jun | Jul | Aug | Sep | Oct | Nov | Dec 
2016: Jan | Feb | Mar | Apr | May | Jun | Jul | Aug | Sep | Oct | Nov | Dec 
2015: Jan | Feb | Mar | Apr | May | Jun | Jul | Aug | Sep | Oct | Nov | Dec 
2014: Jan | Feb | Mar | Apr | May | Jun | Jul | Aug | Sep | Oct | Nov | Dec 
2013: Jan | Feb | Mar | Apr | May | Jun | Jul | Aug | Sep | Oct | Nov | Dec 
2012: Jan | Feb | Mar | Apr | May | Jun | Jul | Aug | Sep | Oct | Nov | Dec 
2011: Jan | Feb | Mar | Apr | May | Jun | Jul | Aug | Sep | Oct | Nov | Dec 
2010: Jan | Feb | Mar | Apr | May | Jun | Jul | Aug | Sep | Oct | Nov | Dec 
2009: Jan | Feb | Mar | Apr | May | Jun | Jul | Aug | Sep | Oct | Nov | Dec 
2008: Jan | Feb | Mar | Apr | May | Jun | Jul | Aug | Sep | Oct | Nov | Dec 
2007: Jan | Feb | Mar | Apr | May | Jun | Jul | Aug | Sep | Oct | Nov | Dec 

Report for 2015 08
MONTHLY CLIMATOLOGICAL SUMMARY for August 2015 CITY: Blahová ELEV: 118 m LAT: 48° 5' 7" North LONG: 17° 32' 48" East TEMPERATURE (°C), BAROMETER (hPa), RAIN (mm), WIND SPEED (m/s) MEAN TEMPERATURE WIND DOM trans Ground DAY TEMP HIGH TIME LOW TIME HUM Baro Rain SPEED HIGH TIME DIR pirat min.temp time ------------------------------------------------------------------------------------------------------------------------------ 1 20.4 27.1 14:30 8.7 03:27 53 1017.0 0.0 1.8 8.1 13:24 E 5.579 8.2 04:44 2 21.0 27.0 16:55 14.9 00:00 69 1018.4 0.0 1.3 5.3 13:11 E-NE 3.631 13.6 00:00 3 22.5 30.3 14:32 17.3 01:06 74 1018.1 0.2 1.0 5.3 17:17 N-NW 5.193 16.6 00:53 4 24.7 32.5 14:12 16.5 04:30 67 1014.8 0.0 0.7 5.4 11:46 E-SE 6.412 15.7 04:08 5 25.4 33.6 14:07 18.1 03:48 67 1016.4 0.0 1.1 9.8 17:07 W 7.025 17.6 02:13 6 25.6 34.7 13:22 18.4 04:44 65 1016.8 0.0 0.6 4.7 17:21 N 7.966 17.6 04:10 7 27.9 36.0 13:45 18.3 04:33 58 1017.5 0.0 1.1 5.0 17:16 E 8.750 17.1 04:30 8 27.1 35.6 12:43 19.5 03:52 57 1017.9 0.0 1.8 7.3 14:21 E-SE 7.451 18.2 04:09 9 26.5 36.0 13:19 18.1 05:09 57 1016.2 0.0 1.5 5.8 12:11 E-SE 9.559 17.0 05:09 10 25.8 35.9 13:59 16.2 04:59 55 1014.0 0.0 0.8 5.8 14:21 E 9.877 15.3 04:33 11 27.1 37.1 14:26 16.5 05:02 49 1014.4 0.0 1.1 5.8 15:43 E-NE 11.090 15.3 04:31 12 27.8 37.8 14:04 16.2 05:05 47 1016.2 0.0 1.3 7.3 14:07 N-NW 11.870 15.1 04:31 13 28.0 36.4 14:21 19.9 02:55 53 1014.2 0.0 1.3 4.8 17:38 N-NW 9.585 17.9 02:51 14 28.5 35.2 13:27 19.1 05:11 50 1010.0 0.0 1.6 6.0 13:35 E 8.745 17.8 04:58 15 27.7 35.6 14:21 18.3 23:36 53 1007.8 24.4 1.2 14.2 22:08 E-NE 8.793 17.5 05:01 16 23.9 30.3 14:06 18.1 03:30 71 1007.1 1.2 1.5 5.9 01:39 E 4.715 18.2 03:30 17 18.1 21.2 00:00 16.3 23:46 90 1008.0 41.8 2.3 8.4 00:18 S-SW 0.553 17.1 23:53 18 15.7 17.3 15:55 14.3 23:45 89 1013.3 22.3 2.0 8.5 11:10 S-SW 0.412 14.4 23:45 19 17.0 19.1 10:36 12.8 05:12 87 1015.6 0.7 1.4 4.6 21:38 SE 0.826 12.8 03:49 20 18.2 22.5 14:02 15.7 05:44 80 1021.1 3.5 1.8 6.7 14:53 SE 2.037 15.3 23:57 21 17.9 24.0 14:26 13.9 22:35 76 1022.2 0.0 0.7 2.9 10:40 E 3.685 13.4 22:27 22 18.0 25.0 12:48 12.5 03:51 73 1019.1 0.1 0.6 6.2 17:29 E-NE 3.238 12.1 03:45 23 18.4 23.2 15:26 12.5 02:43 77 1015.3 0.0 1.9 6.8 14:40 E-SE 2.512 12.3 02:48 24 22.5 27.5 14:38 15.0 04:39 66 1012.8 0.0 4.2 13.3 14:50 E-SE 4.391 14.4 04:31 25 17.4 21.6 16:12 13.5 23:57 79 1018.6 3.7 1.4 6.7 08:34 S-SW 1.668 13.5 23:58 26 18.2 26.9 14:17 10.0 04:58 72 1019.5 0.1 0.8 5.3 10:32 S-SW 5.047 10.3 05:06 27 20.9 27.5 14:27 12.8 04:23 77 1016.8 0.0 1.3 7.7 10:04 E 3.536 12.4 04:37 28 23.3 30.9 14:36 17.3 05:19 76 1018.3 0.2 0.4 3.8 11:51 E 4.960 15.8 04:37 29 24.6 33.6 14:38 17.0 04:50 74 1021.8 0.0 0.1 3.1 14:40 E-SE 6.334 16.4 04:49 30 24.6 33.6 14:29 18.0 03:59 65 1019.6 0.1 1.7 7.9 12:23 SE 7.663 17.0 04:45 31 25.8 33.5 13:19 17.3 04:14 56 1013.9 0.0 2.2 9.4 14:53 E-SE 7.451 16.6 04:29 ------------------------------------------------------------------------------------------------------------------------------ Avg: 22.9 37.8 12 8.7 1 67 1015.9 98.3 1.4 14.2 15 E-SE 180.555 Wind Run 4485.2 km Calm Values 6366 Calm in % 14.3 % Sun 208:18 h Distribution WD Values 38227 Distribution WD N-NO 4.0 % Distribution WD NO 2.1 % Distribution WD NO-O 10.3 % Distribution WD O 14.4 % Distribution WD O-SO 15.5 % Distribution WD SO 13.6 % Distribution WD SO-S 4.8 % Distribution WD S 6.8 % Distribution WD S-SW 9.5 % Distribution WD SW 5.0 % Distribution WD SW-W 1.0 % Distribution WD W 2.5 % Distribution WD W-NW 1.8 % Distribution WD NW 0.7 % Distribution WD NW-N 3.9 % Distribution WD N 4.1 % Rain days >0.0 mm Month 12 Rain days >2.0 mm Month 5 Rain days >20.0 mm Month 3 Ice days max < 0°C 0 Cold days min < 0°C 0 Cool days max < 10°C 0 Summer days max >=25°C 24 Hot days max >=30°C 18 Last year same Month: Ice days max < 0°C 0 Last year same Month: Cold days min < 0°C 0 Last year same Month: Cool days max < 10°C 0 Last year same Month: Summer days max >=25°C 13 Last year same Month: Hot days max >=30°C 3 © 1999-2014 Werner Krenn / Mischa Thurnherr - Weatherstation Operating- and Data Acquisition Software - V2.97.12


  ©UMa Astronomy

Creative Commons License
Meteo by UMa Astronomy is licensed under a Creative Commons Attribution-NonCommercial-NoDerivs 3.0 Unported License.