Blahová 10/17/2019
 Last update: 23:58
Updated every 10 minutes
 Cold 
 Akt.temp: 10.0°C
 Max.temp: 20.1°C
 Min.temp: 5.3°C
 Devpoint: 6.4 °C
 Wind speed: 0.0m/s
 Wind direction: E-SE
 Max wind gust: 3.4m/s
 Precipitation: 0.2mm
 Pressure: 1016.1 hPa
 P.tendency: -0.3 hPa/3h
 Humidity: 78%
 Abs.humidity: 7.33 g/m3
Ground temperature
Min.temp 5.3°C /01:51
Akt.temp
7.2°C

2019: Jan | Feb | Mar | Apr | May | Jun | Jul | Aug | Sep | Oct | Nov | Dec 
2018: Jan | Feb | Mar | Apr | May | Jun | Jul | Aug | Sep | Oct | Nov | Dec 
2017: Jan | Feb | Mar | Apr | May | Jun | Jul | Aug | Sep | Oct | Nov | Dec 
2016: Jan | Feb | Mar | Apr | May | Jun | Jul | Aug | Sep | Oct | Nov | Dec 
2015: Jan | Feb | Mar | Apr | May | Jun | Jul | Aug | Sep | Oct | Nov | Dec 
2014: Jan | Feb | Mar | Apr | May | Jun | Jul | Aug | Sep | Oct | Nov | Dec 
2013: Jan | Feb | Mar | Apr | May | Jun | Jul | Aug | Sep | Oct | Nov | Dec 
2012: Jan | Feb | Mar | Apr | May | Jun | Jul | Aug | Sep | Oct | Nov | Dec 
2011: Jan | Feb | Mar | Apr | May | Jun | Jul | Aug | Sep | Oct | Nov | Dec 
2010: Jan | Feb | Mar | Apr | May | Jun | Jul | Aug | Sep | Oct | Nov | Dec 
2009: Jan | Feb | Mar | Apr | May | Jun | Jul | Aug | Sep | Oct | Nov | Dec 
2008: Jan | Feb | Mar | Apr | May | Jun | Jul | Aug | Sep | Oct | Nov | Dec 
2007: Jan | Feb | Mar | Apr | May | Jun | Jul | Aug | Sep | Oct | Nov | Dec 

Report for 2015 09
MONTHLY CLIMATOLOGICAL SUMMARY for September 2015 CITY: Blahová ELEV: 118 m LAT: 48° 5' 7" North LONG: 17° 32' 48" East TEMPERATURE (°C), BAROMETER (hPa), RAIN (mm), WIND SPEED (m/s) MEAN TEMPERATURE WIND DOM trans Ground DAY TEMP HIGH TIME LOW TIME HUM Baro Rain SPEED HIGH TIME DIR pirat min.temp time ------------------------------------------------------------------------------------------------------------------------------ 1 25.0 32.0 14:08 15.9 04:34 59 1008.6 0.0 1.3 6.4 15:18 E-SE 6.251 15.3 04:33 2 19.8 24.8 14:04 15.3 23:53 72 1013.8 0.3 2.3 10.2 01:34 S-SW 2.856 14.8 23:43 3 19.3 25.0 14:15 12.6 05:23 72 1012.2 0.1 0.8 3.7 03:13 S-SW 3.393 12.0 04:53 4 18.4 24.6 13:30 15.5 03:20 68 1014.2 0.0 1.9 8.1 01:23 S-SW 4.137 14.8 21:36 5 15.3 19.7 11:43 13.9 21:37 79 1012.8 1.6 2.4 9.1 17:21 S-SW 1.172 13.4 21:48 6 14.7 18.5 10:35 10.9 23:59 63 1017.8 0.0 2.3 12.1 12:22 S-SW 2.231 9.2 23:59 7 14.0 19.1 12:44 9.5 05:25 67 1020.6 0.0 2.9 12.6 08:25 S-SW 2.011 8.0 05:24 8 12.0 19.0 14:55 7.1 05:24 67 1021.2 0.0 1.2 8.6 15:57 S-SW 2.475 6.0 23:19 9 14.5 21.9 13:58 6.2 03:03 68 1020.4 0.0 1.8 7.4 15:42 SE 2.948 6.0 00:37 10 14.9 22.8 13:53 9.5 05:33 73 1019.7 0.6 1.1 7.0 17:21 SE 3.116 8.4 05:44 11 13.5 16.5 13:25 11.6 22:31 85 1020.8 0.2 1.0 4.4 09:22 E-NE 0.839 10.1 21:11 12 16.4 22.5 14:23 11.3 05:53 77 1020.5 0.1 1.9 6.7 16:02 E 2.593 11.6 05:29 13 19.0 24.7 13:58 11.6 04:20 66 1016.7 0.0 3.4 11.5 13:47 E 3.545 11.1 04:28 14 18.6 25.1 15:39 15.0 23:41 75 1010.8 3.6 1.9 10.5 13:02 E-SE 2.925 13.9 23:59 15 21.4 26.7 14:44 14.1 04:27 75 1010.5 0.1 2.4 8.4 15:05 SE 2.937 13.3 04:30 16 24.4 28.5 13:11 14.4 05:30 65 1005.7 0.0 4.6 14.6 12:02 SE 4.170 12.2 05:28 17 26.1 33.1 13:43 19.2 06:26 53 1007.4 0.0 5.3 15.3 14:19 S 6.580 16.4 06:10 18 20.5 27.0 14:15 13.2 06:04 58 1016.6 0.0 2.1 5.6 21:22 S-SW 4.769 11.9 05:09 19 19.3 24.6 14:04 15.3 03:44 65 1017.4 0.0 2.7 7.0 13:00 S-SW 3.578 14.7 05:32 20 16.1 21.9 12:09 11.1 23:57 62 1017.6 0.0 3.5 11.0 14:19 S-SW 3.151 10.1 23:59 21 11.7 19.7 11:57 5.5 23:59 72 1016.3 0.0 1.6 6.5 10:21 S-SW 2.440 5.0 23:55 22 16.1 22.0 14:22 3.1 04:55 63 1009.2 0.0 2.0 7.9 13:27 E-SE 3.536 3.0 05:09 23 14.7 23.0 13:20 10.8 05:59 71 1010.5 0.0 2.3 8.7 15:55 S-SW 3.137 10.2 06:09 24 17.3 22.1 14:09 11.0 04:09 65 1014.6 0.0 4.1 9.4 12:31 S-SW 2.771 10.2 04:07 25 13.8 16.5 07:46 12.1 16:30 82 1015.4 24.6 3.5 9.3 08:31 S 0.532 12.6 17:03 26 13.1 14.1 12:02 12.3 02:54 80 1019.7 1.2 3.9 12.5 12:05 S 0.691 12.5 23:55 27 12.9 17.4 12:10 9.9 23:56 68 1025.8 0.0 4.1 10.4 11:23 SE 1.998 8.8 23:59 28 12.6 18.9 13:57 6.7 23:56 62 1028.7 0.0 3.4 9.7 14:54 SE 2.669 4.9 23:58 29 12.5 19.3 13:02 4.9 05:57 65 1030.1 0.0 1.3 5.9 18:04 SE 2.787 3.1 05:47 30 10.8 14.7 14:33 7.0 05:40 67 1031.3 0.0 0.6 5.2 08:21 E 1.967 6.2 01:16 ------------------------------------------------------------------------------------------------------------------------------ Avg: 16.6 33.1 17 3.1 22 69 1016.9 32.5 2.5 15.3 17 S-SW 88.206 Wind Run 7872.5 km Calm Values 2605 Calm in % 6.0 % Sun 230:35 h Distribution WD Values 40553 Distribution WD N-NO 0.2 % Distribution WD NO 0.2 % Distribution WD NO-O 6.0 % Distribution WD O 10.0 % Distribution WD O-SO 11.6 % Distribution WD SO 18.2 % Distribution WD SO-S 7.1 % Distribution WD S 15.9 % Distribution WD S-SW 21.8 % Distribution WD SW 8.2 % Distribution WD SW-W 0.2 % Distribution WD W 0.2 % Distribution WD W-NW 0.2 % Distribution WD NW 0.1 % Distribution WD NW-N 0.1 % Distribution WD N 0.1 % Rain days >0.0 mm Month 10 Rain days >2.0 mm Month 2 Rain days >20.0 mm Month 1 Ice days max < 0°C 0 Cold days min < 0°C 0 Cool days max < 10°C 0 Summer days max >=25°C 7 Hot days max >=30°C 2 Last year same Month: Ice days max < 0°C 0 Last year same Month: Cold days min < 0°C 0 Last year same Month: Cool days max < 10°C 0 Last year same Month: Summer days max >=25°C 6 Last year same Month: Hot days max >=30°C 0 © 1999-2014 Werner Krenn / Mischa Thurnherr - Weatherstation Operating- and Data Acquisition Software - V2.97.12


  ©UMa Astronomy

Creative Commons License
Meteo by UMa Astronomy is licensed under a Creative Commons Attribution-NonCommercial-NoDerivs 3.0 Unported License.