Blahová 10/17/2019
 Last update: 23:53
Updated every 10 minutes
 Cold 
 Akt.temp: 9.7°C
 Max.temp: 20.1°C
 Min.temp: 5.3°C
 Devpoint: 6.1 °C
 Wind speed: 0.0m/s
 Wind direction: E-SE
 Max wind gust: 3.4m/s
 Precipitation: 0.2mm
 Pressure: 1016.1 hPa
 P.tendency: -0.3 hPa/3h
 Humidity: 78%
 Abs.humidity: 7.19 g/m3
Ground temperature
Min.temp 5.3°C /01:51
Akt.temp
7.3°C

2019: Jan | Feb | Mar | Apr | May | Jun | Jul | Aug | Sep | Oct | Nov | Dec 
2018: Jan | Feb | Mar | Apr | May | Jun | Jul | Aug | Sep | Oct | Nov | Dec 
2017: Jan | Feb | Mar | Apr | May | Jun | Jul | Aug | Sep | Oct | Nov | Dec 
2016: Jan | Feb | Mar | Apr | May | Jun | Jul | Aug | Sep | Oct | Nov | Dec 
2015: Jan | Feb | Mar | Apr | May | Jun | Jul | Aug | Sep | Oct | Nov | Dec 
2014: Jan | Feb | Mar | Apr | May | Jun | Jul | Aug | Sep | Oct | Nov | Dec 
2013: Jan | Feb | Mar | Apr | May | Jun | Jul | Aug | Sep | Oct | Nov | Dec 
2012: Jan | Feb | Mar | Apr | May | Jun | Jul | Aug | Sep | Oct | Nov | Dec 
2011: Jan | Feb | Mar | Apr | May | Jun | Jul | Aug | Sep | Oct | Nov | Dec 
2010: Jan | Feb | Mar | Apr | May | Jun | Jul | Aug | Sep | Oct | Nov | Dec 
2009: Jan | Feb | Mar | Apr | May | Jun | Jul | Aug | Sep | Oct | Nov | Dec 
2008: Jan | Feb | Mar | Apr | May | Jun | Jul | Aug | Sep | Oct | Nov | Dec 
2007: Jan | Feb | Mar | Apr | May | Jun | Jul | Aug | Sep | Oct | Nov | Dec 

Report for 2015 10
MONTHLY CLIMATOLOGICAL SUMMARY for October 2015 CITY: Blahová ELEV: 118 m LAT: 48° 5' 7" North LONG: 17° 32' 48" East TEMPERATURE (°C), BAROMETER (hPa), RAIN (mm), WIND SPEED (m/s) MEAN TEMPERATURE WIND DOM trans Ground DAY TEMP HIGH TIME LOW TIME HUM Baro Rain SPEED HIGH TIME DIR pirat min.temp time ------------------------------------------------------------------------------------------------------------------------------ 1 9.4 18.0 14:08 4.1 23:34 73 1030.1 0.0 1.0 3.4 09:56 E-SE 2.345 3.5 23:44 2 11.1 18.8 13:57 2.2 05:10 71 1026.6 0.0 1.3 6.0 14:37 E 2.343 1.6 05:11 3 14.4 21.0 12:57 6.6 04:42 76 1019.8 0.0 2.3 9.8 12:59 E 1.980 5.8 04:44 4 16.3 22.1 14:55 10.4 04:58 78 1016.0 0.1 1.0 6.1 09:05 E 1.980 8.7 04:59 5 13.5 19.5 14:11 9.1 23:58 85 1014.8 3.5 0.8 4.4 14:19 S-SW 0.960 8.8 23:57 6 14.0 17.5 15:35 8.8 00:27 86 1011.0 0.1 1.7 5.4 18:40 E-NE 0.702 8.5 00:14 7 13.4 17.4 13:35 11.3 21:19 84 1012.8 0.0 0.5 3.4 11:20 E-NE 1.158 10.3 19:49 8 13.7 15.0 12:48 12.1 03:57 86 1016.6 0.1 0.1 2.8 17:01 E-NE 0.741 11.9 05:38 9 12.7 16.1 14:04 9.7 23:57 83 1018.5 0.0 0.4 3.9 12:10 W 0.824 9.4 23:59 10 11.0 12.9 12:28 7.9 02:20 88 1015.8 0.6 1.0 3.9 23:36 N 0.415 7.5 01:32 11 7.3 9.5 00:00 6.1 23:45 73 1011.2 1.4 3.6 10.1 08:39 N-NW 0.472 6.4 06:08 12 2.6 9.1 11:16 -1.6 23:53 78 1017.5 0.0 1.7 6.3 14:41 W 0.743 -1.2 23:52 13 5.8 7.8 15:19 -2.7 01:33 86 1017.9 0.9 2.0 6.7 13:33 E-NE 0.476 -2.0 01:43 14 9.0 9.6 23:04 7.2 00:54 91 1014.7 8.8 1.9 6.8 04:24 E-NE 0.256 8.2 00:00 15 11.6 12.3 20:33 9.4 03:44 92 1012.7 17.2 2.3 7.6 11:36 E-NE 0.269 10.2 03:19 16 11.8 12.3 09:30 9.9 23:59 92 1015.1 6.3 1.5 6.8 10:04 E 0.244 9.8 17:37 17 7.7 14.3 14:08 5.1 20:42 87 1018.5 0.7 0.5 4.6 00:43 W 0.670 4.4 20:39 18 9.4 11.6 14:23 4.7 00:45 87 1017.5 0.5 0.5 2.8 11:10 W 0.504 4.3 00:28 19 8.8 9.9 10:50 7.8 00:15 91 1014.9 27.2 1.7 5.1 11:17 W 0.256 6.8 00:11 20 7.4 10.3 12:52 5.8 20:58 85 1016.8 10.2 2.9 9.3 07:01 W 0.619 5.7 17:51 21 9.2 12.6 11:45 6.3 00:09 85 1017.9 0.0 1.3 5.8 10:11 W 0.712 6.3 05:37 22 6.7 12.6 12:21 2.7 22:33 83 1017.0 0.0 0.8 5.6 11:01 W 1.005 2.2 21:47 23 8.9 15.0 12:12 3.5 23:32 80 1022.0 0.0 1.5 8.3 12:20 W 1.062 2.3 23:36 24 7.6 15.0 12:41 1.2 06:51 81 1022.7 0.2 0.9 3.4 15:20 E 1.327 0.4 05:47 25 7.7 12.7 14:31 1.3 06:23 85 1023.5 0.1 0.4 3.5 19:37 W 0.665 1.3 06:27 26 9.0 13.8 13:57 4.8 06:11 84 1024.0 0.1 1.0 4.8 02:20 E-NE 0.879 3.2 04:55 27 9.1 14.8 14:04 6.1 22:44 76 1022.8 0.0 1.8 6.7 15:12 E 1.407 4.5 19:54 28 7.8 11.4 14:11 4.1 04:04 84 1018.6 0.1 2.2 9.2 15:00 E 0.673 3.1 03:56 29 8.3 12.7 13:49 5.2 23:59 84 1021.0 0.1 0.8 5.3 09:50 E-NE 0.893 4.5 23:57 30 7.8 15.8 12:47 2.6 23:57 82 1029.4 0.1 0.2 2.3 10:37 N-NE 1.300 1.6 22:57 31 7.0 14.6 14:17 1.2 02:53 81 1037.2 0.1 1.1 4.5 14:09 E 1.183 1.0 00:59 ------------------------------------------------------------------------------------------------------------------------------ Avg: 9.7 22.1 4 -2.7 13 83 1019.2 78.5 1.3 10.1 11 E 29.062 Wind Run 4628.0 km Calm Values 7644 Calm in % 17.3 % Sun 122:43 h Distribution WD Values 36567 Distribution WD N-NO 3.1 % Distribution WD NO 3.0 % Distribution WD NO-O 17.0 % Distribution WD O 18.0 % Distribution WD O-SO 9.2 % Distribution WD SO 4.8 % Distribution WD SO-S 1.3 % Distribution WD S 2.0 % Distribution WD S-SW 3.8 % Distribution WD SW 3.9 % Distribution WD SW-W 4.0 % Distribution WD W 12.8 % Distribution WD W-NW 6.5 % Distribution WD NW 2.3 % Distribution WD NW-N 5.5 % Distribution WD N 2.9 % Rain days >0.0 mm Month 21 Rain days >2.0 mm Month 6 Rain days >20.0 mm Month 1 Ice days max < 0°C 0 Cold days min < 0°C 2 Cool days max < 10°C 5 Summer days max >=25°C 0 Hot days max >=30°C 0 Last year same Month: Ice days max < 0°C 0 Last year same Month: Cold days min < 0°C 3 Last year same Month: Cool days max < 10°C 4 Last year same Month: Summer days max >=25°C 0 Last year same Month: Hot days max >=30°C 0 © 1999-2014 Werner Krenn / Mischa Thurnherr - Weatherstation Operating- and Data Acquisition Software - V2.97.12


  ©UMa Astronomy

Creative Commons License
Meteo by UMa Astronomy is licensed under a Creative Commons Attribution-NonCommercial-NoDerivs 3.0 Unported License.